000
CDUS43 KTOP 140633
CLITOP


CLIMATE REPORT
NATIONAL WEATHER SERVICE TOPEKA KS
1231 AM CST TUE FEB 14 2017


...................................

...THE TOPEKA KS CLIMATE SUMMARY FOR FEBRUARY 13 2017...

CLIMATE NORMAL PERIOD 1981 TO 2010
CLIMATE RECORD PERIOD 1887 TO 2017


WEATHER ITEM   OBSERVED TIME   RECORD YEAR NORMAL DEPARTURE LAST
                VALUE   (LST)  VALUE       VALUE  FROM      YEAR
                                                  NORMAL
..................................................................
TEMPERATURE (F)
 YESTERDAY
  MAXIMUM         51    404 PM  74    1921  44      7       26
  MINIMUM         27    243 AM -22    1905  23      4       20
  AVERAGE         39                        34      5       23

PRECIPITATION (IN)
  YESTERDAY        T             0.88 1911   0.05  -0.05     0.00
  MONTH TO DATE    T                         0.57  -0.57     0.35
  SINCE DEC 1      2.33                      2.78  -0.45     3.96
  SINCE JAN 1      1.28                      1.43  -0.15     1.25

SNOWFALL (IN)
  YESTERDAY       MM             6.1  1978   0.2   MM        0.0
  MONTH TO DATE    T                         2.4   -2.4       T
  SINCE JAN 1      2.2                       7.3   -5.1      2.1
  SINCE JUL 1      5.3                      13.8   -8.5      3.3
  SNOW DEPTH       0

DEGREE DAYS
 HEATING
  YESTERDAY       26                        31     -5       42
  MONTH TO DATE  348                       427    -79      388
  SINCE DEC 1   2382                      2543   -161     2208
  SINCE JUL 1   2955                      3537   -582     2944

 COOLING
  YESTERDAY        0                         0      0        0
  MONTH TO DATE    0                         0      0        0
  SINCE DEC 1      0                         0      0        0
  SINCE JAN 1      0                         0      0        0
..................................................................


WIND (MPH)
  HIGHEST WIND SPEED    10   HIGHEST WIND DIRECTION     S (200)
  HIGHEST GUST SPEED    14   HIGHEST GUST DIRECTION     S (200)
  AVERAGE WIND SPEED     2.7


SKY COVER
  AVERAGE SKY COVER 0.5


WEATHER CONDITIONS
 THE FOLLOWING WEATHER WAS RECORDED YESTERDAY.
  HAZE


RELATIVE HUMIDITY (PERCENT)
 HIGHEST    78           900 AM
 LOWEST     29           300 PM
 AVERAGE    54

..........................................................


THE TOPEKA KS CLIMATE NORMALS FOR TODAY
                         NORMAL    RECORD    YEAR
 MAXIMUM TEMPERATURE (F)   45        79      1954
 MINIMUM TEMPERATURE (F)   23        -8      1936


SUNRISE AND SUNSET
FEBRUARY 14 2017......SUNRISE   715 AM CST   SUNSET   559 PM CST
FEBRUARY 15 2017......SUNRISE   714 AM CST   SUNSET   600 PM CST


-  INDICATES NEGATIVE NUMBERS.
R  INDICATES RECORD WAS SET OR TIED.
MM INDICATES DATA IS MISSING.
T  INDICATES TRACE AMOUNT.




$$
