540
CDUS43 KTOP 180631
CLITOP


CLIMATE REPORT
NATIONAL WEATHER SERVICE TOPEKA KS
131 AM CDT SAT MAR 18 2017


...................................

...THE TOPEKA KS CLIMATE SUMMARY FOR MARCH 17 2017...

CLIMATE NORMAL PERIOD 1981 TO 2010
CLIMATE RECORD PERIOD 1887 TO 2017


WEATHER ITEM   OBSERVED TIME   RECORD YEAR NORMAL DEPARTURE LAST
                VALUE   (LST)  VALUE       VALUE  FROM      YEAR
                                                  NORMAL
..................................................................
TEMPERATURE (F)
 YESTERDAY
  MAXIMUM         73    406 PM  82    1994  57     16       63
                                      1894
  MINIMUM         48    906 PM   8    1906  34     14       30
  AVERAGE         61                        45     16       47

PRECIPITATION (IN)
  YESTERDAY        0.00          2.38 1987   0.08  -0.08     0.00
  MONTH TO DATE    0.34                      1.19  -0.85     1.81
  SINCE MAR 1      0.34                      1.19  -0.85     1.81
  SINCE JAN 1      1.73                      3.37  -1.64     3.08

SNOWFALL (IN)
  YESTERDAY        0.0           3.3  1958   0.1   -0.1      0.0
  MONTH TO DATE    1.3                       1.1    0.2       T
  SINCE JAN 1      3.5                      10.5   -7.0      2.3
  SINCE JUL 1      6.6                      17.0  -10.4      3.5
  SNOW DEPTH       0

DEGREE DAYS
 HEATING
  YESTERDAY        4                        20    -16       18
  MONTH TO DATE  347                       385    -38      210
  SINCE MAR 1    347                       385    -38      210
  SINCE JUL 1   3528                      4352   -824     3462

 COOLING
  YESTERDAY        0                         0      0        0
  MONTH TO DATE    0                         0      0        3
  SINCE MAR 1      0                         0      0        3
  SINCE JAN 1      0                         0      0        3
..................................................................


WIND (MPH)
  HIGHEST WIND SPEED    20   HIGHEST WIND DIRECTION     N (360)
  HIGHEST GUST SPEED    26   HIGHEST GUST DIRECTION     N (350)
  AVERAGE WIND SPEED     7.7


SKY COVER
  AVERAGE SKY COVER 0.2


WEATHER CONDITIONS
 THE FOLLOWING WEATHER WAS RECORDED YESTERDAY.
  FOG


RELATIVE HUMIDITY (PERCENT)
 HIGHEST   100           700 AM
 LOWEST     28           500 PM
 AVERAGE    64

..........................................................


THE TOPEKA KS CLIMATE NORMALS FOR TODAY
                         NORMAL    RECORD    YEAR
 MAXIMUM TEMPERATURE (F)   57        86      1921
 MINIMUM TEMPERATURE (F)   34        -2      1923


SUNRISE AND SUNSET
MARCH 18 2017.........SUNRISE   729 AM CDT   SUNSET   733 PM CDT
MARCH 19 2017.........SUNRISE   727 AM CDT   SUNSET   734 PM CDT


-  INDICATES NEGATIVE NUMBERS.
R  INDICATES RECORD WAS SET OR TIED.
MM INDICATES DATA IS MISSING.
T  INDICATES TRACE AMOUNT.




$$
