000
CDUS43 KTOP 250632
CLITOP


CLIMATE REPORT
NATIONAL WEATHER SERVICE TOPEKA KS
131 AM CDT SUN SEP 25 2016


...................................

...THE TOPEKA KS CLIMATE SUMMARY FOR SEPTEMBER 24 2016...

CLIMATE NORMAL PERIOD 1981 TO 2010
CLIMATE RECORD PERIOD 1887 TO 2016


WEATHER ITEM   OBSERVED TIME   RECORD YEAR NORMAL DEPARTURE LAST
                VALUE   (LST)  VALUE       VALUE  FROM      YEAR
                                                  NORMAL
..................................................................
TEMPERATURE (F)
 YESTERDAY
  MAXIMUM         90    222 PM  93    1984  77     13       81
  MINIMUM         68   1153 PM  31    1989  53     15       67
  AVERAGE         79                        65     14       74

PRECIPITATION (IN)
  YESTERDAY        2.02          2.53 1973   0.12   1.90      T
  MONTH TO DATE    7.42                      2.94   4.48     7.29
  SINCE SEP 1      7.42                      2.94   4.48     7.29
  SINCE JAN 1     40.31                     29.51  10.80    40.53

SNOWFALL (IN)
  YESTERDAY        0.0           0.0    MM   0.0    0.0      0.0
  MONTH TO DATE    0.0                       0.0    0.0      0.0
  SINCE JAN 1      3.7                      11.3   -7.6      7.9
  SINCE JUL 1      T                         0.0    0.0      0.0
  SNOW DEPTH       0

DEGREE DAYS
 HEATING
  YESTERDAY        0                         4     -4        0
  MONTH TO DATE    0                        37    -37       11
  SINCE SEP 1      0                        37    -37       11
  SINCE JUL 1      0                        39    -39       11

 COOLING
  YESTERDAY       14                         3     11        9
  MONTH TO DATE  243                       148     95      251
  SINCE SEP 1    243                       148     95      251
  SINCE JAN 1   1644                      1376    268     1469
..................................................................


WIND (MPH)
  HIGHEST WIND SPEED    26   HIGHEST WIND DIRECTION     W (280)
  HIGHEST GUST SPEED    35   HIGHEST GUST DIRECTION    NW (300)
  AVERAGE WIND SPEED    10.7


SKY COVER
  AVERAGE SKY COVER 0.6


WEATHER CONDITIONS
 THE FOLLOWING WEATHER WAS RECORDED YESTERDAY.
  THUNDERSTORM
  HEAVY RAIN
  RAIN
  LIGHT RAIN
  FOG


RELATIVE HUMIDITY (PERCENT)
 HIGHEST    93          1100 PM
 LOWEST     52           200 PM
 AVERAGE    73

..........................................................


THE TOPEKA KS CLIMATE NORMALS FOR TODAY
                         NORMAL    RECORD    YEAR
 MAXIMUM TEMPERATURE (F)   77        93      1898
 MINIMUM TEMPERATURE (F)   52        33      1989


SUNRISE AND SUNSET
SEPTEMBER 25 2016.....SUNRISE   713 AM CDT   SUNSET   714 PM CDT
SEPTEMBER 26 2016.....SUNRISE   714 AM CDT   SUNSET   712 PM CDT


-  INDICATES NEGATIVE NUMBERS.
R  INDICATES RECORD WAS SET OR TIED.
MM INDICATES DATA IS MISSING.
T  INDICATES TRACE AMOUNT.




$$
