000
CDUS43 KTOP 150635
CLITOP


CLIMATE REPORT
NATIONAL WEATHER SERVICE TOPEKA KS
1234 AM CST FRI DEC 15 2017


...................................

...THE TOPEKA KS CLIMATE SUMMARY FOR DECEMBER 14 2017...

CLIMATE NORMAL PERIOD 1981 TO 2010
CLIMATE RECORD PERIOD 1887 TO 2017


WEATHER ITEM   OBSERVED TIME   RECORD YEAR NORMAL DEPARTURE LAST
                VALUE   (LST)  VALUE       VALUE  FROM      YEAR
                                                  NORMAL
..................................................................
TEMPERATURE (F)
 YESTERDAY
  MAXIMUM         48    341 PM  70    1933  42      6       30
  MINIMUM         33    121 AM  -8    1901  22     11       13
  AVERAGE         41                        32      9       22

PRECIPITATION (IN)
  YESTERDAY        T             0.78 1971   0.05  -0.05     0.00
  MONTH TO DATE    T                         0.71  -0.71     0.59
  SINCE DEC 1      T                         0.71  -0.71     0.59
  SINCE JAN 1     38.29                     35.82   2.47    42.77

SNOWFALL (IN)
  YESTERDAY        T             8.3  1987   0.2   -0.2      0.0
  MONTH TO DATE    T                         2.1   -2.1      0.5
  SINCE JAN 1      3.9                      14.7  -10.8      4.2
  SINCE JUL 1      0.4                       3.4   -3.0      0.5
  SNOW DEPTH       0

DEGREE DAYS
 HEATING
  YESTERDAY       24                        33     -9       43
  MONTH TO DATE  349                       436    -87      495
  SINCE DEC 1    349                       436    -87      495
  SINCE JUL 1   1172                      1430   -258     1068

 COOLING
  YESTERDAY        0                         0      0        0
  MONTH TO DATE    0                         0      0        0
  SINCE DEC 1      0                         0      0        0
  SINCE JAN 1   1473                      1422     51     1711
..................................................................


WIND (MPH)
  HIGHEST WIND SPEED    14   HIGHEST WIND DIRECTION    NW (310)
  HIGHEST GUST SPEED    17   HIGHEST GUST DIRECTION    NW (320)
  AVERAGE WIND SPEED     6.9


SKY COVER
  AVERAGE SKY COVER 0.9


WEATHER CONDITIONS
 THE FOLLOWING WEATHER WAS RECORDED YESTERDAY.
  NO SIGNIFICANT WEATHER WAS OBSERVED.


RELATIVE HUMIDITY (PERCENT)
 HIGHEST    85          1100 PM
 LOWEST     45           200 PM
 AVERAGE    65

..........................................................


THE TOPEKA KS CLIMATE NORMALS FOR TODAY
                         NORMAL    RECORD    YEAR
 MAXIMUM TEMPERATURE (F)   41        70      2002
 MINIMUM TEMPERATURE (F)   22       -15      1989


SUNRISE AND SUNSET
DECEMBER 15 2017......SUNRISE   735 AM CST   SUNSET   501 PM CST
DECEMBER 16 2017......SUNRISE   735 AM CST   SUNSET   501 PM CST


-  INDICATES NEGATIVE NUMBERS.
R  INDICATES RECORD WAS SET OR TIED.
MM INDICATES DATA IS MISSING.
T  INDICATES TRACE AMOUNT.




$$
