000
CDUS43 KTOP 180643
CLITOP


CLIMATE REPORT
NATIONAL WEATHER SERVICE TOPEKA KS
1243 AM CST SUN JAN 18 2015


...................................

...THE TOPEKA KS CLIMATE SUMMARY FOR JANUARY 17 2015...

CLIMATE NORMAL PERIOD 1981 TO 2010
CLIMATE RECORD PERIOD 1887 TO 2015


WEATHER ITEM   OBSERVED TIME   RECORD YEAR NORMAL DEPARTURE LAST
                VALUE   (LST)  VALUE       VALUE  FROM      YEAR
                                                  NORMAL
..................................................................
TEMPERATURE (F)
 YESTERDAY
  MAXIMUM         56    453 PM  66    1923  40     16       37
  MINIMUM         37   1159 PM -12    1930  19     18       18
  AVERAGE         47                        30     17       28

PRECIPITATION (IN)
  YESTERDAY        0.00          0.37 1960   0.03  -0.03     0.00
  MONTH TO DATE    0.08                      0.41  -0.33     0.34
  SINCE DEC 1      2.35                      1.76   0.59     0.90
  SINCE JAN 1      0.08                      0.41  -0.33     0.34

SNOWFALL (IN)
  YESTERDAY        0.0           4.2  1987   0.1   -0.1      0.0
  MONTH TO DATE    1.2                       2.6   -1.4      3.8
  SINCE JAN 1      1.2                       2.6   -1.4      3.8
  SINCE JUL 1      3.6                       9.1   -5.5      8.1
  SNOW DEPTH       0

DEGREE DAYS
 HEATING
  YESTERDAY       18                        35    -17       37
  MONTH TO DATE  676                       602     74      644
  SINCE DEC 1   1559                      1625    -66     1752
  SINCE JUL 1   2590                      2619    -29     2748

 COOLING
  YESTERDAY        0                         0      0        0
  MONTH TO DATE    0                         0      0        0
  SINCE DEC 1      0                         0      0        0
  SINCE JAN 1      0                         0      0        0
..................................................................


WIND (MPH)
  HIGHEST WIND SPEED    32   HIGHEST WIND DIRECTION    NW (320)
  HIGHEST GUST SPEED    43   HIGHEST GUST DIRECTION    NW (320)
  AVERAGE WIND SPEED    11.3


SKY COVER
  AVERAGE SKY COVER 0.0


WEATHER CONDITIONS
 THE FOLLOWING WEATHER WAS RECORDED YESTERDAY.
  NO SIGNIFICANT WEATHER WAS OBSERVED.


RELATIVE HUMIDITY (PERCENT)
 HIGHEST    64           800 AM
 LOWEST     22           500 PM
 AVERAGE    43

..........................................................


THE TOPEKA KS CLIMATE NORMALS FOR TODAY
                         NORMAL    RECORD    YEAR
 MAXIMUM TEMPERATURE (F)   40        71      1951
 MINIMUM TEMPERATURE (F)   19       -13      1930


SUNRISE AND SUNSET
JANUARY 18 2015.......SUNRISE   739 AM CST   SUNSET   527 PM CST
JANUARY 19 2015.......SUNRISE   738 AM CST   SUNSET   528 PM CST


-  INDICATES NEGATIVE NUMBERS.
R  INDICATES RECORD WAS SET OR TIED.
MM INDICATES DATA IS MISSING.
T  INDICATES TRACE AMOUNT.




$$
