000
CDUS43 KTOP 070632
CLITOP


CLIMATE REPORT
NATIONAL WEATHER SERVICE TOPEKA KS
1232 AM CST TUE FEB 7 2017


...................................

...THE TOPEKA KS CLIMATE SUMMARY FOR FEBRUARY 6 2017...

CLIMATE NORMAL PERIOD 1981 TO 2010
CLIMATE RECORD PERIOD 1887 TO 2017


WEATHER ITEM   OBSERVED TIME   RECORD YEAR NORMAL DEPARTURE LAST
                VALUE   (LST)  VALUE       VALUE  FROM      YEAR
                                                  NORMAL
..................................................................
TEMPERATURE (F)
 YESTERDAY
  MAXIMUM         60    502 PM  71    2009  42     18       50
                                      1904
  MINIMUM         27    310 AM -21    1982  21      6       25
  AVERAGE         44                        32     12       38

PRECIPITATION (IN)
  YESTERDAY        0.00          2.10 1928   0.04  -0.04     0.00
  MONTH TO DATE    T                         0.24  -0.24     0.35
  SINCE DEC 1      2.33                      2.45  -0.12     3.96
  SINCE JAN 1      1.28                      1.10   0.18     1.25

SNOWFALL (IN)
  YESTERDAY        0.0           4.9  2008   0.2   -0.2      0.0
  MONTH TO DATE    T                         1.1   -1.1       T
  SINCE JAN 1      2.2                       6.0   -3.8      2.1
  SINCE JUL 1      5.3                      12.5   -7.2      3.3
  SNOW DEPTH       0

DEGREE DAYS
 HEATING
  YESTERDAY       21                        33    -12       27
  MONTH TO DATE  173                       202    -29      170
  SINCE DEC 1   2207                      2318   -111     1990
  SINCE JUL 1   2780                      3312   -532     2726

 COOLING
  YESTERDAY        0                         0      0        0
  MONTH TO DATE    0                         0      0        0
  SINCE DEC 1      0                         0      0        0
  SINCE JAN 1      0                         0      0        0
..................................................................


WIND (MPH)
  HIGHEST WIND SPEED    16   HIGHEST WIND DIRECTION     S (160)
  HIGHEST GUST SPEED    21   HIGHEST GUST DIRECTION    SE (150)
  AVERAGE WIND SPEED     3.8


SKY COVER
  AVERAGE SKY COVER 0.5


WEATHER CONDITIONS
 THE FOLLOWING WEATHER WAS RECORDED YESTERDAY.
  FOG


RELATIVE HUMIDITY (PERCENT)
 HIGHEST    93           800 PM
 LOWEST     66          1100 AM
 AVERAGE    80

..........................................................


THE TOPEKA KS CLIMATE NORMALS FOR TODAY
                         NORMAL    RECORD    YEAR
 MAXIMUM TEMPERATURE (F)   43        71      2009
 MINIMUM TEMPERATURE (F)   22       -14      1895


SUNRISE AND SUNSET
FEBRUARY  7 2017......SUNRISE   723 AM CST   SUNSET   551 PM CST
FEBRUARY  8 2017......SUNRISE   722 AM CST   SUNSET   552 PM CST


-  INDICATES NEGATIVE NUMBERS.
R  INDICATES RECORD WAS SET OR TIED.
MM INDICATES DATA IS MISSING.
T  INDICATES TRACE AMOUNT.




$$
