000
CDUS43 KTOP 100634
CLITOP


CLIMATE REPORT
NATIONAL WEATHER SERVICE TOPEKA KS
133 AM CDT WED AUG 10 2016


...................................

...THE TOPEKA KS CLIMATE SUMMARY FOR AUGUST 9 2016...

CLIMATE NORMAL PERIOD 1981 TO 2010
CLIMATE RECORD PERIOD 1887 TO 2016


WEATHER ITEM   OBSERVED TIME   RECORD YEAR NORMAL DEPARTURE LAST
                VALUE   (LST)  VALUE       VALUE  FROM      YEAR
                                                  NORMAL
..................................................................
TEMPERATURE (F)
 YESTERDAY
  MAXIMUM         92    143 PM 110    1934  90      2       93
  MINIMUM         71    537 AM  50    1989  68      3       77
  AVERAGE         82                        78      4       85

PRECIPITATION (IN)
  YESTERDAY        0.00          2.18 1968   0.13  -0.13      T
  MONTH TO DATE    0.12                      1.20  -1.08     1.82
  SINCE JUN 1      7.87                     10.42  -2.55    17.37
  SINCE JAN 1     27.18                     23.53   3.65    31.96

SNOWFALL (IN)
  YESTERDAY        0.0           T    1917   0.0    0.0      0.0
  MONTH TO DATE    0.0                       0.0    0.0      0.0
  SINCE JAN 1      3.7                      11.3   -7.6      7.9
  SINCE JUL 1      T                         0.0    0.0      0.0
  SNOW DEPTH       0

DEGREE DAYS
 HEATING
  YESTERDAY        0                         0      0        0
  MONTH TO DATE    0                         0      0        0
  SINCE JUN 1      0                         8     -8        0
  SINCE JUL 1      0                         0      0        0

 COOLING
  YESTERDAY       17                        14      3       20
  MONTH TO DATE  136                       126     10      139
  SINCE JUN 1   1049                       842    207      953
  SINCE JAN 1   1141                       968    173     1035
..................................................................


WIND (MPH)
  HIGHEST WIND SPEED    12   HIGHEST WIND DIRECTION    SE (150)
  HIGHEST GUST SPEED    16   HIGHEST GUST DIRECTION    SE (140)
  AVERAGE WIND SPEED     4.9


SKY COVER
  AVERAGE SKY COVER 0.2


WEATHER CONDITIONS
 THE FOLLOWING WEATHER WAS RECORDED YESTERDAY.
  FOG


RELATIVE HUMIDITY (PERCENT)
 HIGHEST    94           700 AM
 LOWEST     52           200 PM
 AVERAGE    73

..........................................................


THE TOPEKA KS CLIMATE NORMALS FOR TODAY
                         NORMAL    RECORD    YEAR
 MAXIMUM TEMPERATURE (F)   89       112      1934
 MINIMUM TEMPERATURE (F)   67        51      1989


SUNRISE AND SUNSET
AUGUST 10 2016........SUNRISE   632 AM CDT   SUNSET   823 PM CDT
AUGUST 11 2016........SUNRISE   633 AM CDT   SUNSET   822 PM CDT


-  INDICATES NEGATIVE NUMBERS.
R  INDICATES RECORD WAS SET OR TIED.
MM INDICATES DATA IS MISSING.
T  INDICATES TRACE AMOUNT.




$$
