000
CDUS43 KTOP 090632
CLITOP


CLIMATE REPORT
NATIONAL WEATHER SERVICE TOPEKA KS
1232 AM CST MON JAN 9 2017


...................................

...THE TOPEKA KS CLIMATE SUMMARY FOR JANUARY 8 2017...

CLIMATE NORMAL PERIOD 1981 TO 2010
CLIMATE RECORD PERIOD 1887 TO 2017


WEATHER ITEM   OBSERVED TIME   RECORD YEAR NORMAL DEPARTURE LAST
                VALUE   (LST)  VALUE       VALUE  FROM      YEAR
                                                  NORMAL
..................................................................
TEMPERATURE (F)
 YESTERDAY
  MAXIMUM         40    400 PM  74    2003  39      1       43
  MINIMUM          4    204 AM -11    1979  20    -16       33
  AVERAGE         22                        30     -8       38

PRECIPITATION (IN)
  YESTERDAY        0.00          0.28 1937   0.02  -0.02     0.17
  MONTH TO DATE    0.33                      0.20   0.13     0.73
  SINCE DEC 1      1.38                      1.55  -0.17     3.44
  SINCE JAN 1      0.33                      0.20   0.13     0.73

SNOWFALL (IN)
  YESTERDAY        0.0           3.0  1993   0.2   -0.2      0.0
  MONTH TO DATE    2.2                       1.3    0.9       T
  SINCE JAN 1      2.2                       1.3    0.9       T
  SINCE JUL 1      5.3                       7.8   -2.5      1.2
  SNOW DEPTH       1

DEGREE DAYS
 HEATING
  YESTERDAY       43                        36      7       27
  MONTH TO DATE  343                       281     62      254
  SINCE DEC 1   1402                      1304     98     1025
  SINCE JUL 1   1975                      2298   -323     1761

 COOLING
  YESTERDAY        0                         0      0        0
  MONTH TO DATE    0                         0      0        0
  SINCE DEC 1      0                         0      0        0
  SINCE JAN 1      0                         0      0        0
..................................................................


WIND (MPH)
  HIGHEST WIND SPEED    23   HIGHEST WIND DIRECTION     S (180)
  HIGHEST GUST SPEED    29   HIGHEST GUST DIRECTION     S (180)
  AVERAGE WIND SPEED     8.2


SKY COVER
  AVERAGE SKY COVER 0.1


WEATHER CONDITIONS
 THE FOLLOWING WEATHER WAS RECORDED YESTERDAY.
  FOG
  HAZE


RELATIVE HUMIDITY (PERCENT)
 HIGHEST    88           300 AM
 LOWEST     37           300 PM
 AVERAGE    63

..........................................................


THE TOPEKA KS CLIMATE NORMALS FOR TODAY
                         NORMAL    RECORD    YEAR
 MAXIMUM TEMPERATURE (F)   40        67      1902
 MINIMUM TEMPERATURE (F)   20        -9      1973


SUNRISE AND SUNSET
JANUARY  9 2017.......SUNRISE   742 AM CST   SUNSET   518 PM CST
JANUARY 10 2017.......SUNRISE   741 AM CST   SUNSET   519 PM CST


-  INDICATES NEGATIVE NUMBERS.
R  INDICATES RECORD WAS SET OR TIED.
MM INDICATES DATA IS MISSING.
T  INDICATES TRACE AMOUNT.




$$
