000
CDUS43 KTOP 080631
CLITOP


CLIMATE REPORT
NATIONAL WEATHER SERVICE TOPEKA KS
131 AM CDT THU JUN 8 2017


...................................

...THE TOPEKA KS CLIMATE SUMMARY FOR JUNE 7 2017...

CLIMATE NORMAL PERIOD 1981 TO 2010
CLIMATE RECORD PERIOD 1887 TO 2017


WEATHER ITEM   OBSERVED TIME   RECORD YEAR NORMAL DEPARTURE LAST
                VALUE   (LST)  VALUE       VALUE  FROM      YEAR
                                                  NORMAL
..................................................................
TEMPERATURE (F)
 YESTERDAY
  MAXIMUM         82    429 PM  98    1963  82      0       82
  MINIMUM         57    559 AM  44    1890  61     -4       58
  AVERAGE         70                        72     -2       70

PRECIPITATION (IN)
  YESTERDAY        0.00          2.87 1921   0.18  -0.18     0.00
  MONTH TO DATE    0.31                      1.22  -0.91     0.75
  SINCE JUN 1      0.31                      1.22  -0.91     0.75
  SINCE JAN 1     15.46                     14.33   1.13    20.06

SNOWFALL (IN)
  YESTERDAY        0.0           T    1993   0.0    0.0      0.0
  MONTH TO DATE    0.0                       0.0    0.0      0.0
  SINCE JAN 1      3.5                      11.3   -7.8      3.7
  SINCE JUL 1      6.6                      17.8  -11.2      4.9
  SNOW DEPTH       0

DEGREE DAYS
 HEATING
  YESTERDAY        0                         0      0        0
  MONTH TO DATE    0                         6     -6        0
  SINCE JUN 1      0                         6     -6        0
  SINCE JUL 1   4007                      5019  -1012     4002

 COOLING
  YESTERDAY        5                         7     -2        5
  MONTH TO DATE   62                        46     16       50
  SINCE JUN 1     62                        46     16       50
  SINCE JAN 1    191                       172     19      142
..................................................................


WIND (MPH)
  HIGHEST WIND SPEED    14   HIGHEST WIND DIRECTION    NE (40)
  HIGHEST GUST SPEED    17   HIGHEST GUST DIRECTION    NE (40)
  AVERAGE WIND SPEED     2.9


SKY COVER
  AVERAGE SKY COVER 0.0


WEATHER CONDITIONS
 THE FOLLOWING WEATHER WAS RECORDED YESTERDAY.
  NO SIGNIFICANT WEATHER WAS OBSERVED.


RELATIVE HUMIDITY (PERCENT)
 HIGHEST    97           200 AM
 LOWEST     33           400 PM
 AVERAGE    65

..........................................................


THE TOPEKA KS CLIMATE NORMALS FOR TODAY
                         NORMAL    RECORD    YEAR
 MAXIMUM TEMPERATURE (F)   83       101      1911
 MINIMUM TEMPERATURE (F)   62        47      1913


SUNRISE AND SUNSET
JUNE  8 2017..........SUNRISE   557 AM CDT   SUNSET   847 PM CDT
JUNE  9 2017..........SUNRISE   556 AM CDT   SUNSET   848 PM CDT


-  INDICATES NEGATIVE NUMBERS.
R  INDICATES RECORD WAS SET OR TIED.
MM INDICATES DATA IS MISSING.
T  INDICATES TRACE AMOUNT.




$$
