000
CDUS43 KTOP 070647
CLITOP


CLIMATE REPORT
NATIONAL WEATHER SERVICE TOPEKA KS
146 AM CDT THU JUL 7 2016


...................................

...THE TOPEKA KS CLIMATE SUMMARY FOR JULY 6 2016...

CLIMATE NORMAL PERIOD 1981 TO 2010
CLIMATE RECORD PERIOD 1887 TO 2016


WEATHER ITEM   OBSERVED TIME   RECORD YEAR NORMAL DEPARTURE LAST
                VALUE   (LST)  VALUE       VALUE  FROM      YEAR
                                                  NORMAL
..................................................................
TEMPERATURE (F)
 YESTERDAY
  MAXIMUM         94    412 PM 106    1939  89      5       92
  MINIMUM         75    721 AM  50    1972  68      7       65
  AVERAGE         85                        79      6       79

PRECIPITATION (IN)
  YESTERDAY        0.00          3.78 1909   0.13  -0.13     2.42
  MONTH TO DATE    1.82                      0.85   0.97     2.75
  SINCE JUN 1      4.21                      6.25  -2.04     8.97
  SINCE JAN 1     23.52                     19.36   4.16    23.56

SNOWFALL (IN)
  YESTERDAY        0.0           T    1930   0.0    0.0      0.0
  MONTH TO DATE    0.0                       0.0    0.0      0.0
  SINCE JAN 1      3.7                      11.3   -7.6      7.9
  SINCE JUL 1      0.0                       0.0    0.0      0.0
  SNOW DEPTH       0

DEGREE DAYS
 HEATING
  YESTERDAY        0                         0      0        0
  MONTH TO DATE    0                         0      0        0
  SINCE JUN 1      0                         8     -8        0
  SINCE JUL 1      0                         0      0        0

 COOLING
  YESTERDAY       20                        14      6       14
  MONTH TO DATE   69                        79    -10       70
  SINCE JUN 1    508                       363    145      438
  SINCE JAN 1    600                       489    111      520
..................................................................


WIND (MPH)
  HIGHEST WIND SPEED    14   HIGHEST WIND DIRECTION     S (160)
  HIGHEST GUST SPEED    18   HIGHEST GUST DIRECTION     S (180)
  AVERAGE WIND SPEED     7.6


SKY COVER
  AVERAGE SKY COVER 0.1


WEATHER CONDITIONS
 THE FOLLOWING WEATHER WAS RECORDED YESTERDAY.
  NO SIGNIFICANT WEATHER WAS OBSERVED.


RELATIVE HUMIDITY (PERCENT)
 HIGHEST    79          1200 AM
 LOWEST     39           300 PM
 AVERAGE    59

..........................................................


THE TOPEKA KS CLIMATE NORMALS FOR TODAY
                         NORMAL    RECORD    YEAR
 MAXIMUM TEMPERATURE (F)   89       109      1939
 MINIMUM TEMPERATURE (F)   68        52      1908


SUNRISE AND SUNSET
JULY  7 2016..........SUNRISE   604 AM CDT   SUNSET   851 PM CDT
JULY  8 2016..........SUNRISE   605 AM CDT   SUNSET   851 PM CDT


-  INDICATES NEGATIVE NUMBERS.
R  INDICATES RECORD WAS SET OR TIED.
MM INDICATES DATA IS MISSING.
T  INDICATES TRACE AMOUNT.




$$
