000
CDUS43 KTOP 110635
CLITOP


CLIMATE REPORT
NATIONAL WEATHER SERVICE TOPEKA KS
134 AM CDT THU SEP 11 2014


...................................

...THE TOPEKA KS CLIMATE SUMMARY FOR SEPTEMBER 10 2014...

CLIMATE NORMAL PERIOD 1981 TO 2010
CLIMATE RECORD PERIOD 1887 TO 2014


WEATHER ITEM   OBSERVED TIME   RECORD YEAR NORMAL DEPARTURE LAST
                VALUE   (LST)  VALUE       VALUE  FROM      YEAR
                                                  NORMAL
..................................................................
TEMPERATURE (F)
 YESTERDAY
  MAXIMUM         81   1200 AM 103    1936  83     -2       97
  MINIMUM         61   1159 PM  36    1976  59      2       74
  AVERAGE         71                        71      0       86

PRECIPITATION (IN)
  YESTERDAY        0.24          1.11 2006   0.13   0.11     0.00
  MONTH TO DATE    3.96                      1.23   2.73     0.29
  SINCE SEP 1      3.96                      1.23   2.73     0.29
  SINCE JAN 1     23.80                     27.80  -4.00    24.76

SNOWFALL (IN)
  YESTERDAY        0.0           0.0    MM   0.0    0.0      0.0
  MONTH TO DATE    0.0                       0.0    0.0      0.0
  SINCE JAN 1     23.1                      11.3   11.8     24.2
  SINCE JUL 1      T                         0.0    0.0      0.0
  SNOW DEPTH       0

DEGREE DAYS
 HEATING
  YESTERDAY        0                         1     -1        0
  MONTH TO DATE    0                         5     -5        0
  SINCE SEP 1      0                         5     -5        0
  SINCE JUL 1      0                         7     -7        0

 COOLING
  YESTERDAY        6                         7     -1       21
  MONTH TO DATE  101                        81     20      145
  SINCE SEP 1    101                        81     20      145
  SINCE JAN 1   1511                      1309    202     1439
..................................................................


WIND (MPH)
  HIGHEST WIND SPEED    18   HIGHEST WIND DIRECTION    NW (310)
  HIGHEST GUST SPEED    24   HIGHEST GUST DIRECTION     N (20)
  AVERAGE WIND SPEED     9.5


SKY COVER
  AVERAGE SKY COVER 0.9


WEATHER CONDITIONS
 THE FOLLOWING WEATHER WAS RECORDED YESTERDAY.
  LIGHT RAIN
  FOG


RELATIVE HUMIDITY (PERCENT)
 HIGHEST   100           200 AM
 LOWEST     72          1100 PM
 AVERAGE    86

..........................................................


THE TOPEKA KS CLIMATE NORMALS FOR TODAY
                         NORMAL    RECORD    YEAR
 MAXIMUM TEMPERATURE (F)   82       104      2000
 MINIMUM TEMPERATURE (F)   58        39      1959


SUNRISE AND SUNSET
SEPTEMBER 11 2014.....SUNRISE   700 AM CDT   SUNSET   737 PM CDT
SEPTEMBER 12 2014.....SUNRISE   701 AM CDT   SUNSET   736 PM CDT


-  INDICATES NEGATIVE NUMBERS.
R  INDICATES RECORD WAS SET OR TIED.
MM INDICATES DATA IS MISSING.
T  INDICATES TRACE AMOUNT.




$$
