000
CDUS43 KTOP 042133
CLITOP


CLIMATE REPORT
NATIONAL WEATHER SERVICE TOPEKA KS
433 PM CDT TUE JUL 4 2017


...................................

...THE TOPEKA KS CLIMATE SUMMARY FOR JULY 4 2017...
VALID TODAY AS OF 0400 PM LOCAL TIME.

CLIMATE NORMAL PERIOD 1981 TO 2010
CLIMATE RECORD PERIOD 1887 TO 2017


WEATHER ITEM   OBSERVED TIME   RECORD YEAR NORMAL DEPARTURE LAST
                VALUE   (LST)  VALUE       VALUE  FROM      YEAR
                                                  NORMAL
..................................................................
TEMPERATURE (F)
 TODAY
  MAXIMUM         78    259 PM 110    1936  89    -11       85
  MINIMUM         69    541 AM  49    1972  68      1       66
  AVERAGE         74                        78     -4       76

PRECIPITATION (IN)
  TODAY            0.02          1.40 2010   0.14  -0.12     0.00
  MONTH TO DATE    0.02                      0.58  -0.56     1.82
  SINCE JUN 1      6.61                      5.98   0.63     4.21
  SINCE JAN 1     21.76                     19.09   2.67    23.52

SNOWFALL (IN)
  TODAY            0.0           T    1992   0.0    0.0      0.0
  MONTH TO DATE    0.0                       0.0    0.0      0.0
  SINCE JAN 1      3.5                      11.3   -7.8      3.7
  SINCE JUL 1      0.0                       0.0    0.0      0.0
  SNOW DEPTH       0

DEGREE DAYS
 HEATING
  TODAY            0                         0      0        0
  MONTH TO DATE    0                         0      0        0
  SINCE JUN 1      0                         8     -8        0
  SINCE JUL 1      0                         0      0        0

 COOLING
  TODAY            9                        13     -4       11
  MONTH TO DATE   43                        52     -9       30
  SINCE JUN 1    367                       336     31      469
  SINCE JAN 1    496                       462     34      561
..................................................................


WIND (MPH)
  HIGHEST WIND SPEED    15   HIGHEST WIND DIRECTION    SE (140)
  HIGHEST GUST SPEED    19   HIGHEST GUST DIRECTION    SE (130)
  AVERAGE WIND SPEED     5.6



WEATHER CONDITIONS
 THE FOLLOWING WEATHER WAS RECORDED TODAY.
  THUNDERSTORM
  LIGHT RAIN


RELATIVE HUMIDITY (PERCENT)
 HIGHEST   100          1200 AM
 LOWEST     71           300 PM
 AVERAGE    86

..........................................................


THE TOPEKA KS CLIMATE NORMALS FOR TOMORROW
                         NORMAL    RECORD    YEAR
 MAXIMUM TEMPERATURE (F)   89       107      1911
 MINIMUM TEMPERATURE (F)   68        43      1972


SUNRISE AND SUNSET
JULY  4 2017..........SUNRISE   602 AM CDT   SUNSET   852 PM CDT
JULY  5 2017..........SUNRISE   603 AM CDT   SUNSET   852 PM CDT


-  INDICATES NEGATIVE NUMBERS.
R  INDICATES RECORD WAS SET OR TIED.
MM INDICATES DATA IS MISSING.
T  INDICATES TRACE AMOUNT.




$$
