000
CDUS43 KTOP 012138
CLITOP


CLIMATE REPORT
NATIONAL WEATHER SERVICE TOPEKA KS
436 PM CDT WED NOV 1 2017


...................................

...THE TOPEKA KS CLIMATE SUMMARY FOR NOVEMBER 1 2017...
VALID TODAY AS OF 0400 PM LOCAL TIME.

CLIMATE NORMAL PERIOD 1981 TO 2010
CLIMATE RECORD PERIOD 1887 TO 2017


WEATHER ITEM   OBSERVED TIME   RECORD YEAR NORMAL DEPARTURE LAST
                VALUE   (LST)  VALUE       VALUE  FROM      YEAR
                                                  NORMAL
..................................................................
TEMPERATURE (F)
 TODAY
  MAXIMUM         50    259 PM  82    1990  62    -12       80
  MINIMUM         31    210 AM  20    1991  39     -8       57
  AVERAGE         41                        51    -10       69

PRECIPITATION (IN)
  TODAY            0.00          3.40 1998   0.08  -0.08     0.00
  MONTH TO DATE    0.00                      0.08  -0.08     0.00
  SINCE SEP 1      4.72                      6.77  -2.05     9.10
  SINCE JAN 1     38.19                     33.34   4.85    41.99

SNOWFALL (IN)
  TODAY            0.0           0.8  1991   0.0    0.0      0.0
  MONTH TO DATE    0.0                       0.0    0.0      0.0
  SINCE JAN 1      3.9                      11.6   -7.7      3.7
  SINCE JUL 1      0.4                       0.3    0.1       T
  SNOW DEPTH       0

DEGREE DAYS
 HEATING
  TODAY           24                        14     10        0
  MONTH TO DATE   24                        14     10        0
  SINCE SEP 1    279                       368    -89      156
  SINCE JUL 1    279                       370    -91      156

 COOLING
  TODAY            0                         0      0        4
  MONTH TO DATE    0                         0      0        4
  SINCE SEP 1    283                       192     91      301
  SINCE JAN 1   1473                      1420     53     1702
..................................................................


WIND (MPH)
  HIGHEST WIND SPEED    21   HIGHEST WIND DIRECTION     S (160)
  HIGHEST GUST SPEED    25   HIGHEST GUST DIRECTION    SE (150)
  AVERAGE WIND SPEED     8.5



WEATHER CONDITIONS
 THE FOLLOWING WEATHER WAS RECORDED TODAY.
  NO SIGNIFICANT WEATHER WAS OBSERVED.


RELATIVE HUMIDITY (PERCENT)
 HIGHEST    93          1200 PM
 LOWEST     78           300 AM
 AVERAGE    86

..........................................................


THE TOPEKA KS CLIMATE NORMALS FOR TOMORROW
                         NORMAL    RECORD    YEAR
 MAXIMUM TEMPERATURE (F)   62        82      1964
                                             1887
 MINIMUM TEMPERATURE (F)   39        14      1991
                                             1966


SUNRISE AND SUNSET
NOVEMBER  1 2017......SUNRISE   750 AM CDT   SUNSET   621 PM CDT
NOVEMBER  2 2017......SUNRISE   751 AM CDT   SUNSET   620 PM CDT


-  INDICATES NEGATIVE NUMBERS.
R  INDICATES RECORD WAS SET OR TIED.
MM INDICATES DATA IS MISSING.
T  INDICATES TRACE AMOUNT.




$$
