000
CDUS43 KTOP 130634
CLITOP


CLIMATE REPORT
NATIONAL WEATHER SERVICE TOPEKA KS
1233 AM CST THU NOV 13 2014


...................................

...THE TOPEKA KS CLIMATE SUMMARY FOR NOVEMBER 12 2014...

CLIMATE NORMAL PERIOD 1981 TO 2010
CLIMATE RECORD PERIOD 1887 TO 2014


WEATHER ITEM   OBSERVED TIME   RECORD YEAR NORMAL DEPARTURE LAST
                VALUE   (LST)  VALUE       VALUE  FROM      YEAR
                                                  NORMAL
..................................................................
TEMPERATURE (F)
 YESTERDAY
  MAXIMUM         29    227 PM  79    2005  57    -28       37
  MINIMUM         19    716 AM   7    1911  35    -16       16
  AVERAGE         24                        46    -22       27

PRECIPITATION (IN)
  YESTERDAY        0.00          1.07 2010   0.06  -0.06     0.00
  MONTH TO DATE    0.04                      0.86  -0.82     0.52
  SINCE SEP 1      8.64                      7.55   1.09     8.62
  SINCE JAN 1     28.48                     34.12  -5.64    33.09

SNOWFALL (IN)
  YESTERDAY        0.0           0.3  1940   0.1   -0.1      0.0
  MONTH TO DATE    T                         0.2   -0.2      0.0
  SINCE JAN 1     23.1                      11.8   11.3     24.2
  SINCE JUL 1      T                         0.5   -0.5       T
  SNOW DEPTH       0

DEGREE DAYS
 HEATING
  YESTERDAY       41                        19     22       38
  MONTH TO DATE  225                       201     24      220
  SINCE SEP 1    479                       555    -76      537
  SINCE JUL 1    479                       557    -78      537

 COOLING
  YESTERDAY        0                         0      0        0
  MONTH TO DATE    0                         0      0        0
  SINCE SEP 1    201                       192      9      292
  SINCE JAN 1   1611                      1420    191     1586
..................................................................


WIND (MPH)
  HIGHEST WIND SPEED    21   HIGHEST WIND DIRECTION    NW (310)
  HIGHEST GUST SPEED    28   HIGHEST GUST DIRECTION     N (350)
  AVERAGE WIND SPEED    12.7


SKY COVER
  AVERAGE SKY COVER 0.2


WEATHER CONDITIONS
 THE FOLLOWING WEATHER WAS RECORDED YESTERDAY.
  NO SIGNIFICANT WEATHER WAS OBSERVED.


RELATIVE HUMIDITY (PERCENT)
 HIGHEST    62           300 AM
 LOWEST     33           400 PM
 AVERAGE    48

..........................................................


THE TOPEKA KS CLIMATE NORMALS FOR TODAY
                         NORMAL    RECORD    YEAR
 MAXIMUM TEMPERATURE (F)   56        84      1999
 MINIMUM TEMPERATURE (F)   34         4      1986


SUNRISE AND SUNSET
NOVEMBER 13 2014......SUNRISE   703 AM CST   SUNSET   510 PM CST
NOVEMBER 14 2014......SUNRISE   704 AM CST   SUNSET   509 PM CST


-  INDICATES NEGATIVE NUMBERS.
R  INDICATES RECORD WAS SET OR TIED.
MM INDICATES DATA IS MISSING.
T  INDICATES TRACE AMOUNT.




$$
