000
CDUS43 KTOP 020632
CLITOP


CLIMATE REPORT
NATIONAL WEATHER SERVICE TOPEKA KS
1232 AM CST FRI FEB 2 2018


...................................

...THE TOPEKA KS CLIMATE SUMMARY FOR FEBRUARY 1 2018...

CLIMATE NORMAL PERIOD 1981 TO 2010
CLIMATE RECORD PERIOD 1887 TO 2018


WEATHER ITEM   OBSERVED TIME   RECORD YEAR NORMAL DEPARTURE LAST
                VALUE   (LST)  VALUE       VALUE  FROM      YEAR
                                                  NORMAL
..................................................................
TEMPERATURE (F)
 YESTERDAY
  MAXIMUM         44    226 AM  68    1911  41      3       45
  MINIMUM         15   1159 PM -23    1979  20     -5       27
  AVERAGE         30                        31     -1       36

PRECIPITATION (IN)
  YESTERDAY        0.00          1.17 1973   0.04  -0.04     0.00
  MONTH TO DATE    0.00                      0.04  -0.04     0.00
  SINCE DEC 1      1.25                      2.25  -1.00     2.33
  SINCE JAN 1      0.94                      0.90   0.04     1.28

SNOWFALL (IN)
  YESTERDAY        0.0           9.1  2011   0.2   -0.2      0.0
  MONTH TO DATE    0.0                       0.2   -0.2      0.0
  SINCE JAN 1      3.1                       5.1   -2.0      2.2
  SINCE JUL 1      5.2                      11.6   -6.4      5.3
  SNOW DEPTH       0

DEGREE DAYS
 HEATING
  YESTERDAY       35                        34      1       29
  MONTH TO DATE   35                        34      1       29
  SINCE DEC 1   2105                      2150    -45     2063
  SINCE JUL 1   2928                      3144   -216     2636

 COOLING
  YESTERDAY        0                         0      0        0
  MONTH TO DATE    0                         0      0        0
  SINCE DEC 1      0                         0      0        0
  SINCE JAN 1      0                         0      0        0
..................................................................


WIND (MPH)
  HIGHEST WIND SPEED    26   HIGHEST WIND DIRECTION     N (360)
  HIGHEST GUST SPEED    31   HIGHEST GUST DIRECTION     N (360)
  AVERAGE WIND SPEED    12.0


SKY COVER
  AVERAGE SKY COVER 0.4


WEATHER CONDITIONS
 THE FOLLOWING WEATHER WAS RECORDED YESTERDAY.
  NO SIGNIFICANT WEATHER WAS OBSERVED.


RELATIVE HUMIDITY (PERCENT)
 HIGHEST    64          1200 AM
 LOWEST     31           300 PM
 AVERAGE    48

..........................................................


THE TOPEKA KS CLIMATE NORMALS FOR TODAY
                         NORMAL    RECORD    YEAR
 MAXIMUM TEMPERATURE (F)   42        72      1924
 MINIMUM TEMPERATURE (F)   21       -15      1905


SUNRISE AND SUNSET
FEBRUARY  2 2018......SUNRISE   728 AM CST   SUNSET   545 PM CST
FEBRUARY  3 2018......SUNRISE   727 AM CST   SUNSET   546 PM CST


-  INDICATES NEGATIVE NUMBERS.
R  INDICATES RECORD WAS SET OR TIED.
MM INDICATES DATA IS MISSING.
T  INDICATES TRACE AMOUNT.




$$
