000
CDUS43 KTOP 020636
CLITOP


CLIMATE REPORT
NATIONAL WEATHER SERVICE TOPEKA KS
1234 AM CST MON JAN 2 2017


...................................

...THE TOPEKA KS CLIMATE SUMMARY FOR JANUARY 1 2017...

CLIMATE NORMAL PERIOD 1981 TO 2010
CLIMATE RECORD PERIOD 1887 TO 2017


WEATHER ITEM   OBSERVED TIME   RECORD YEAR NORMAL DEPARTURE LAST
                VALUE   (LST)  VALUE       VALUE  FROM      YEAR
                                                  NORMAL
..................................................................
TEMPERATURE (F)
 YESTERDAY
  MAXIMUM         46    329 PM  67    2005  39      7       42
  MINIMUM         18    647 AM -20    1974  20     -2       22
  AVERAGE         32                        30      2       32

PRECIPITATION (IN)
  YESTERDAY        0.00          1.34 1891   0.03  -0.03     0.00
  MONTH TO DATE    0.00                      0.03  -0.03     0.00
  SINCE DEC 1      1.05                      1.38  -0.33     2.71
  SINCE JAN 1      0.00                      0.03  -0.03     0.00

SNOWFALL (IN)
  YESTERDAY        0.0           7.5  1891   0.2   -0.2      0.0
  MONTH TO DATE    0.0                       0.2   -0.2      0.0
  SINCE JAN 1      0.0                       0.2   -0.2      0.0
  SINCE JUL 1      3.1                       6.7   -3.6      1.2
  SNOW DEPTH       0

DEGREE DAYS
 HEATING
  YESTERDAY       33                        35     -2       33
  MONTH TO DATE   33                        35     -2       33
  SINCE DEC 1   1092                      1058     34      804
  SINCE JUL 1   1665                      2052   -387     1540

 COOLING
  YESTERDAY        0                         0      0        0
  MONTH TO DATE    0                         0      0        0
  SINCE DEC 1      0                         0      0        0
  SINCE JAN 1      0                         0      0        0
..................................................................


WIND (MPH)
  HIGHEST WIND SPEED    14   HIGHEST WIND DIRECTION     E (80)
  HIGHEST GUST SPEED    18   HIGHEST GUST DIRECTION     E (70)
  AVERAGE WIND SPEED     5.3


SKY COVER
  AVERAGE SKY COVER 0.4


WEATHER CONDITIONS
 THE FOLLOWING WEATHER WAS RECORDED YESTERDAY.
  FOG
  HAZE


RELATIVE HUMIDITY (PERCENT)
 HIGHEST    91           300 AM
 LOWEST     49           400 PM
 AVERAGE    70

..........................................................


THE TOPEKA KS CLIMATE NORMALS FOR TODAY
                         NORMAL    RECORD    YEAR
 MAXIMUM TEMPERATURE (F)   39        74      1939
 MINIMUM TEMPERATURE (F)   20       -16      1979


SUNRISE AND SUNSET
JANUARY  2 2017.......SUNRISE   742 AM CST   SUNSET   512 PM CST
JANUARY  3 2017.......SUNRISE   742 AM CST   SUNSET   513 PM CST


-  INDICATES NEGATIVE NUMBERS.
R  INDICATES RECORD WAS SET OR TIED.
MM INDICATES DATA IS MISSING.
T  INDICATES TRACE AMOUNT.




$$
