000
CDUS43 KTOP 202232
CLITOP


CLIMATE REPORT
NATIONAL WEATHER SERVICE TOPEKA KS
431 PM CST MON NOV 20 2017


...................................

...THE TOPEKA KS CLIMATE SUMMARY FOR NOVEMBER 20 2017...
VALID TODAY AS OF 430 PM LOCAL TIME.

CLIMATE NORMAL PERIOD 1981 TO 2010
CLIMATE RECORD PERIOD 1887 TO 2017


WEATHER ITEM   OBSERVED TIME   RECORD YEAR NORMAL DEPARTURE LAST
                VALUE   (LST)  VALUE       VALUE  FROM      YEAR
                                                  NORMAL
..................................................................
TEMPERATURE (F)
 TODAY
  MAXIMUM         65    246 PM  82    1897  52     13       54
  MINIMUM         42    754 AM  11    1937  31     11       25
  AVERAGE         54                        42     12       40

PRECIPITATION (IN)
  TODAY            0.00          1.65 1973   0.05  -0.05     0.00
  MONTH TO DATE    0.10                      1.31  -1.21     0.06
  SINCE SEP 1      4.82                      8.00  -3.18     9.16
  SINCE JAN 1     38.29                     34.57   3.72    42.05

SNOWFALL (IN)
  TODAY            0.0           0.7  1906   0.0    0.0      0.0
  MONTH TO DATE    T                         0.4   -0.4      0.0
  SINCE JAN 1      3.9                      12.0   -8.1      3.7
  SINCE JUL 1      0.4                       0.7   -0.3       T
  SNOW DEPTH       0

DEGREE DAYS
 HEATING
  TODAY           11                        23    -12       25
  MONTH TO DATE  407                       373     34      231
  SINCE SEP 1    662                       727    -65      387
  SINCE JUL 1    662                       729    -67      387

 COOLING
  TODAY            0                         0      0        0
  MONTH TO DATE    0                         0      0       13
  SINCE SEP 1    283                       192     91      310
  SINCE JAN 1   1473                      1420     53     1711
..................................................................


WIND (MPH)
  HIGHEST WIND SPEED    26   HIGHEST WIND DIRECTION    SW (220)
  HIGHEST GUST SPEED    37   HIGHEST GUST DIRECTION    SW (220)
  AVERAGE WIND SPEED    13.9



WEATHER CONDITIONS
 THE FOLLOWING WEATHER WAS RECORDED TODAY.
  NO SIGNIFICANT WEATHER WAS OBSERVED.


RELATIVE HUMIDITY (PERCENT)
 HIGHEST    57           800 AM
 LOWEST     24           200 PM
 AVERAGE    41

..........................................................


THE TOPEKA KS CLIMATE NORMALS FOR TOMORROW
                         NORMAL    RECORD    YEAR
 MAXIMUM TEMPERATURE (F)   52        75      2012
 MINIMUM TEMPERATURE (F)   30         7      1937


SUNRISE AND SUNSET
NOVEMBER 20 2017......SUNRISE   711 AM CST   SUNSET   505 PM CST
NOVEMBER 21 2017......SUNRISE   712 AM CST   SUNSET   504 PM CST


-  INDICATES NEGATIVE NUMBERS.
R  INDICATES RECORD WAS SET OR TIED.
MM INDICATES DATA IS MISSING.
T  INDICATES TRACE AMOUNT.




$$
