279
CDUS43 KTOP 050642
CLITOP


CLIMATE REPORT
NATIONAL WEATHER SERVICE TOPEKA KS
142 AM CDT THU MAY 5 2016


...................................

...THE TOPEKA KS CLIMATE SUMMARY FOR MAY 4 2016...

CLIMATE NORMAL PERIOD 1981 TO 2010
CLIMATE RECORD PERIOD 1887 TO 2016


WEATHER ITEM   OBSERVED TIME   RECORD YEAR NORMAL DEPARTURE LAST
                VALUE   (LST)  VALUE       VALUE  FROM      YEAR
                                                  NORMAL
..................................................................
TEMPERATURE (F)
 YESTERDAY
  MAXIMUM         72    255 PM  92    1943  72      0       85
  MINIMUM         47   1159 PM  28    1907  50     -3       62
  AVERAGE         60                        61     -1       74

PRECIPITATION (IN)
  YESTERDAY        0.00          3.84 1892   0.16  -0.16     0.26
  MONTH TO DATE    T                         0.61  -0.61     0.36
  SINCE MAR 1      9.22                      6.63   2.59     3.53
  SINCE JAN 1     10.49                      8.81   1.68     5.52

SNOWFALL (IN)
  YESTERDAY        0.0           T    2013   0.0    0.0      0.0
                                      1991
  MONTH TO DATE    0.0                       0.0    0.0      0.0
  SINCE JAN 1      3.7                      11.3   -7.6      7.9
  SINCE JUL 1      4.9                      17.8  -12.9     10.3
  SNOW DEPTH       0

DEGREE DAYS
 HEATING
  YESTERDAY        5                         5      0        0
  MONTH TO DATE   39                        23     16        4
  SINCE MAR 1    676                       973   -297      785
  SINCE JUL 1   3928                      4940  -1012     4786

 COOLING
  YESTERDAY        0                         2     -2        9
  MONTH TO DATE    0                         6     -6       21
  SINCE MAR 1     18                        34    -16       26
  SINCE JAN 1     18                        34    -16       26
..................................................................


WIND (MPH)
  HIGHEST WIND SPEED    22   HIGHEST WIND DIRECTION     N (360)
  HIGHEST GUST SPEED    29   HIGHEST GUST DIRECTION     N (360)
  AVERAGE WIND SPEED     9.5


SKY COVER
  AVERAGE SKY COVER 0.0


WEATHER CONDITIONS
 THE FOLLOWING WEATHER WAS RECORDED YESTERDAY.
  NO SIGNIFICANT WEATHER WAS OBSERVED.


RELATIVE HUMIDITY (PERCENT)
 HIGHEST    83          1200 AM
 LOWEST     29           400 PM
 AVERAGE    56

..........................................................


THE TOPEKA KS CLIMATE NORMALS FOR TODAY
                         NORMAL    RECORD    YEAR
 MAXIMUM TEMPERATURE (F)   73        97      1940
 MINIMUM TEMPERATURE (F)   51        32      1944


SUNRISE AND SUNSET
MAY  5 2016...........SUNRISE   619 AM CDT   SUNSET   820 PM CDT
MAY  6 2016...........SUNRISE   618 AM CDT   SUNSET   821 PM CDT


-  INDICATES NEGATIVE NUMBERS.
R  INDICATES RECORD WAS SET OR TIED.
MM INDICATES DATA IS MISSING.
T  INDICATES TRACE AMOUNT.




$$
