000
CDUS43 KTOP 110635
CLITOP


CLIMATE REPORT
NATIONAL WEATHER SERVICE TOPEKA KS
1235 AM CST SAT NOV 11 2017


...................................

...THE TOPEKA KS CLIMATE SUMMARY FOR NOVEMBER 10 2017...

CLIMATE NORMAL PERIOD 1981 TO 2010
CLIMATE RECORD PERIOD 1887 TO 2017


WEATHER ITEM   OBSERVED TIME   RECORD YEAR NORMAL DEPARTURE LAST
                VALUE   (LST)  VALUE       VALUE  FROM      YEAR
                                                  NORMAL
..................................................................
TEMPERATURE (F)
 YESTERDAY
  MAXIMUM         42    424 PM  82    1927  58    -16       72
  MINIMUM         26    418 AM  13    1960  36    -10       32
  AVERAGE         34                        47    -13       52

PRECIPITATION (IN)
  YESTERDAY        0.00          0.44 2004   0.07  -0.07     0.00
  MONTH TO DATE    T                         0.73  -0.73     0.06
  SINCE SEP 1      4.72                      7.42  -2.70     9.16
  SINCE JAN 1     38.19                     33.99   4.20    42.05

SNOWFALL (IN)
  YESTERDAY        0.0           0.6  1995   0.0    0.0      0.0
  MONTH TO DATE    T                         0.1   -0.1      0.0
  SINCE JAN 1      3.9                      11.7   -7.8      3.7
  SINCE JUL 1      0.4                       0.4    0.0       T
  SNOW DEPTH       0

DEGREE DAYS
 HEATING
  YESTERDAY       31                        18     13       13
  MONTH TO DATE  235                       163     72       80
  SINCE SEP 1    490                       517    -27      236
  SINCE JUL 1    490                       519    -29      236

 COOLING
  YESTERDAY        0                         0      0        0
  MONTH TO DATE    0                         0      0        7
  SINCE SEP 1    283                       192     91      304
  SINCE JAN 1   1473                      1420     53     1705
..................................................................


WIND (MPH)
  HIGHEST WIND SPEED    16   HIGHEST WIND DIRECTION    SE (120)
  HIGHEST GUST SPEED    20   HIGHEST GUST DIRECTION     E (110)
  AVERAGE WIND SPEED     9.7


SKY COVER
  AVERAGE SKY COVER 0.5


WEATHER CONDITIONS
 THE FOLLOWING WEATHER WAS RECORDED YESTERDAY.
  NO SIGNIFICANT WEATHER WAS OBSERVED.


RELATIVE HUMIDITY (PERCENT)
 HIGHEST    64           800 PM
 LOWEST     44          1200 PM
 AVERAGE    54

..........................................................


THE TOPEKA KS CLIMATE NORMALS FOR TODAY
                         NORMAL    RECORD    YEAR
 MAXIMUM TEMPERATURE (F)   57        80      1949
 MINIMUM TEMPERATURE (F)   35         8      1986


SUNRISE AND SUNSET
NOVEMBER 11 2017......SUNRISE   701 AM CST   SUNSET   511 PM CST
NOVEMBER 12 2017......SUNRISE   703 AM CST   SUNSET   510 PM CST


-  INDICATES NEGATIVE NUMBERS.
R  INDICATES RECORD WAS SET OR TIED.
MM INDICATES DATA IS MISSING.
T  INDICATES TRACE AMOUNT.




$$
