000
CDUS43 KTOP 080633
CLITOP


CLIMATE REPORT
NATIONAL WEATHER SERVICE TOPEKA KS
131 AM CDT MON SEP 8 2014


...................................

...THE TOPEKA KS CLIMATE SUMMARY FOR SEPTEMBER 7 2014...

CLIMATE NORMAL PERIOD 1981 TO 2010
CLIMATE RECORD PERIOD 1887 TO 2014


WEATHER ITEM   OBSERVED TIME   RECORD YEAR NORMAL DEPARTURE LAST
                VALUE   (LST)  VALUE       VALUE  FROM      YEAR
                                                  NORMAL
..................................................................
TEMPERATURE (F)
 YESTERDAY
  MAXIMUM         79    442 PM 106    1947  84     -5      100
  MINIMUM         52    449 AM  42    1956  60     -8       69
  AVERAGE         66                        72     -6       85

PRECIPITATION (IN)
  YESTERDAY        0.00          3.80 1909   0.12  -0.12     0.00
  MONTH TO DATE    3.72                      0.84   2.88     0.29
  SINCE SEP 1      3.72                      0.84   2.88     0.29
  SINCE JAN 1     23.56                     27.41  -3.85    24.76

SNOWFALL (IN)
  YESTERDAY        0.0           T    1914   0.0    0.0      0.0
  MONTH TO DATE    0.0                       0.0    0.0      0.0
  SINCE JAN 1     23.1                      11.3   11.8     24.2
  SINCE JUL 1      T                         0.0    0.0      0.0
  SNOW DEPTH       0

DEGREE DAYS
 HEATING
  YESTERDAY        0                         1     -1        0
  MONTH TO DATE    0                         2     -2        0
  SINCE SEP 1      0                         2     -2        0
  SINCE JUL 1      0                         4     -4        0

 COOLING
  YESTERDAY        1                         8     -7       20
  MONTH TO DATE   68                        60      8       81
  SINCE SEP 1     68                        60      8       81
  SINCE JAN 1   1478                      1288    190     1375
..................................................................


WIND (MPH)
  HIGHEST WIND SPEED    10   HIGHEST WIND DIRECTION     E (100)
  HIGHEST GUST SPEED    13   HIGHEST GUST DIRECTION    SE (130)
  AVERAGE WIND SPEED     3.2


SKY COVER
  AVERAGE SKY COVER 0.1


WEATHER CONDITIONS
 THE FOLLOWING WEATHER WAS RECORDED YESTERDAY.
  FOG
  FOG W/VISIBILITY <= 1/4 MILE


RELATIVE HUMIDITY (PERCENT)
 HIGHEST   100           300 AM
 LOWEST     42           300 PM
 AVERAGE    71

..........................................................


THE TOPEKA KS CLIMATE NORMALS FOR TODAY
                         NORMAL    RECORD    YEAR
 MAXIMUM TEMPERATURE (F)   84       104      2013
 MINIMUM TEMPERATURE (F)   60        41      1986


SUNRISE AND SUNSET
SEPTEMBER  8 2014.....SUNRISE   658 AM CDT   SUNSET   742 PM CDT
SEPTEMBER  9 2014.....SUNRISE   658 AM CDT   SUNSET   740 PM CDT


-  INDICATES NEGATIVE NUMBERS.
R  INDICATES RECORD WAS SET OR TIED.
MM INDICATES DATA IS MISSING.
T  INDICATES TRACE AMOUNT.




$$
