000
CDUS43 KTOP 080641
CLITOP


CLIMATE REPORT
NATIONAL WEATHER SERVICE TOPEKA KS
139 AM CDT MON MAY 8 2017


...................................

...THE TOPEKA KS CLIMATE SUMMARY FOR MAY 7 2017...

CLIMATE NORMAL PERIOD 1981 TO 2010
CLIMATE RECORD PERIOD 1887 TO 2017


WEATHER ITEM   OBSERVED TIME   RECORD YEAR NORMAL DEPARTURE LAST
                VALUE   (LST)  VALUE       VALUE  FROM      YEAR
                                                  NORMAL
..................................................................
TEMPERATURE (F)
 YESTERDAY
  MAXIMUM         85    255 PM  94    1934  73     12       88
  MINIMUM         50    543 AM  32    1989  51     -1       59
                                      1890
  AVERAGE         68                        62      6       74

PRECIPITATION (IN)
  YESTERDAY        0.00          2.62 2007   0.15  -0.15     0.00
  MONTH TO DATE    0.25                      1.07  -0.82      T
  SINCE MAR 1     10.32                      7.09   3.23     9.22
  SINCE JAN 1     11.71                      9.27   2.44    10.49

SNOWFALL (IN)
  YESTERDAY        0.0           T    1975   0.0    0.0      0.0
  MONTH TO DATE    0.0                       0.0    0.0      0.0
  SINCE JAN 1      3.5                      11.3   -7.8      3.7
  SINCE JUL 1      6.6                      17.8  -11.2      4.9
  SNOW DEPTH       0

DEGREE DAYS
 HEATING
  YESTERDAY        0                         5     -5        0
  MONTH TO DATE   49                        38     11       42
  SINCE MAR 1    794                       988   -194      679
  SINCE JUL 1   3975                      4955   -980     3931

 COOLING
  YESTERDAY        3                         2      1        9
  MONTH TO DATE    3                        12     -9       10
  SINCE MAR 1     40                        40      0       28
  SINCE JAN 1     40                        40      0       28
..................................................................


WIND (MPH)
  HIGHEST WIND SPEED    17   HIGHEST WIND DIRECTION    SE (150)
  HIGHEST GUST SPEED    24   HIGHEST GUST DIRECTION    SE (150)
  AVERAGE WIND SPEED     7.3


SKY COVER
  AVERAGE SKY COVER 0.0


WEATHER CONDITIONS
 THE FOLLOWING WEATHER WAS RECORDED YESTERDAY.
  NO SIGNIFICANT WEATHER WAS OBSERVED.


RELATIVE HUMIDITY (PERCENT)
 HIGHEST    89           400 AM
 LOWEST     34           300 PM
 AVERAGE    62

..........................................................


THE TOPEKA KS CLIMATE NORMALS FOR TODAY
                         NORMAL    RECORD    YEAR
 MAXIMUM TEMPERATURE (F)   74        95      1934
 MINIMUM TEMPERATURE (F)   52        32      1980


SUNRISE AND SUNSET
MAY  8 2017...........SUNRISE   616 AM CDT   SUNSET   822 PM CDT
MAY  9 2017...........SUNRISE   615 AM CDT   SUNSET   823 PM CDT


-  INDICATES NEGATIVE NUMBERS.
R  INDICATES RECORD WAS SET OR TIED.
MM INDICATES DATA IS MISSING.
T  INDICATES TRACE AMOUNT.




$$
