000
CDUS43 KTOP 110640
CLITOP


CLIMATE REPORT
NATIONAL WEATHER SERVICE TOPEKA KS
1239 AM CST SAT MAR 11 2017


...................................

...THE TOPEKA KS CLIMATE SUMMARY FOR MARCH 10 2017...

CLIMATE NORMAL PERIOD 1981 TO 2010
CLIMATE RECORD PERIOD 1887 TO 2017


WEATHER ITEM   OBSERVED TIME   RECORD YEAR NORMAL DEPARTURE LAST
                VALUE   (LST)  VALUE       VALUE  FROM      YEAR
                                                  NORMAL
..................................................................
TEMPERATURE (F)
 YESTERDAY
  MAXIMUM         45    244 PM  84    1967  54     -9       70
  MINIMUM         26    732 AM   0    1948  31     -5       37
  AVERAGE         36                        43     -7       54

PRECIPITATION (IN)
  YESTERDAY        0.00          0.96 1922   0.07  -0.07     0.00
  MONTH TO DATE    0.15                      0.66  -0.51     0.49
  SINCE MAR 1      0.15                      0.66  -0.51     0.49
  SINCE JAN 1      1.54                      2.84  -1.30     1.76

SNOWFALL (IN)
  YESTERDAY        0.0           2.7  1943   0.0    0.0      0.0
  MONTH TO DATE    T                         0.7   -0.7       T
  SINCE JAN 1      2.2                      10.1   -7.9      2.3
  SINCE JUL 1      5.3                      16.6  -11.3      3.5
  SNOW DEPTH       0

DEGREE DAYS
 HEATING
  YESTERDAY       29                        22      7       11
  MONTH TO DATE  162                       240    -78      133
  SINCE MAR 1    162                       240    -78      133
  SINCE JUL 1   3343                      4207   -864     3385

 COOLING
  YESTERDAY        0                         0      0        0
  MONTH TO DATE    0                         0      0        3
  SINCE MAR 1      0                         0      0        3
  SINCE JAN 1      0                         0      0        3
..................................................................


WIND (MPH)
  HIGHEST WIND SPEED    22   HIGHEST WIND DIRECTION     N (10)
  HIGHEST GUST SPEED    27   HIGHEST GUST DIRECTION     N (10)
  AVERAGE WIND SPEED    12.1


SKY COVER
  AVERAGE SKY COVER 0.4


WEATHER CONDITIONS
 THE FOLLOWING WEATHER WAS RECORDED YESTERDAY.
  NO SIGNIFICANT WEATHER WAS OBSERVED.


RELATIVE HUMIDITY (PERCENT)
 HIGHEST    75           600 AM
 LOWEST     28           300 PM
 AVERAGE    52

..........................................................


THE TOPEKA KS CLIMATE NORMALS FOR TODAY
                         NORMAL    RECORD    YEAR
 MAXIMUM TEMPERATURE (F)   55        85      1972
 MINIMUM TEMPERATURE (F)   32        -6      1948


SUNRISE AND SUNSET
MARCH 11 2017.........SUNRISE   640 AM CST   SUNSET   626 PM CST
MARCH 12 2017.........SUNRISE   738 AM CDT   SUNSET   727 PM CDT


-  INDICATES NEGATIVE NUMBERS.
R  INDICATES RECORD WAS SET OR TIED.
MM INDICATES DATA IS MISSING.
T  INDICATES TRACE AMOUNT.




$$
