000
CDUS43 KTOP 100633
CLITOP


CLIMATE REPORT
NATIONAL WEATHER SERVICE TOPEKA KS
133 AM CDT SUN APR 10 2016


...................................

...THE TOPEKA KS CLIMATE SUMMARY FOR APRIL 9 2016...

CLIMATE NORMAL PERIOD 1981 TO 2010
CLIMATE RECORD PERIOD 1887 TO 2016


WEATHER ITEM   OBSERVED TIME   RECORD YEAR NORMAL DEPARTURE LAST
                VALUE   (LST)  VALUE       VALUE  FROM      YEAR
                                                  NORMAL
..................................................................
TEMPERATURE (F)
 YESTERDAY
  MAXIMUM         65    511 PM  93    1930  65      0       72
  MINIMUM         33    625 AM  23    2003  41     -8       41
                                      1892
  AVERAGE         49                        53     -4       57

PRECIPITATION (IN)
  YESTERDAY        0.00          2.07 1949   0.11  -0.11     0.01
  MONTH TO DATE    0.15                      0.93  -0.78     0.20
  SINCE MAR 1      2.45                      3.42  -0.97     0.97
  SINCE JAN 1      3.72                      5.60  -1.88     2.96

SNOWFALL (IN)
  YESTERDAY        0.0           1.0  1956   0.0    0.0      0.0
  MONTH TO DATE    0.0                       0.2   -0.2      0.0
  SINCE JAN 1      3.7                      11.2   -7.5      7.9
  SINCE JUL 1      4.9                      17.7  -12.8     10.3
  SNOW DEPTH       0

DEGREE DAYS
 HEATING
  YESTERDAY       16                        13      3        8
  MONTH TO DATE   98                       125    -27       67
  SINCE MAR 1    526                       753   -227      620
  SINCE JUL 1   3778                      4720   -942     4621

 COOLING
  YESTERDAY        0                         1     -1        0
  MONTH TO DATE    0                         2     -2        5
  SINCE MAR 1      3                         5     -2        5
  SINCE JAN 1      3                         5     -2        5
..................................................................


WIND (MPH)
  HIGHEST WIND SPEED    25   HIGHEST WIND DIRECTION     S (200)
  HIGHEST GUST SPEED    37   HIGHEST GUST DIRECTION    SW (210)
  AVERAGE WIND SPEED    12.9


SKY COVER
  AVERAGE SKY COVER 0.1


WEATHER CONDITIONS
 THE FOLLOWING WEATHER WAS RECORDED YESTERDAY.
  NO SIGNIFICANT WEATHER WAS OBSERVED.


RELATIVE HUMIDITY (PERCENT)
 HIGHEST    48           200 AM
 LOWEST     23           300 PM
 AVERAGE    36

..........................................................


THE TOPEKA KS CLIMATE NORMALS FOR TODAY
                         NORMAL    RECORD    YEAR
 MAXIMUM TEMPERATURE (F)   65        92      1930
 MINIMUM TEMPERATURE (F)   41        25      1989


SUNRISE AND SUNSET
APRIL 10 2016.........SUNRISE   652 AM CDT   SUNSET   756 PM CDT
APRIL 11 2016.........SUNRISE   651 AM CDT   SUNSET   756 PM CDT


-  INDICATES NEGATIVE NUMBERS.
R  INDICATES RECORD WAS SET OR TIED.
MM INDICATES DATA IS MISSING.
T  INDICATES TRACE AMOUNT.




$$
