000
CDUS43 KTOP 070644
CLITOP


CLIMATE REPORT
NATIONAL WEATHER SERVICE TOPEKA KS
1244 AM CST FRI NOV 7 2014


...................................

...THE TOPEKA KS CLIMATE SUMMARY FOR NOVEMBER 6 2014...

CLIMATE NORMAL PERIOD 1981 TO 2010
CLIMATE RECORD PERIOD 1887 TO 2014


WEATHER ITEM   OBSERVED TIME   RECORD YEAR NORMAL DEPARTURE LAST
                VALUE   (LST)  VALUE       VALUE  FROM      YEAR
                                                  NORMAL
..................................................................
TEMPERATURE (F)
 YESTERDAY
  MAXIMUM         55    236 PM  83    1980  60     -5       46
                                      1915
                                      1891
  MINIMUM         33   1159 PM  13    1959  37     -4       30
  AVERAGE         44                        49     -5       38

PRECIPITATION (IN)
  YESTERDAY        0.00          1.20 1920   0.07  -0.07      T
  MONTH TO DATE    0.04                      0.45  -0.41     0.52
  SINCE SEP 1      8.64                      7.14   1.50     8.62
  SINCE JAN 1     28.48                     33.71  -5.23    33.09

SNOWFALL (IN)
  YESTERDAY        0.0           1.1  1991   0.0    0.0      0.0
  MONTH TO DATE    0.0                       0.1   -0.1      0.0
  SINCE JAN 1     23.1                      11.7   11.4     24.2
  SINCE JUL 1      T                         0.4   -0.4       T
  SNOW DEPTH       0

DEGREE DAYS
 HEATING
  YESTERDAY       21                        17      4       27
  MONTH TO DATE   92                        93     -1       96
  SINCE SEP 1    346                       447   -101      413
  SINCE JUL 1    346                       449   -103      413

 COOLING
  YESTERDAY        0                         0      0        0
  MONTH TO DATE    0                         0      0        0
  SINCE SEP 1    201                       192      9      292
  SINCE JAN 1   1611                      1420    191     1586
..................................................................


WIND (MPH)
  HIGHEST WIND SPEED    20   HIGHEST WIND DIRECTION    NW (330)
  HIGHEST GUST SPEED    26   HIGHEST GUST DIRECTION    NW (320)
  AVERAGE WIND SPEED     7.5


SKY COVER
  AVERAGE SKY COVER 0.0


WEATHER CONDITIONS
 THE FOLLOWING WEATHER WAS RECORDED YESTERDAY.
  NO SIGNIFICANT WEATHER WAS OBSERVED.


RELATIVE HUMIDITY (PERCENT)
 HIGHEST    82          1000 PM
 LOWEST     41           200 PM
 AVERAGE    62

..........................................................


THE TOPEKA KS CLIMATE NORMALS FOR TODAY
                         NORMAL    RECORD    YEAR
 MAXIMUM TEMPERATURE (F)   59        79      2001
 MINIMUM TEMPERATURE (F)   37         8      1991


SUNRISE AND SUNSET
NOVEMBER  7 2014......SUNRISE   657 AM CST   SUNSET   515 PM CST
NOVEMBER  8 2014......SUNRISE   658 AM CST   SUNSET   514 PM CST


-  INDICATES NEGATIVE NUMBERS.
R  INDICATES RECORD WAS SET OR TIED.
MM INDICATES DATA IS MISSING.
T  INDICATES TRACE AMOUNT.




$$
