000
CDUS43 KTOP 160637
CLITOP


CLIMATE REPORT
NATIONAL WEATHER SERVICE TOPEKA KS
1237 AM CST SUN NOV 16 2014


...................................

...THE TOPEKA KS CLIMATE SUMMARY FOR NOVEMBER 15 2014...

CLIMATE NORMAL PERIOD 1981 TO 2010
CLIMATE RECORD PERIOD 1887 TO 2014


WEATHER ITEM   OBSERVED TIME   RECORD YEAR NORMAL DEPARTURE LAST
                VALUE   (LST)  VALUE       VALUE  FROM      YEAR
                                                  NORMAL
..................................................................
TEMPERATURE (F)
 YESTERDAY
  MAXIMUM         32    640 PM  78    1950  55    -23       60
                                      1899
                                      1887
  MINIMUM         22    135 AM   9    1940  33    -11       34
  AVERAGE         27                        44    -17       47

PRECIPITATION (IN)
  YESTERDAY        0.02          4.66 1964   0.06  -0.04     0.00
  MONTH TO DATE    0.06                      1.05  -0.99     0.52
  SINCE SEP 1      8.66                      7.74   0.92     8.62
  SINCE JAN 1     28.50                     34.31  -5.81    33.09

SNOWFALL (IN)
  YESTERDAY        0.2           3.0  1932   0.0    0.2      0.0
  MONTH TO DATE    0.2                       0.2    0.0      0.0
  SINCE JAN 1     23.3                      11.8   11.5     24.2
  SINCE JUL 1      0.2                       0.5   -0.3       T
  SNOW DEPTH       T

DEGREE DAYS
 HEATING
  YESTERDAY       38                        21     17       18
  MONTH TO DATE  346                       262     84      284
  SINCE SEP 1    600                       616    -16      601
  SINCE JUL 1    600                       618    -18      601

 COOLING
  YESTERDAY        0                         0      0        0
  MONTH TO DATE    0                         0      0        0
  SINCE SEP 1    201                       192      9      292
  SINCE JAN 1   1611                      1420    191     1586
..................................................................


WIND (MPH)
  HIGHEST WIND SPEED    13   HIGHEST WIND DIRECTION    SE (150)
  HIGHEST GUST SPEED    16   HIGHEST GUST DIRECTION     S (160)
  AVERAGE WIND SPEED     5.5


SKY COVER
  AVERAGE SKY COVER 0.7


WEATHER CONDITIONS
 THE FOLLOWING WEATHER WAS RECORDED YESTERDAY.
  LIGHT SNOW
  HAZE


RELATIVE HUMIDITY (PERCENT)
 HIGHEST    85           800 PM
 LOWEST     53           900 AM
 AVERAGE    69

..........................................................


THE TOPEKA KS CLIMATE NORMALS FOR TODAY
                         NORMAL    RECORD    YEAR
 MAXIMUM TEMPERATURE (F)   54        79      1963
 MINIMUM TEMPERATURE (F)   33         8      1959
                                             1955
                                             1932


SUNRISE AND SUNSET
NOVEMBER 16 2014......SUNRISE   707 AM CST   SUNSET   508 PM CST
NOVEMBER 17 2014......SUNRISE   708 AM CST   SUNSET   507 PM CST


-  INDICATES NEGATIVE NUMBERS.
R  INDICATES RECORD WAS SET OR TIED.
MM INDICATES DATA IS MISSING.
T  INDICATES TRACE AMOUNT.




$$
