000
CDUS43 KTOP 100633
CLITOP


CLIMATE REPORT
NATIONAL WEATHER SERVICE TOPEKA KS
132 AM CDT SUN AUG 10 2014


...................................

...THE TOPEKA KS CLIMATE SUMMARY FOR AUGUST 9 2014...

CLIMATE NORMAL PERIOD 1981 TO 2010
CLIMATE RECORD PERIOD 1887 TO 2014


WEATHER ITEM   OBSERVED TIME   RECORD YEAR NORMAL DEPARTURE LAST
                VALUE   (LST)  VALUE       VALUE  FROM      YEAR
                                                  NORMAL
..................................................................
TEMPERATURE (F)
 YESTERDAY
  MAXIMUM         87    343 PM 110    1934  90     -3       78
  MINIMUM         69    533 AM  50    1989  68      1       64
  AVERAGE         78                        78      0       71

PRECIPITATION (IN)
  YESTERDAY        0.01          2.18 1968   0.13  -0.12      T
  MONTH TO DATE    1.75                      1.20   0.55     4.08
  SINCE JUN 1      8.93                     10.42  -1.49     9.01
  SINCE JAN 1     16.40                     23.53  -7.13    23.34

SNOWFALL (IN)
  YESTERDAY        0.0           T    1917   0.0    0.0      0.0
  MONTH TO DATE    T                         0.0    0.0      0.0
  SINCE JAN 1     23.1                      11.3   11.8     24.2
  SINCE JUL 1      T                         0.0    0.0      0.0
  SNOW DEPTH       0

DEGREE DAYS
 HEATING
  YESTERDAY        0                         0      0        0
  MONTH TO DATE    0                         0      0        0
  SINCE JUN 1      0                         8     -8        5
  SINCE JUL 1      0                         0      0        0

 COOLING
  YESTERDAY       13                        14     -1        6
  MONTH TO DATE  139                       126     13      104
  SINCE JUN 1    845                       842      3      865
  SINCE JAN 1   1062                       968     94     1010
..................................................................


WIND (MPH)
  HIGHEST WIND SPEED    21   HIGHEST WIND DIRECTION    NW (320)
  HIGHEST GUST SPEED    27   HIGHEST GUST DIRECTION    NW (320)
  AVERAGE WIND SPEED     5.7


SKY COVER
  AVERAGE SKY COVER 0.3


WEATHER CONDITIONS
 THE FOLLOWING WEATHER WAS RECORDED YESTERDAY.
  LIGHT RAIN
  FOG
  HAZE


RELATIVE HUMIDITY (PERCENT)
 HIGHEST    97           100 AM
 LOWEST     61           400 PM
 AVERAGE    79

..........................................................


THE TOPEKA KS CLIMATE NORMALS FOR TODAY
                         NORMAL    RECORD    YEAR
 MAXIMUM TEMPERATURE (F)   89       112      1934
 MINIMUM TEMPERATURE (F)   67        51      1989


SUNRISE AND SUNSET
AUGUST 10 2014........SUNRISE   631 AM CDT   SUNSET   824 PM CDT
AUGUST 11 2014........SUNRISE   632 AM CDT   SUNSET   823 PM CDT


-  INDICATES NEGATIVE NUMBERS.
R  INDICATES RECORD WAS SET OR TIED.
MM INDICATES DATA IS MISSING.
T  INDICATES TRACE AMOUNT.




$$
