000
CDUS43 KTOP 012137
CLITOP


CLIMATE REPORT
NATIONAL WEATHER SERVICE TOPEKA KS
436 PM CDT SUN OCT 1 2017


...................................

...THE TOPEKA KS CLIMATE SUMMARY FOR OCTOBER 1 2017...
VALID TODAY AS OF 0400 PM LOCAL TIME.

CLIMATE NORMAL PERIOD 1981 TO 2010
CLIMATE RECORD PERIOD 1887 TO 2017


WEATHER ITEM   OBSERVED TIME   RECORD YEAR NORMAL DEPARTURE LAST
                VALUE   (LST)  VALUE       VALUE  FROM      YEAR
                                                  NORMAL
..................................................................
TEMPERATURE (F)
 TODAY
  MAXIMUM         81    241 PM  95    1976  74      7       74
  MINIMUM         62    130 AM  29    1985  50     12       48
                                      1984
  AVERAGE         72                        62     10       61

PRECIPITATION (IN)
  TODAY            0.00          3.31 2005   0.12  -0.12     0.00
  MONTH TO DATE    0.00                      0.12  -0.12     0.00
  SINCE SEP 1      1.78                      3.78  -2.00     7.78
  SINCE JAN 1     35.25                     30.35   4.90    40.67

SNOWFALL (IN)
  TODAY            0.0           0.0    MM   0.0    0.0      0.0
  MONTH TO DATE    0.0                       0.0    0.0      0.0
  SINCE JAN 1      3.5                      11.3   -7.8      3.7
  SINCE JUL 1      T                         0.0    0.0       T
  SNOW DEPTH       0

DEGREE DAYS
 HEATING
  TODAY            0                         5     -5        4
  MONTH TO DATE    0                         5     -5        4
  SINCE SEP 1     13                        70    -57       24
  SINCE JUL 1     13                        72    -59       24

 COOLING
  TODAY            7                         2      5        0
  MONTH TO DATE    7                         2      5        0
  SINCE SEP 1    235                       167     68      244
  SINCE JAN 1   1425                      1395     30     1645
..................................................................


WIND (MPH)
  HIGHEST WIND SPEED    23   HIGHEST WIND DIRECTION     S (160)
  HIGHEST GUST SPEED    30   HIGHEST GUST DIRECTION     S (190)
  AVERAGE WIND SPEED    12.5



WEATHER CONDITIONS
 THE FOLLOWING WEATHER WAS RECORDED TODAY.
  NO SIGNIFICANT WEATHER WAS OBSERVED.


RELATIVE HUMIDITY (PERCENT)
 HIGHEST    73          1200 AM
 LOWEST     39           100 PM
 AVERAGE    56

..........................................................


THE TOPEKA KS CLIMATE NORMALS FOR TOMORROW
                         NORMAL    RECORD    YEAR
 MAXIMUM TEMPERATURE (F)   74        95      1963
                                             1953
 MINIMUM TEMPERATURE (F)   49        32      2004


SUNRISE AND SUNSET
OCTOBER  1 2017.......SUNRISE   719 AM CDT   SUNSET   705 PM CDT
OCTOBER  2 2017.......SUNRISE   720 AM CDT   SUNSET   703 PM CDT


-  INDICATES NEGATIVE NUMBERS.
R  INDICATES RECORD WAS SET OR TIED.
MM INDICATES DATA IS MISSING.
T  INDICATES TRACE AMOUNT.

$$
