000
CDUS43 KTOP 040640
CLITOP


CLIMATE REPORT
NATIONAL WEATHER SERVICE TOPEKA KS
1240 AM CST SAT FEB 4 2017


...................................

...THE TOPEKA KS CLIMATE SUMMARY FOR FEBRUARY 3 2017...

CLIMATE NORMAL PERIOD 1981 TO 2010
CLIMATE RECORD PERIOD 1887 TO 2017


WEATHER ITEM   OBSERVED TIME   RECORD YEAR NORMAL DEPARTURE LAST
                VALUE   (LST)  VALUE       VALUE  FROM      YEAR
                                                  NORMAL
..................................................................
TEMPERATURE (F)
 YESTERDAY
  MAXIMUM         37    300 PM  75    1934  42     -5       37
  MINIMUM         23    656 AM  -9    1996  21      2       20
  AVERAGE         30                        31     -1       29

PRECIPITATION (IN)
  YESTERDAY        T             1.21 2012   0.04  -0.04     0.00
  MONTH TO DATE    T                         0.12  -0.12     0.35
  SINCE DEC 1      2.33                      2.33   0.00     3.96
  SINCE JAN 1      1.28                      0.98   0.30     1.25

SNOWFALL (IN)
  YESTERDAY        T             8.0  1901   0.2   -0.2      0.0
  MONTH TO DATE    T                         0.6   -0.6       T
  SINCE JAN 1      2.2                       5.5   -3.3      2.1
  SINCE JUL 1      5.3                      12.0   -6.7      3.3
  SNOW DEPTH       0

DEGREE DAYS
 HEATING
  YESTERDAY       35                        34      1       36
  MONTH TO DATE  102                       102      0       78
  SINCE DEC 1   2136                      2218    -82     1898
  SINCE JUL 1   2709                      3212   -503     2634

 COOLING
  YESTERDAY        0                         0      0        0
  MONTH TO DATE    0                         0      0        0
  SINCE DEC 1      0                         0      0        0
  SINCE JAN 1      0                         0      0        0
..................................................................


WIND (MPH)
  HIGHEST WIND SPEED    14   HIGHEST WIND DIRECTION     N (340)
  HIGHEST GUST SPEED    17   HIGHEST GUST DIRECTION     N (360)
  AVERAGE WIND SPEED     5.2


SKY COVER
  AVERAGE SKY COVER 0.4


WEATHER CONDITIONS
 THE FOLLOWING WEATHER WAS RECORDED YESTERDAY.
  LIGHT SNOW


RELATIVE HUMIDITY (PERCENT)
 HIGHEST    74           200 AM
 LOWEST     38           200 PM
 AVERAGE    56

..........................................................


THE TOPEKA KS CLIMATE NORMALS FOR TODAY
                         NORMAL    RECORD    YEAR
 MAXIMUM TEMPERATURE (F)   42        74      1946
 MINIMUM TEMPERATURE (F)   21       -13      1905


SUNRISE AND SUNSET
FEBRUARY  4 2017......SUNRISE   726 AM CST   SUNSET   547 PM CST
FEBRUARY  5 2017......SUNRISE   725 AM CST   SUNSET   549 PM CST


-  INDICATES NEGATIVE NUMBERS.
R  INDICATES RECORD WAS SET OR TIED.
MM INDICATES DATA IS MISSING.
T  INDICATES TRACE AMOUNT.




$$
