000
CDUS43 KTOP 312131
CLITOP


CLIMATE REPORT
NATIONAL WEATHER SERVICE TOPEKA KS
431 PM CDT FRI MAR 31 2017


...................................

...THE TOPEKA KS CLIMATE SUMMARY FOR MARCH 31 2017...
VALID TODAY AS OF 0400 PM LOCAL TIME.

CLIMATE NORMAL PERIOD 1981 TO 2010
CLIMATE RECORD PERIOD 1887 TO 2017


WEATHER ITEM   OBSERVED TIME   RECORD YEAR NORMAL DEPARTURE LAST
                VALUE   (LST)  VALUE       VALUE  FROM      YEAR
                                                  NORMAL
..................................................................
TEMPERATURE (F)
 TODAY
  MAXIMUM         50    259 PM  93    1946  62    -12       62
  MINIMUM         43    742 AM  17    1899  38      5       42
  AVERAGE         47                        50     -3       52

PRECIPITATION (IN)
  TODAY            T             2.69 1927   0.11  -0.11     0.00
  MONTH TO DATE    4.03                      2.49   1.54     2.30
  SINCE MAR 1      4.03                      2.49   1.54     2.30
  SINCE JAN 1      5.42                      4.67   0.75     3.57

SNOWFALL (IN)
  TODAY            0.0           3.0  1972   0.0    0.0      0.0
  MONTH TO DATE    1.3                       1.6   -0.3      1.4
  SINCE JAN 1      3.5                      11.0   -7.5      3.7
  SINCE JUL 1      6.6                      17.5  -10.9      4.9
  SNOW DEPTH       0

DEGREE DAYS
 HEATING
  TODAY           18                        15      3       13
  MONTH TO DATE  500                       628   -128      428
  SINCE MAR 1    500                       628   -128      428
  SINCE JUL 1   3681                      4595   -914     3680

 COOLING
  TODAY            0                         0      0        0
  MONTH TO DATE    9                         3      6        3
  SINCE MAR 1      9                         3      6        3
  SINCE JAN 1      9                         3      6        3
..................................................................


WIND (MPH)
  HIGHEST WIND SPEED    13   HIGHEST WIND DIRECTION     N (360)
  HIGHEST GUST SPEED    16   HIGHEST GUST DIRECTION     N (360)
  AVERAGE WIND SPEED     7.2



WEATHER CONDITIONS
 THE FOLLOWING WEATHER WAS RECORDED TODAY.
  NO SIGNIFICANT WEATHER WAS OBSERVED.


RELATIVE HUMIDITY (PERCENT)
 HIGHEST   100          1200 AM
 LOWEST     80          1200 PM
 AVERAGE    90

..........................................................


THE TOPEKA KS CLIMATE NORMALS FOR TOMORROW
                         NORMAL    RECORD    YEAR
 MAXIMUM TEMPERATURE (F)   62        91      1940
 MINIMUM TEMPERATURE (F)   38        20      1936


SUNRISE AND SUNSET
MARCH 31 2017.........SUNRISE   708 AM CDT   SUNSET   746 PM CDT
APRIL  1 2017.........SUNRISE   707 AM CDT   SUNSET   747 PM CDT


-  INDICATES NEGATIVE NUMBERS.
R  INDICATES RECORD WAS SET OR TIED.
MM INDICATES DATA IS MISSING.
T  INDICATES TRACE AMOUNT.




$$
