000
CDUS43 KTOP 022144
CLITOP


CLIMATE REPORT
NATIONAL WEATHER SERVICE TOPEKA KS
432 PM CDT SUN APR 2 2017


...................................

...THE TOPEKA KS CLIMATE SUMMARY FOR APRIL 2 2017...
VALID TODAY AS OF 0400 PM LOCAL TIME.

CLIMATE NORMAL PERIOD 1981 TO 2010
CLIMATE RECORD PERIOD 1887 TO 2017


WEATHER ITEM   OBSERVED TIME   RECORD YEAR NORMAL DEPARTURE LAST
                VALUE   (LST)  VALUE       VALUE  FROM      YEAR
                                                  NORMAL
..................................................................
TEMPERATURE (F)
 TODAY
  MAXIMUM         59    159 PM  90    1889  63     -4       67
  MINIMUM         48    141 AM  14    1970  39      9       29
  AVERAGE         54                        51      3       48

PRECIPITATION (IN)
  TODAY            0.02          1.06 1956   0.10  -0.08     0.00
  MONTH TO DATE    0.07                      0.20  -0.13      T
  SINCE MAR 1      4.10                      2.69   1.41     2.30
  SINCE JAN 1      5.49                      4.87   0.62     3.57

SNOWFALL (IN)
  TODAY            0.0           7.0  1926   0.1   -0.1      0.0
  MONTH TO DATE    0.0                       0.1   -0.1      0.0
  SINCE JAN 1      3.5                      11.1   -7.6      3.7
  SINCE JUL 1      6.6                      17.6  -11.0      4.9
  SNOW DEPTH       0

DEGREE DAYS
 HEATING
  TODAY           11                        15     -4       17
  MONTH TO DATE   27                        30     -3       37
  SINCE MAR 1    527                       658   -131      465
  SINCE JUL 1   3708                      4625   -917     3717

 COOLING
  TODAY            0                         0      0        0
  MONTH TO DATE    0                         0      0        0
  SINCE MAR 1      9                         3      6        3
  SINCE JAN 1      9                         3      6        3
..................................................................


WIND (MPH)
  HIGHEST WIND SPEED     8   HIGHEST WIND DIRECTION     E (70)
  HIGHEST GUST SPEED    10   HIGHEST GUST DIRECTION     E (90)
  AVERAGE WIND SPEED     3.4



WEATHER CONDITIONS
 THE FOLLOWING WEATHER WAS RECORDED TODAY.
  LIGHT RAIN
  FOG


RELATIVE HUMIDITY (PERCENT)
 HIGHEST   100           400 AM
 LOWEST     93           100 AM
 AVERAGE    97

..........................................................


THE TOPEKA KS CLIMATE NORMALS FOR TOMORROW
                         NORMAL    RECORD    YEAR
 MAXIMUM TEMPERATURE (F)   63        92      2011
 MINIMUM TEMPERATURE (F)   39        10      1975


SUNRISE AND SUNSET
APRIL  2 2017.........SUNRISE   705 AM CDT   SUNSET   748 PM CDT
APRIL  3 2017.........SUNRISE   704 AM CDT   SUNSET   748 PM CDT


-  INDICATES NEGATIVE NUMBERS.
R  INDICATES RECORD WAS SET OR TIED.
MM INDICATES DATA IS MISSING.
T  INDICATES TRACE AMOUNT.




$$
