000
CDUS43 KTOP 250646
CLITOP


CLIMATE REPORT
NATIONAL WEATHER SERVICE TOPEKA KS
1245 AM CST TUE NOV 25 2014


...................................

...THE TOPEKA KS CLIMATE SUMMARY FOR NOVEMBER 24 2014...

CLIMATE NORMAL PERIOD 1981 TO 2010
CLIMATE RECORD PERIOD 1887 TO 2014


WEATHER ITEM   OBSERVED TIME   RECORD YEAR NORMAL DEPARTURE LAST
                VALUE   (LST)  VALUE       VALUE  FROM      YEAR
                                                  NORMAL
..................................................................
TEMPERATURE (F)
 YESTERDAY
  MAXIMUM         45    307 PM  76    1990  50     -5       29
  MINIMUM         28    859 PM   9    1898  29     -1       14
  AVERAGE         37                        40     -3       22

PRECIPITATION (IN)
  YESTERDAY        0.00          0.68 2001   0.06  -0.06     0.00
  MONTH TO DATE    0.42                      1.53  -1.11     0.88
  SINCE SEP 1      9.02                      8.22   0.80     8.98
  SINCE JAN 1     28.86                     34.79  -5.93    33.45

SNOWFALL (IN)
  YESTERDAY        0.0           2.7  2004   0.1   -0.1      0.0
  MONTH TO DATE    0.4                       0.6   -0.2       T
  SINCE JAN 1     23.5                      12.2   11.3     24.2
  SINCE JUL 1      0.4                       0.9   -0.5       T
  SNOW DEPTH       0

DEGREE DAYS
 HEATING
  YESTERDAY       28                        26      2       43
  MONTH TO DATE  631                       473    158      495
  SINCE SEP 1    885                       827     58      812
  SINCE JUL 1    885                       829     56      812

 COOLING
  YESTERDAY        0                         0      0        0
  MONTH TO DATE    0                         0      0        0
  SINCE SEP 1    201                       192      9      292
  SINCE JAN 1   1611                      1420    191     1586
..................................................................


WIND (MPH)
  HIGHEST WIND SPEED    26   HIGHEST WIND DIRECTION     W (290)
  HIGHEST GUST SPEED    34   HIGHEST GUST DIRECTION    NW (300)
  AVERAGE WIND SPEED    11.7


SKY COVER
  AVERAGE SKY COVER 0.2


WEATHER CONDITIONS
 THE FOLLOWING WEATHER WAS RECORDED YESTERDAY.
  NO SIGNIFICANT WEATHER WAS OBSERVED.


RELATIVE HUMIDITY (PERCENT)
 HIGHEST    64           600 AM
 LOWEST     40           700 PM
 AVERAGE    52

..........................................................


THE TOPEKA KS CLIMATE NORMALS FOR TODAY
                         NORMAL    RECORD    YEAR
 MAXIMUM TEMPERATURE (F)   49        71      1981
 MINIMUM TEMPERATURE (F)   29        11      1993


SUNRISE AND SUNSET
NOVEMBER 25 2014......SUNRISE   716 AM CST   SUNSET   502 PM CST
NOVEMBER 26 2014......SUNRISE   718 AM CST   SUNSET   502 PM CST


-  INDICATES NEGATIVE NUMBERS.
R  INDICATES RECORD WAS SET OR TIED.
MM INDICATES DATA IS MISSING.
T  INDICATES TRACE AMOUNT.




$$
