000
CDUS43 KTOP 100635
CLITOP


CLIMATE REPORT
NATIONAL WEATHER SERVICE TOPEKA KS
1233 AM CST SUN DEC 10 2017


...................................

...THE TOPEKA KS CLIMATE SUMMARY FOR DECEMBER 9 2017...

CLIMATE NORMAL PERIOD 1981 TO 2010
CLIMATE RECORD PERIOD 1887 TO 2017


WEATHER ITEM   OBSERVED TIME   RECORD YEAR NORMAL DEPARTURE LAST
                VALUE   (LST)  VALUE       VALUE  FROM      YEAR
                                                  NORMAL
..................................................................
TEMPERATURE (F)
 YESTERDAY
  MAXIMUM         45    254 PM  70    2015  43      2       28
  MINIMUM         23   1117 PM  -7    2005  24     -1       10
  AVERAGE         34                        33      1       19

PRECIPITATION (IN)
  YESTERDAY        0.00          1.50 1911   0.04  -0.04     0.00
  MONTH TO DATE    T                         0.46  -0.46     0.58
  SINCE DEC 1      T                         0.46  -0.46     0.58
  SINCE JAN 1     38.29                     35.57   2.72    42.76

SNOWFALL (IN)
  YESTERDAY        0.0           5.5  1944   0.2   -0.2      0.0
  MONTH TO DATE    T                         1.3   -1.3      0.5
  SINCE JAN 1      3.9                      13.9  -10.0      4.2
  SINCE JUL 1      0.4                       2.6   -2.2      0.5
  SNOW DEPTH       0

DEGREE DAYS
 HEATING
  YESTERDAY       31                        32     -1       46
  MONTH TO DATE  229                       273    -44      303
  SINCE DEC 1    229                       273    -44      303
  SINCE JUL 1   1052                      1267   -215      876

 COOLING
  YESTERDAY        0                         0      0        0
  MONTH TO DATE    0                         0      0        0
  SINCE DEC 1      0                         0      0        0
  SINCE JAN 1   1473                      1422     51     1711
..................................................................


WIND (MPH)
  HIGHEST WIND SPEED    21   HIGHEST WIND DIRECTION    NW (320)
  HIGHEST GUST SPEED    31   HIGHEST GUST DIRECTION     N (340)
  AVERAGE WIND SPEED     8.1


SKY COVER
  AVERAGE SKY COVER 0.0


WEATHER CONDITIONS
 THE FOLLOWING WEATHER WAS RECORDED YESTERDAY.
  NO SIGNIFICANT WEATHER WAS OBSERVED.


RELATIVE HUMIDITY (PERCENT)
 HIGHEST    92           100 AM
 LOWEST     39           400 PM
 AVERAGE    66

..........................................................


THE TOPEKA KS CLIMATE NORMALS FOR TODAY
                         NORMAL    RECORD    YEAR
 MAXIMUM TEMPERATURE (F)   43        71      1890
 MINIMUM TEMPERATURE (F)   23        -9      1919


SUNRISE AND SUNSET
DECEMBER 10 2017......SUNRISE   731 AM CST   SUNSET   500 PM CST
DECEMBER 11 2017......SUNRISE   732 AM CST   SUNSET   500 PM CST


-  INDICATES NEGATIVE NUMBERS.
R  INDICATES RECORD WAS SET OR TIED.
MM INDICATES DATA IS MISSING.
T  INDICATES TRACE AMOUNT.




$$
