000
CDUS43 KTOP 250633
CLITOP


CLIMATE REPORT
NATIONAL WEATHER SERVICE TOPEKA KS
132 AM CDT TUE MAR 25 2014


...................................

...THE TOPEKA KS CLIMATE SUMMARY FOR MARCH 24 2014...

CLIMATE NORMAL PERIOD 1981 TO 2010
CLIMATE RECORD PERIOD 1887 TO 2014


WEATHER ITEM   OBSERVED TIME   RECORD YEAR NORMAL DEPARTURE LAST
                VALUE   (LST)  VALUE       VALUE  FROM      YEAR
                                                  NORMAL
..................................................................
TEMPERATURE (F)
 YESTERDAY
  MAXIMUM         40    512 PM  88    1929  60    -20       34
  MINIMUM         25   1135 PM  13    1965  36    -11       24
  AVERAGE         33                        48    -15       29

PRECIPITATION (IN)
  YESTERDAY        0.11          2.10 1945   0.09   0.02     0.20
  MONTH TO DATE    0.63                      1.80  -1.17     1.98
  SINCE MAR 1      0.63                      1.80  -1.17     1.98
  SINCE JAN 1      2.29                      3.98  -1.69     4.42

SNOWFALL (IN)
  YESTERDAY        0.6           5.9  1912   0.1    0.5      4.1
  MONTH TO DATE    4.1                       1.4    2.7      7.9
  SINCE JAN 1     23.0                      10.8   12.2     23.9
  SINCE JUL 1     27.3                      17.3   10.0     29.3
  SNOW DEPTH       0

DEGREE DAYS
 HEATING
  YESTERDAY       32                        18     14       36
  MONTH TO DATE  594                       514     80      628
  SINCE MAR 1    594                       514     80      628
  SINCE JUL 1   4916                      4481    435     4185

 COOLING
  YESTERDAY        0                         0      0        0
  MONTH TO DATE    0                         0      0        0
  SINCE MAR 1      0                         0      0        0
  SINCE JAN 1      0                         0      0        0
..................................................................


WIND (MPH)
  HIGHEST WIND SPEED    12   HIGHEST WIND DIRECTION     N (20)
  HIGHEST GUST SPEED    13   HIGHEST GUST DIRECTION     N (10)
  AVERAGE WIND SPEED     3.9


SKY COVER
  AVERAGE SKY COVER 0.6


WEATHER CONDITIONS
 THE FOLLOWING WEATHER WAS RECORDED YESTERDAY.
  HEAVY SNOW
  SNOW
  LIGHT SNOW
  FOG
  FOG W/VISIBILITY <= 1/4 MILE
  HAZE


RELATIVE HUMIDITY (PERCENT)
 HIGHEST    92          1000 PM
 LOWEST     40           900 AM
 AVERAGE    66

..........................................................


THE TOPEKA KS CLIMATE NORMALS FOR TODAY
                         NORMAL    RECORD    YEAR
 MAXIMUM TEMPERATURE (F)   60        91      1907
 MINIMUM TEMPERATURE (F)   36         6      1955


SUNRISE AND SUNSET
MARCH 25 2014.........SUNRISE   718 AM CDT   SUNSET   739 PM CDT
MARCH 26 2014.........SUNRISE   716 AM CDT   SUNSET   740 PM CDT


-  INDICATES NEGATIVE NUMBERS.
R  INDICATES RECORD WAS SET OR TIED.
MM INDICATES DATA IS MISSING.
T  INDICATES TRACE AMOUNT.




$$
