000
CDUS43 KTOP 020631
CLITOP


CLIMATE REPORT
NATIONAL WEATHER SERVICE TOPEKA KS
131 AM CDT FRI JUN 2 2017


...................................

...THE TOPEKA KS CLIMATE SUMMARY FOR JUNE 1 2017...

CLIMATE NORMAL PERIOD 1981 TO 2010
CLIMATE RECORD PERIOD 1887 TO 2017


WEATHER ITEM   OBSERVED TIME   RECORD YEAR NORMAL DEPARTURE LAST
                VALUE   (LST)  VALUE       VALUE  FROM      YEAR
                                                  NORMAL
..................................................................
TEMPERATURE (F)
 YESTERDAY
  MAXIMUM         78    542 PM 103    1934  81     -3       82
  MINIMUM         63    633 AM  42    1964  59      4       60
  AVERAGE         71                        70      1       71

PRECIPITATION (IN)
  YESTERDAY        0.29          2.46 1891   0.17   0.12     0.00
  MONTH TO DATE    0.29                      0.17   0.12     0.00
  SINCE JUN 1      0.29                      0.17   0.12     0.00
  SINCE JAN 1     15.44                     13.28   2.16    19.31

SNOWFALL (IN)
  YESTERDAY        0.0           T    1917   0.0    0.0      0.0
  MONTH TO DATE    0.0                       0.0    0.0      0.0
  SINCE JAN 1      3.5                      11.3   -7.8      3.7
  SINCE JUL 1      6.6                      17.8  -11.2      4.9
  SNOW DEPTH       0

DEGREE DAYS
 HEATING
  YESTERDAY        0                         1     -1        0
  MONTH TO DATE    0                         1     -1        0
  SINCE JUN 1      0                         1     -1        0
  SINCE JUL 1   4007                      5014  -1007     4002

 COOLING
  YESTERDAY        6                         6      0        6
  MONTH TO DATE    6                         6      0        6
  SINCE JUN 1      6                         6      0        6
  SINCE JAN 1    135                       132      3       98
..................................................................


WIND (MPH)
  HIGHEST WIND SPEED    15   HIGHEST WIND DIRECTION     E (110)
  HIGHEST GUST SPEED    18   HIGHEST GUST DIRECTION     E (100)
  AVERAGE WIND SPEED     6.5


SKY COVER
  AVERAGE SKY COVER 0.4


WEATHER CONDITIONS
 THE FOLLOWING WEATHER WAS RECORDED YESTERDAY.
  THUNDERSTORM
  RAIN
  LIGHT RAIN
  FOG


RELATIVE HUMIDITY (PERCENT)
 HIGHEST   100           200 AM
 LOWEST     71           500 PM
 AVERAGE    86

..........................................................


THE TOPEKA KS CLIMATE NORMALS FOR TODAY
                         NORMAL    RECORD    YEAR
 MAXIMUM TEMPERATURE (F)   81        98      1934
 MINIMUM TEMPERATURE (F)   60        36      1888


SUNRISE AND SUNSET
JUNE  2 2017..........SUNRISE   558 AM CDT   SUNSET   843 PM CDT
JUNE  3 2017..........SUNRISE   558 AM CDT   SUNSET   844 PM CDT


-  INDICATES NEGATIVE NUMBERS.
R  INDICATES RECORD WAS SET OR TIED.
MM INDICATES DATA IS MISSING.
T  INDICATES TRACE AMOUNT.




$$
