000
CDUS43 KTOP 012240
CLITOP


CLIMATE REPORT
NATIONAL WEATHER SERVICE TOPEKA KS
439 PM CST WED MAR 1 2017


...................................

...THE TOPEKA KS CLIMATE SUMMARY FOR MARCH 1 2017...
VALID TODAY AS OF 0400 PM LOCAL TIME.

CLIMATE NORMAL PERIOD 1981 TO 2010
CLIMATE RECORD PERIOD 1887 TO 2017


WEATHER ITEM   OBSERVED TIME   RECORD YEAR NORMAL DEPARTURE LAST
                VALUE   (LST)  VALUE       VALUE  FROM      YEAR
                                                  NORMAL
..................................................................
TEMPERATURE (F)
 TODAY
  MAXIMUM         53    310 PM  82    1992  50      3       44
  MINIMUM         34    731 AM  -1    1962  28      6       27
  AVERAGE         44                        39      5       36

PRECIPITATION (IN)
  TODAY            0.00          1.14 1953   0.06  -0.06      T
  MONTH TO DATE    0.00                      0.06  -0.06      T
  SINCE MAR 1      0.00                      0.06  -0.06      T
  SINCE JAN 1      1.39                      2.24  -0.85     1.27

SNOWFALL (IN)
  TODAY            0.0           5.4  1953   0.1   -0.1       T
  MONTH TO DATE    0.0                       0.1   -0.1       T
  SINCE JAN 1      2.2                       9.5   -7.3      2.3
  SINCE JUL 1      5.3                      16.0  -10.7      3.5
  SNOW DEPTH       0

DEGREE DAYS
 HEATING
  TODAY           21                        26     -5       29
  MONTH TO DATE   21                        26     -5       29
  SINCE MAR 1     21                        26     -5       29
  SINCE JUL 1   3202                      3993   -791     3281

 COOLING
  TODAY            0                         0      0        0
  MONTH TO DATE    0                         0      0        0
  SINCE MAR 1      0                         0      0        0
  SINCE JAN 1      0                         0      0        0
..................................................................


WIND (MPH)
  HIGHEST WIND SPEED    25   HIGHEST WIND DIRECTION    NW (310)
  HIGHEST GUST SPEED    36   HIGHEST GUST DIRECTION     W (280)
  AVERAGE WIND SPEED    13.6



WEATHER CONDITIONS
 THE FOLLOWING WEATHER WAS RECORDED TODAY.
  NO SIGNIFICANT WEATHER WAS OBSERVED.


RELATIVE HUMIDITY (PERCENT)
 HIGHEST    85           500 AM
 LOWEST     28           400 PM
 AVERAGE    57

..........................................................


THE TOPEKA KS CLIMATE NORMALS FOR TOMORROW
                         NORMAL    RECORD    YEAR
 MAXIMUM TEMPERATURE (F)   51        83      1901
 MINIMUM TEMPERATURE (F)   29        -3      1980


SUNRISE AND SUNSET
MARCH  1 2017.........SUNRISE   655 AM CST   SUNSET   615 PM CST
MARCH  2 2017.........SUNRISE   653 AM CST   SUNSET   617 PM CST


-  INDICATES NEGATIVE NUMBERS.
R  INDICATES RECORD WAS SET OR TIED.
MM INDICATES DATA IS MISSING.
T  INDICATES TRACE AMOUNT.




$$
