000
CDUS43 KTOP 230643
CLITOP


CLIMATE REPORT
NATIONAL WEATHER SERVICE TOPEKA KS
1240 AM CST MON JAN 23 2017


...................................

...THE TOPEKA KS CLIMATE SUMMARY FOR JANUARY 22 2017...

CLIMATE NORMAL PERIOD 1981 TO 2010
CLIMATE RECORD PERIOD 1887 TO 2017


WEATHER ITEM   OBSERVED TIME   RECORD YEAR NORMAL DEPARTURE LAST
                VALUE   (LST)  VALUE       VALUE  FROM      YEAR
                                                  NORMAL
..................................................................
TEMPERATURE (F)
 YESTERDAY
  MAXIMUM         46    558 AM  71    1967  40      6       31
  MINIMUM         32   1153 PM -13    1930  19     13       16
  AVERAGE         39                        30      9       24

PRECIPITATION (IN)
  YESTERDAY        0.00          0.78 1898   0.03  -0.03     0.00
  MONTH TO DATE    1.27                      0.55   0.72     0.90
  SINCE DEC 1      2.32                      1.90   0.42     3.61
  SINCE JAN 1      1.27                      0.55   0.72     0.90

SNOWFALL (IN)
  YESTERDAY        0.0           7.2  1898   0.1   -0.1      0.0
  MONTH TO DATE    2.2                       3.4   -1.2      2.1
  SINCE JAN 1      2.2                       3.4   -1.2      2.1
  SINCE JUL 1      5.3                       9.9   -4.6      3.3
  SNOW DEPTH       0

DEGREE DAYS
 HEATING
  YESTERDAY       26                        35     -9       41
  MONTH TO DATE  738                       777    -39      801
  SINCE DEC 1   1797                      1800     -3     1572
  SINCE JUL 1   2370                      2794   -424     2308

 COOLING
  YESTERDAY        0                         0      0        0
  MONTH TO DATE    0                         0      0        0
  SINCE DEC 1      0                         0      0        0
  SINCE JAN 1      0                         0      0        0
..................................................................


WIND (MPH)
  HIGHEST WIND SPEED    18   HIGHEST WIND DIRECTION     N (340)
  HIGHEST GUST SPEED    24   HIGHEST GUST DIRECTION    NW (320)
  AVERAGE WIND SPEED     9.6


SKY COVER
  AVERAGE SKY COVER 0.8


WEATHER CONDITIONS
 THE FOLLOWING WEATHER WAS RECORDED YESTERDAY.
  HAZE


RELATIVE HUMIDITY (PERCENT)
 HIGHEST    92           100 AM
 LOWEST     70          1100 AM
 AVERAGE    81

..........................................................


THE TOPEKA KS CLIMATE NORMALS FOR TODAY
                         NORMAL    RECORD    YEAR
 MAXIMUM TEMPERATURE (F)   40        73      1967
 MINIMUM TEMPERATURE (F)   20       -10      1962


SUNRISE AND SUNSET
JANUARY 23 2017.......SUNRISE   736 AM CST   SUNSET   534 PM CST
JANUARY 24 2017.......SUNRISE   735 AM CST   SUNSET   535 PM CST


-  INDICATES NEGATIVE NUMBERS.
R  INDICATES RECORD WAS SET OR TIED.
MM INDICATES DATA IS MISSING.
T  INDICATES TRACE AMOUNT.




$$
