000
CDUS43 KTOP 222140
CLITOP


CLIMATE REPORT
NATIONAL WEATHER SERVICE TOPEKA KS
440 PM CDT MON AUG 22 2016


...................................

...THE TOPEKA KS CLIMATE SUMMARY FOR AUGUST 22 2016...
VALID TODAY AS OF 0400 PM LOCAL TIME.

CLIMATE NORMAL PERIOD 1981 TO 2010
CLIMATE RECORD PERIOD 1887 TO 2016


WEATHER ITEM   OBSERVED TIME   RECORD YEAR NORMAL DEPARTURE LAST
                VALUE   (LST)  VALUE       VALUE  FROM      YEAR
                                                  NORMAL
..................................................................
TEMPERATURE (F)
 TODAY
  MAXIMUM         84    227 PM 103    1936  88     -4       87
  MINIMUM         56    604 AM  48    1889  65     -9       68
  AVERAGE         70                        77     -7       78

PRECIPITATION (IN)
  TODAY            0.00          3.20 2001   0.14  -0.14     0.62
  MONTH TO DATE    1.06                      3.00  -1.94     2.83
  SINCE JUN 1      8.81                     12.22  -3.41    18.38
  SINCE JAN 1     28.12                     25.33   2.79    32.97

SNOWFALL (IN)
  TODAY            0.0           0.0    MM   0.0    0.0      0.0
  MONTH TO DATE    0.0                       0.0    0.0      0.0
  SINCE JAN 1      3.7                      11.3   -7.6      7.9
  SINCE JUL 1      T                         0.0    0.0      0.0
  SNOW DEPTH       0

DEGREE DAYS
 HEATING
  TODAY            0                         0      0        0
  MONTH TO DATE    0                         0      0        0
  SINCE JUN 1      0                         8     -8        0
  SINCE JUL 1      0                         0      0        0

 COOLING
  TODAY            5                        12     -7       13
  MONTH TO DATE  286                       290     -4      264
  SINCE JUN 1   1199                      1006    193     1078
  SINCE JAN 1   1291                      1132    159     1160
..................................................................


WIND (MPH)
  HIGHEST WIND SPEED    18   HIGHEST WIND DIRECTION     S (160)
  HIGHEST GUST SPEED    25   HIGHEST GUST DIRECTION     S (160)
  AVERAGE WIND SPEED     6.0



WEATHER CONDITIONS
 THE FOLLOWING WEATHER WAS RECORDED TODAY.
  NO SIGNIFICANT WEATHER WAS OBSERVED.


RELATIVE HUMIDITY (PERCENT)
 HIGHEST    93           300 AM
 LOWEST     43           100 PM
 AVERAGE    68

..........................................................


THE TOPEKA KS CLIMATE NORMALS FOR TOMORROW
                         NORMAL    RECORD    YEAR
 MAXIMUM TEMPERATURE (F)   88       105      1936
 MINIMUM TEMPERATURE (F)   65        43      1891


SUNRISE AND SUNSET
AUGUST 22 2016........SUNRISE   643 AM CDT   SUNSET   807 PM CDT
AUGUST 23 2016........SUNRISE   644 AM CDT   SUNSET   806 PM CDT


-  INDICATES NEGATIVE NUMBERS.
R  INDICATES RECORD WAS SET OR TIED.
MM INDICATES DATA IS MISSING.
T  INDICATES TRACE AMOUNT.




$$
