599
CDUS43 KTOP 260633
CLITOP


CLIMATE REPORT
NATIONAL WEATHER SERVICE TOPEKA KS
132 AM CDT TUE JUL 26 2016


...................................

...THE TOPEKA KS CLIMATE SUMMARY FOR JULY 25 2016...

CLIMATE NORMAL PERIOD 1981 TO 2010
CLIMATE RECORD PERIOD 1887 TO 2016


WEATHER ITEM   OBSERVED TIME   RECORD YEAR NORMAL DEPARTURE LAST
                VALUE   (LST)  VALUE       VALUE  FROM      YEAR
                                                  NORMAL
..................................................................
TEMPERATURE (F)
 YESTERDAY
  MAXIMUM         85    530 PM 110    1936  90     -5       93
  MINIMUM         72   1124 PM  53    1975  69      3       75
                                      1887
  AVERAGE         79                        79      0       84

PRECIPITATION (IN)
  YESTERDAY        0.04          1.73 1974   0.11  -0.07      T
  MONTH TO DATE    4.54                      3.15   1.39     6.91
  SINCE JUN 1      6.93                      8.55  -1.62    13.13
  SINCE JAN 1     26.24                     21.66   4.58    27.72

SNOWFALL (IN)
  YESTERDAY        0.0           0.0    MM   0.0    0.0      0.0
  MONTH TO DATE    T                         0.0    0.0      0.0
  SINCE JAN 1      3.7                      11.3   -7.6      7.9
  SINCE JUL 1      T                         0.0    0.0      0.0
  SNOW DEPTH       0

DEGREE DAYS
 HEATING
  YESTERDAY        0                         0      0        0
  MONTH TO DATE    0                         0      0        0
  SINCE JUN 1      0                         8     -8        0
  SINCE JUL 1      0                         0      0        0

 COOLING
  YESTERDAY       14                        14      0       19
  MONTH TO DATE  397                       345     52      347
  SINCE JUN 1    836                       629    207      715
  SINCE JAN 1    928                       755    173      797
..................................................................


WIND (MPH)
  HIGHEST WIND SPEED    13   HIGHEST WIND DIRECTION    NE (30)
  HIGHEST GUST SPEED    16   HIGHEST GUST DIRECTION     N (10)
  AVERAGE WIND SPEED     3.6


SKY COVER
  AVERAGE SKY COVER 0.3


WEATHER CONDITIONS
 THE FOLLOWING WEATHER WAS RECORDED YESTERDAY.
  THUNDERSTORM
  LIGHT RAIN


RELATIVE HUMIDITY (PERCENT)
 HIGHEST    87          1000 AM
 LOWEST     61           400 PM
 AVERAGE    74

..........................................................


THE TOPEKA KS CLIMATE NORMALS FOR TODAY
                         NORMAL    RECORD    YEAR
 MAXIMUM TEMPERATURE (F)   90       107      1936
 MINIMUM TEMPERATURE (F)   69        53      1962


SUNRISE AND SUNSET
JULY 26 2016..........SUNRISE   618 AM CDT   SUNSET   839 PM CDT
JULY 27 2016..........SUNRISE   619 AM CDT   SUNSET   838 PM CDT


-  INDICATES NEGATIVE NUMBERS.
R  INDICATES RECORD WAS SET OR TIED.
MM INDICATES DATA IS MISSING.
T  INDICATES TRACE AMOUNT.




$$
