000
CDUS43 KTOP 160657
CLITOP


CLIMATE REPORT
NATIONAL WEATHER SERVICE TOPEKA KS
1256 AM CST TUE DEC 16 2014


...................................

...THE TOPEKA KS CLIMATE SUMMARY FOR DECEMBER 15 2014...

CLIMATE NORMAL PERIOD 1981 TO 2010
CLIMATE RECORD PERIOD 1887 TO 2014


WEATHER ITEM   OBSERVED TIME   RECORD YEAR NORMAL DEPARTURE LAST
                VALUE   (LST)  VALUE       VALUE  FROM      YEAR
                                                  NORMAL
..................................................................
TEMPERATURE (F)
 YESTERDAY
  MAXIMUM         54    657 AM  70    2002  41     13       54
  MINIMUM         32   1159 PM -15    1989  22     10       16
  AVERAGE         43                        32     11       35

PRECIPITATION (IN)
  YESTERDAY        0.10          0.79 1940   0.04   0.06     0.00
  MONTH TO DATE    1.91                      0.75   1.16     0.10
  SINCE DEC 1      1.91                      0.75   1.16     0.10
  SINCE JAN 1     30.79                     35.86  -5.07    33.55

SNOWFALL (IN)
  YESTERDAY        T             5.3  1970   0.2   -0.2      0.0
  MONTH TO DATE    T                         2.3   -2.3      1.0
  SINCE JAN 1     23.5                      14.9    8.6     25.2
  SINCE JUL 1      0.4                       3.6   -3.2      1.0
  SNOW DEPTH       0

DEGREE DAYS
 HEATING
  YESTERDAY       22                        33    -11       30
  MONTH TO DATE  375                       469    -94      563
  SINCE DEC 1    375                       469    -94      563
  SINCE JUL 1   1406                      1463    -57     1559

 COOLING
  YESTERDAY        0                         0      0        0
  MONTH TO DATE    0                         0      0        0
  SINCE DEC 1      0                         0      0        0
  SINCE JAN 1   1611                      1422    189     1586
..................................................................


WIND (MPH)
  HIGHEST WIND SPEED    25   HIGHEST WIND DIRECTION    NW (310)
  HIGHEST GUST SPEED    34   HIGHEST GUST DIRECTION    NW (300)
  AVERAGE WIND SPEED    13.2


SKY COVER
  AVERAGE SKY COVER 1.0


WEATHER CONDITIONS
 THE FOLLOWING WEATHER WAS RECORDED YESTERDAY.
  THUNDERSTORM
  HEAVY RAIN
  RAIN
  LIGHT RAIN
  LIGHT SNOW
  FOG


RELATIVE HUMIDITY (PERCENT)
 HIGHEST    96           300 AM
 LOWEST     69          1100 PM
 AVERAGE    83

..........................................................


THE TOPEKA KS CLIMATE NORMALS FOR TODAY
                         NORMAL    RECORD    YEAR
 MAXIMUM TEMPERATURE (F)   41        66      1933
 MINIMUM TEMPERATURE (F)   22       -15      1989


SUNRISE AND SUNSET
DECEMBER 16 2014......SUNRISE   735 AM CST   SUNSET   501 PM CST
DECEMBER 17 2014......SUNRISE   736 AM CST   SUNSET   502 PM CST


-  INDICATES NEGATIVE NUMBERS.
R  INDICATES RECORD WAS SET OR TIED.
MM INDICATES DATA IS MISSING.
T  INDICATES TRACE AMOUNT.




$$
