000
CDUS43 KTOP 260637
CLITOP


CLIMATE REPORT
NATIONAL WEATHER SERVICE TOPEKA KS
136 AM CDT THU MAY 26 2016


...................................

...THE TOPEKA KS CLIMATE SUMMARY FOR MAY 25 2016...

CLIMATE NORMAL PERIOD 1981 TO 2010
CLIMATE RECORD PERIOD 1887 TO 2016


WEATHER ITEM   OBSERVED TIME   RECORD YEAR NORMAL DEPARTURE LAST
                VALUE   (LST)  VALUE       VALUE  FROM      YEAR
                                                  NORMAL
..................................................................
TEMPERATURE (F)
 YESTERDAY
  MAXIMUM         83    355 PM  95    1953  79      4       81
  MINIMUM         63    209 AM  39    1925  57      6       59
  AVERAGE         73                        68      5       70

PRECIPITATION (IN)
  YESTERDAY        0.73          1.42 2011   0.16   0.57     0.58
  MONTH TO DATE    5.16                      3.96   1.20     8.83
  SINCE MAR 1     14.38                      9.98   4.40    12.00
  SINCE JAN 1     15.65                     12.16   3.49    13.99

SNOWFALL (IN)
  YESTERDAY        0.0           0.0    MM   0.0    0.0      0.0
  MONTH TO DATE    T                         0.0    0.0      0.0
  SINCE JAN 1      3.7                      11.3   -7.6      7.9
  SINCE JUL 1      4.9                      17.8  -12.9     10.3
  SNOW DEPTH       0

DEGREE DAYS
 HEATING
  YESTERDAY        0                         2     -2        0
  MONTH TO DATE  113                        90     23       87
  SINCE MAR 1    750                      1040   -290      868
  SINCE JUL 1   4002                      5007  -1005     4869

 COOLING
  YESTERDAY        8                         5      3        5
  MONTH TO DATE   40                        68    -28       59
  SINCE MAR 1     58                        96    -38       64
  SINCE JAN 1     58                        96    -38       64
..................................................................


WIND (MPH)
  HIGHEST WIND SPEED    38   HIGHEST WIND DIRECTION    SE (150)
  HIGHEST GUST SPEED    48   HIGHEST GUST DIRECTION    SE (150)
  AVERAGE WIND SPEED    10.1


SKY COVER
  AVERAGE SKY COVER 0.6


WEATHER CONDITIONS
 THE FOLLOWING WEATHER WAS RECORDED YESTERDAY.
  THUNDERSTORM
  HEAVY RAIN
  RAIN
  LIGHT RAIN
  FOG


RELATIVE HUMIDITY (PERCENT)
 HIGHEST    81           700 AM
 LOWEST     58           300 PM
 AVERAGE    70

..........................................................


THE TOPEKA KS CLIMATE NORMALS FOR TODAY
                         NORMAL    RECORD    YEAR
 MAXIMUM TEMPERATURE (F)   79        95      1964
                                             1953
 MINIMUM TEMPERATURE (F)   57        40      1901


SUNRISE AND SUNSET
MAY 26 2016...........SUNRISE   601 AM CDT   SUNSET   838 PM CDT
MAY 27 2016...........SUNRISE   601 AM CDT   SUNSET   839 PM CDT


-  INDICATES NEGATIVE NUMBERS.
R  INDICATES RECORD WAS SET OR TIED.
MM INDICATES DATA IS MISSING.
T  INDICATES TRACE AMOUNT.




$$
