612
CDUS43 KTOP 190633
CLITOP


CLIMATE REPORT
NATIONAL WEATHER SERVICE TOPEKA KS
1231 AM CST SUN FEB 19 2017


...................................

...THE TOPEKA KS CLIMATE SUMMARY FOR FEBRUARY 18 2017...

CLIMATE NORMAL PERIOD 1981 TO 2010
CLIMATE RECORD PERIOD 1887 TO 2017


WEATHER ITEM   OBSERVED TIME   RECORD YEAR NORMAL DEPARTURE LAST
                VALUE   (LST)  VALUE       VALUE  FROM      YEAR
                                                  NORMAL
..................................................................
TEMPERATURE (F)
 YESTERDAY
  MAXIMUM         73    456 PM  78    2016  46     27       78
  MINIMUM         35    621 AM  -9    1978  25     10       42
  AVERAGE         54                        35     19       60

PRECIPITATION (IN)
  YESTERDAY        0.00          1.17 1911   0.05  -0.05     0.00
  MONTH TO DATE    T                         0.80  -0.80     0.35
  SINCE DEC 1      2.33                      3.01  -0.68     3.96
  SINCE JAN 1      1.28                      1.66  -0.38     1.25

SNOWFALL (IN)
  YESTERDAY        0.0           8.0  1926   0.2   -0.2      0.0
  MONTH TO DATE    T                         3.3   -3.3       T
  SINCE JAN 1      2.2                       8.2   -6.0      2.1
  SINCE JUL 1      5.3                      14.7   -9.4      3.3
  SNOW DEPTH       0

DEGREE DAYS
 HEATING
  YESTERDAY       11                        30    -19        5
  MONTH TO DATE  415                       579   -164      491
  SINCE DEC 1   2449                      2695   -246     2311
  SINCE JUL 1   3022                      3689   -667     3047

 COOLING
  YESTERDAY        0                         0      0        0
  MONTH TO DATE    0                         0      0        0
  SINCE DEC 1      0                         0      0        0
  SINCE JAN 1      0                         0      0        0
..................................................................


WIND (MPH)
  HIGHEST WIND SPEED    10   HIGHEST WIND DIRECTION     S (200)
  HIGHEST GUST SPEED    15   HIGHEST GUST DIRECTION     S (190)
  AVERAGE WIND SPEED     2.4


SKY COVER
  AVERAGE SKY COVER 0.0


WEATHER CONDITIONS
 THE FOLLOWING WEATHER WAS RECORDED YESTERDAY.
  NO SIGNIFICANT WEATHER WAS OBSERVED.


RELATIVE HUMIDITY (PERCENT)
 HIGHEST    92           700 AM
 LOWEST     33           400 PM
 AVERAGE    63

..........................................................


THE TOPEKA KS CLIMATE NORMALS FOR TODAY
                         NORMAL    RECORD    YEAR
 MAXIMUM TEMPERATURE (F)   46        77      1930
 MINIMUM TEMPERATURE (F)   25       -11      1978


SUNRISE AND SUNSET
FEBRUARY 19 2017......SUNRISE   708 AM CST   SUNSET   605 PM CST
FEBRUARY 20 2017......SUNRISE   707 AM CST   SUNSET   606 PM CST


-  INDICATES NEGATIVE NUMBERS.
R  INDICATES RECORD WAS SET OR TIED.
MM INDICATES DATA IS MISSING.
T  INDICATES TRACE AMOUNT.

$$
