000
CDUS43 KTOP 300635
CLITOP


CLIMATE REPORT
NATIONAL WEATHER SERVICE TOPEKA KS
135 AM CDT TUE MAY 30 2017


...................................

...THE TOPEKA KS CLIMATE SUMMARY FOR MAY 29 2017...

CLIMATE NORMAL PERIOD 1981 TO 2010
CLIMATE RECORD PERIOD 1887 TO 2017


WEATHER ITEM   OBSERVED TIME   RECORD YEAR NORMAL DEPARTURE LAST
                VALUE   (LST)  VALUE       VALUE  FROM      YEAR
                                                  NORMAL
..................................................................
TEMPERATURE (F)
 YESTERDAY
  MAXIMUM         82    436 PM  99    1913  80      2       87
  MINIMUM         55    402 AM  34    1947  58     -3       58
  AVERAGE         69                        69      0       73

PRECIPITATION (IN)
  YESTERDAY        0.00          2.51 1904   0.15  -0.15     0.00
  MONTH TO DATE    3.60                      4.59  -0.99     8.82
  SINCE MAR 1     13.67                     10.61   3.06    18.04
  SINCE JAN 1     15.06                     12.79   2.27    19.31

SNOWFALL (IN)
  YESTERDAY        0.0           T    2012   0.0    0.0      0.0
  MONTH TO DATE    T                         0.0    0.0       T
  SINCE JAN 1      3.5                      11.3   -7.8      3.7
  SINCE JUL 1      6.6                      17.8  -11.2      4.9
  SNOW DEPTH       0

DEGREE DAYS
 HEATING
  YESTERDAY        0                         1     -1        0
  MONTH TO DATE   81                        95    -14      113
  SINCE MAR 1    826                      1045   -219      750
  SINCE JUL 1   4007                      5012  -1005     4002

 COOLING
  YESTERDAY        4                         5     -1        8
  MONTH TO DATE   87                        88     -1       60
  SINCE MAR 1    124                       116      8       78
  SINCE JAN 1    124                       116      8       78
..................................................................


WIND (MPH)
  HIGHEST WIND SPEED    13   HIGHEST WIND DIRECTION    NW (310)
  HIGHEST GUST SPEED    18   HIGHEST GUST DIRECTION    NW (320)
  AVERAGE WIND SPEED     5.8


SKY COVER
  AVERAGE SKY COVER 0.0


WEATHER CONDITIONS
 THE FOLLOWING WEATHER WAS RECORDED YESTERDAY.
  NO SIGNIFICANT WEATHER WAS OBSERVED.


RELATIVE HUMIDITY (PERCENT)
 HIGHEST   100           400 AM
 LOWEST     30           500 PM
 AVERAGE    65

..........................................................


THE TOPEKA KS CLIMATE NORMALS FOR TODAY
                         NORMAL    RECORD    YEAR
 MAXIMUM TEMPERATURE (F)   80       103      1934
 MINIMUM TEMPERATURE (F)   59        40      1889


SUNRISE AND SUNSET
MAY 30 2017...........SUNRISE   559 AM CDT   SUNSET   841 PM CDT
MAY 31 2017...........SUNRISE   559 AM CDT   SUNSET   842 PM CDT


-  INDICATES NEGATIVE NUMBERS.
R  INDICATES RECORD WAS SET OR TIED.
MM INDICATES DATA IS MISSING.
T  INDICATES TRACE AMOUNT.




$$
