538
CDUS43 KTOP 010638
CLITOP


CLIMATE REPORT
NATIONAL WEATHER SERVICE TOPEKA KS
1238 AM CST THU DEC 1 2016


...................................

...THE TOPEKA KS CLIMATE SUMMARY FOR NOVEMBER 30 2016...

CLIMATE NORMAL PERIOD 1981 TO 2010
CLIMATE RECORD PERIOD 1887 TO 2016


WEATHER ITEM   OBSERVED TIME   RECORD YEAR NORMAL DEPARTURE LAST
                VALUE   (LST)  VALUE       VALUE  FROM      YEAR
                                                  NORMAL
..................................................................
TEMPERATURE (F)
 YESTERDAY
  MAXIMUM         41    436 PM  74    1995  47     -6       39
  MINIMUM         30   1159 PM   4    1976  27      3       33
                                      1896
  AVERAGE         36                        37     -1       36

PRECIPITATION (IN)
  YESTERDAY        0.00          0.91 1981   0.06  -0.06     0.61
  MONTH TO DATE    0.19                      1.85  -1.66     5.11
  SINCE SEP 1      9.29                      8.54   0.75    13.44
  SINCE JAN 1     42.18                     35.11   7.07    46.68

SNOWFALL (IN)
  YESTERDAY        0.0           2.8  1934   0.1   -0.1      0.0
  MONTH TO DATE    0.0                       1.0   -1.0      0.1
  SINCE JAN 1      3.7                      12.6   -8.9      8.0
  SINCE JUL 1      T                         1.3   -1.3      0.1
  SNOW DEPTH       0

DEGREE DAYS
 HEATING
  YESTERDAY       29                        28      1       29
  MONTH TO DATE  417                       636   -219      489
  SINCE SEP 1    573                       992   -419      736
  SINCE JUL 1    573                       994   -421      736

 COOLING
  YESTERDAY        0                         0      0        0
  MONTH TO DATE   13                         2     11        0
  SINCE SEP 1    310                       194    116      318
  SINCE JAN 1   1711                      1422    289     1536
..................................................................


WIND (MPH)
  HIGHEST WIND SPEED    21   HIGHEST WIND DIRECTION     W (290)
  HIGHEST GUST SPEED    28   HIGHEST GUST DIRECTION     W (290)
  AVERAGE WIND SPEED    10.4


SKY COVER
  AVERAGE SKY COVER 0.7


WEATHER CONDITIONS
 THE FOLLOWING WEATHER WAS RECORDED YESTERDAY.
  NO SIGNIFICANT WEATHER WAS OBSERVED.


RELATIVE HUMIDITY (PERCENT)
 HIGHEST    70          1200 AM
 LOWEST     46           300 PM
 AVERAGE    58

..........................................................


THE TOPEKA KS CLIMATE NORMALS FOR TODAY
                         NORMAL    RECORD    YEAR
 MAXIMUM TEMPERATURE (F)   46        70      1917
 MINIMUM TEMPERATURE (F)   26         3      1893


SUNRISE AND SUNSET
DECEMBER  1 2016......SUNRISE   723 AM CST   SUNSET   500 PM CST
DECEMBER  2 2016......SUNRISE   724 AM CST   SUNSET   500 PM CST


-  INDICATES NEGATIVE NUMBERS.
R  INDICATES RECORD WAS SET OR TIED.
MM INDICATES DATA IS MISSING.
T  INDICATES TRACE AMOUNT.




$$
