000
CDUS43 KTOP 200641
CLITOP


CLIMATE REPORT
NATIONAL WEATHER SERVICE TOPEKA KS
140 AM CDT WED SEP 20 2017


...................................

...THE TOPEKA KS CLIMATE SUMMARY FOR SEPTEMBER 19 2017...

CLIMATE NORMAL PERIOD 1981 TO 2010
CLIMATE RECORD PERIOD 1887 TO 2017


WEATHER ITEM   OBSERVED TIME   RECORD YEAR NORMAL DEPARTURE LAST
                VALUE   (LST)  VALUE       VALUE  FROM      YEAR
                                                  NORMAL
..................................................................
TEMPERATURE (F)
 YESTERDAY
  MAXIMUM         91    330 PM  97    1954  79     12       93
  MINIMUM         66    650 AM  35    1991  55     11       63
  AVERAGE         79                        67     12       78

PRECIPITATION (IN)
  YESTERDAY        0.00          2.54 1993   0.12  -0.12     0.00
  MONTH TO DATE    1.22                      2.32  -1.10     5.40
  SINCE SEP 1      1.22                      2.32  -1.10     5.40
  SINCE JAN 1     34.69                     28.89   5.80    38.29

SNOWFALL (IN)
  YESTERDAY        0.0           T    1901   0.0    0.0      0.0
  MONTH TO DATE    0.0                       0.0    0.0      0.0
  SINCE JAN 1      3.5                      11.3   -7.8      3.7
  SINCE JUL 1      T                         0.0    0.0       T
  SNOW DEPTH       0

DEGREE DAYS
 HEATING
  YESTERDAY        0                         3     -3        0
  MONTH TO DATE    5                        21    -16        0
  SINCE SEP 1      5                        21    -16        0
  SINCE JUL 1      5                        23    -18        0

 COOLING
  YESTERDAY       14                         4     10       13
  MONTH TO DATE  130                       129      1      169
  SINCE SEP 1    130                       129      1      169
  SINCE JAN 1   1320                      1357    -37     1570
..................................................................


WIND (MPH)
  HIGHEST WIND SPEED    26   HIGHEST WIND DIRECTION     S (160)
  HIGHEST GUST SPEED    36   HIGHEST GUST DIRECTION    SE (140)
  AVERAGE WIND SPEED    12.5


SKY COVER
  AVERAGE SKY COVER 0.1


WEATHER CONDITIONS
 THE FOLLOWING WEATHER WAS RECORDED YESTERDAY.
  NO SIGNIFICANT WEATHER WAS OBSERVED.


RELATIVE HUMIDITY (PERCENT)
 HIGHEST   100           400 AM
 LOWEST     52           300 PM
 AVERAGE    76

..........................................................


THE TOPEKA KS CLIMATE NORMALS FOR TODAY
                         NORMAL    RECORD    YEAR
 MAXIMUM TEMPERATURE (F)   79        98      1980
                                             1944
 MINIMUM TEMPERATURE (F)   54        36      1991
                                             1918


SUNRISE AND SUNSET
SEPTEMBER 20 2017.....SUNRISE   709 AM CDT   SUNSET   722 PM CDT
SEPTEMBER 21 2017.....SUNRISE   710 AM CDT   SUNSET   721 PM CDT


-  INDICATES NEGATIVE NUMBERS.
R  INDICATES RECORD WAS SET OR TIED.
MM INDICATES DATA IS MISSING.
T  INDICATES TRACE AMOUNT.




$$
