000
CDUS43 KTOP 280640
CLITOP


CLIMATE REPORT
NATIONAL WEATHER SERVICE TOPEKA KS
139 AM CDT MON JUL 28 2014


...................................

...THE TOPEKA KS CLIMATE SUMMARY FOR JULY 27 2014...

CLIMATE NORMAL PERIOD 1981 TO 2010
CLIMATE RECORD PERIOD 1887 TO 2014


WEATHER ITEM   OBSERVED TIME   RECORD YEAR NORMAL DEPARTURE LAST
                VALUE   (LST)  VALUE       VALUE  FROM      YEAR
                                                  NORMAL
..................................................................
TEMPERATURE (F)
 YESTERDAY
  MAXIMUM         93    300 PM 109    1936  90      3       74
  MINIMUM         68   1159 PM  54    2005  69     -1       57
                                      1971
  AVERAGE         81                        79      2       66

PRECIPITATION (IN)
  YESTERDAY        0.00          2.14 1981   0.11  -0.11      T
  MONTH TO DATE    0.95                      3.37  -2.42     0.41
  SINCE JUN 1      7.18                      8.77  -1.59     3.56
  SINCE JAN 1     14.65                     21.88  -7.23    17.89

SNOWFALL (IN)
  YESTERDAY        0.0           T    1951   0.0    0.0      0.0
  MONTH TO DATE    0.0                       0.0    0.0      0.0
  SINCE JAN 1     23.1                      11.3   11.8     24.2
  SINCE JUL 1      0.0                       0.0    0.0      0.0
  SNOW DEPTH       0

DEGREE DAYS
 HEATING
  YESTERDAY        0                         0      0        0
  MONTH TO DATE    0                         0      0        0
  SINCE JUN 1      0                         8     -8        5
  SINCE JUL 1      0                         0      0        0

 COOLING
  YESTERDAY       16                        14      2        1
  MONTH TO DATE  341                       373    -32      396
  SINCE JUN 1    677                       657     20      733
  SINCE JAN 1    894                       783    111      878
..................................................................


WIND (MPH)
  HIGHEST WIND SPEED    22   HIGHEST WIND DIRECTION    NW (330)
  HIGHEST GUST SPEED    30   HIGHEST GUST DIRECTION     N (340)
  AVERAGE WIND SPEED     9.8


SKY COVER
  AVERAGE SKY COVER 0.0


WEATHER CONDITIONS
 THE FOLLOWING WEATHER WAS RECORDED YESTERDAY.
  FOG


RELATIVE HUMIDITY (PERCENT)
 HIGHEST    94           500 AM
 LOWEST     26           200 PM
 AVERAGE    60

..........................................................


THE TOPEKA KS CLIMATE NORMALS FOR TODAY
                         NORMAL    RECORD    YEAR
 MAXIMUM TEMPERATURE (F)   90       106      1980
 MINIMUM TEMPERATURE (F)   68        52      2005


SUNRISE AND SUNSET
JULY 28 2014..........SUNRISE   620 AM CDT   SUNSET   838 PM CDT
JULY 29 2014..........SUNRISE   620 AM CDT   SUNSET   837 PM CDT


-  INDICATES NEGATIVE NUMBERS.
R  INDICATES RECORD WAS SET OR TIED.
MM INDICATES DATA IS MISSING.
T  INDICATES TRACE AMOUNT.




$$
