000
CDUS43 KTOP 270631
CLITOP


CLIMATE REPORT
NATIONAL WEATHER SERVICE TOPEKA KS
131 AM CDT MON OCT 27 2014


...................................

...THE TOPEKA KS CLIMATE SUMMARY FOR OCTOBER 26 2014...

CLIMATE NORMAL PERIOD 1981 TO 2010
CLIMATE RECORD PERIOD 1887 TO 2014


WEATHER ITEM   OBSERVED TIME   RECORD YEAR NORMAL DEPARTURE LAST
                VALUE   (LST)  VALUE       VALUE  FROM      YEAR
                                                  NORMAL
..................................................................
TEMPERATURE (F)
 YESTERDAY
  MAXIMUM         88R   253 PM  87    1939  65     23       63
  MINIMUM         58    708 AM  22    1887  42     16       33
  AVERAGE         73                        53     20       48

PRECIPITATION (IN)
  YESTERDAY        0.00          2.59 1918   0.09  -0.09     0.00
  MONTH TO DATE    4.46                      2.62   1.84     2.01
  SINCE SEP 1      8.60                      6.28   2.32     5.28
  SINCE JAN 1     28.44                     32.85  -4.41    29.75

SNOWFALL (IN)
  YESTERDAY        0.0           T    1997   0.0    0.0      0.0
  MONTH TO DATE    0.0                       0.2   -0.2       T
  SINCE JAN 1     23.1                      11.5   11.6     24.2
  SINCE JUL 1      T                         0.2   -0.2       T
  SNOW DEPTH       0

DEGREE DAYS
 HEATING
  YESTERDAY        0                        12    -12       17
  MONTH TO DATE  143                       223    -80      251
  SINCE SEP 1    192                       288    -96      265
  SINCE JUL 1    192                       290    -98      265

 COOLING
  YESTERDAY        8                         0      8        0
  MONTH TO DATE   27                        25      2       37
  SINCE SEP 1    200                       190     10      292
  SINCE JAN 1   1610                      1418    192     1586
..................................................................


WIND (MPH)
  HIGHEST WIND SPEED    26   HIGHEST WIND DIRECTION     S (180)
  HIGHEST GUST SPEED    35   HIGHEST GUST DIRECTION    SE (150)
  AVERAGE WIND SPEED    11.9


SKY COVER
  AVERAGE SKY COVER 0.0


WEATHER CONDITIONS
 THE FOLLOWING WEATHER WAS RECORDED YESTERDAY.
  LIGHT RAIN
  FOG


RELATIVE HUMIDITY (PERCENT)
 HIGHEST   100           500 AM
 LOWEST     34           200 PM
 AVERAGE    67

..........................................................


THE TOPEKA KS CLIMATE NORMALS FOR TODAY
                         NORMAL    RECORD    YEAR
 MAXIMUM TEMPERATURE (F)   64        88      1927
 MINIMUM TEMPERATURE (F)   41        19      1925


SUNRISE AND SUNSET
OCTOBER 27 2014.......SUNRISE   745 AM CDT   SUNSET   628 PM CDT
OCTOBER 28 2014.......SUNRISE   746 AM CDT   SUNSET   626 PM CDT


-  INDICATES NEGATIVE NUMBERS.
R  INDICATES RECORD WAS SET OR TIED.
MM INDICATES DATA IS MISSING.
T  INDICATES TRACE AMOUNT.




$$
