000
CDUS43 KTOP 252139
CLITOP


CLIMATE REPORT
NATIONAL WEATHER SERVICE TOPEKA KS
438 PM CDT SAT JUL 25 2015


...................................

...THE TOPEKA KS CLIMATE SUMMARY FOR JULY 25 2015...
VALID TODAY AS OF 430 PM LOCAL TIME.

CLIMATE NORMAL PERIOD 1981 TO 2010
CLIMATE RECORD PERIOD 1887 TO 2015


WEATHER ITEM   OBSERVED TIME   RECORD YEAR NORMAL DEPARTURE LAST
                VALUE   (LST)  VALUE       VALUE  FROM      YEAR
                                                  NORMAL
..................................................................
TEMPERATURE (F)
 TODAY
  MAXIMUM         93   1224 PM 110    1936  90      3      102
  MINIMUM         75    441 AM  53    1975  69      6       75
                                      1887
  AVERAGE         84                        79      5       89

PRECIPITATION (IN)
  TODAY            0.00          1.73 1974   0.11  -0.11     0.00
  MONTH TO DATE    6.91                      3.15   3.76     0.95
  SINCE JUN 1     13.13                      8.55   4.58     7.18
  SINCE JAN 1     27.72                     21.66   6.06    14.65

SNOWFALL (IN)
  TODAY            0.0           0.0    MM   0.0    0.0      0.0
  MONTH TO DATE    0.0                       0.0    0.0      0.0
  SINCE JAN 1      7.9                      11.3   -3.4     23.1
  SINCE JUL 1      0.0                       0.0    0.0      0.0
  SNOW DEPTH       0

DEGREE DAYS
 HEATING
  TODAY            0                         0      0        0
  MONTH TO DATE    0                         0      0        0
  SINCE JUN 1      0                         8     -8        0
  SINCE JUL 1      0                         0      0        0

 COOLING
  TODAY           19                        14      5       24
  MONTH TO DATE  347                       345      2      300
  SINCE JUN 1    715                       629     86      636
  SINCE JAN 1    797                       755     42      853
..................................................................


WIND (MPH)
  HIGHEST WIND SPEED    20   HIGHEST WIND DIRECTION     N (340)
  HIGHEST GUST SPEED    28   HIGHEST GUST DIRECTION     N (340)
  AVERAGE WIND SPEED     8.6



WEATHER CONDITIONS
 THE FOLLOWING WEATHER WAS RECORDED TODAY.
  NO SIGNIFICANT WEATHER WAS OBSERVED.


RELATIVE HUMIDITY (PERCENT)
 HIGHEST    82           500 AM
 LOWEST     66          1200 PM
 AVERAGE    74

..........................................................


THE TOPEKA KS CLIMATE NORMALS FOR TOMORROW
                         NORMAL    RECORD    YEAR
 MAXIMUM TEMPERATURE (F)   90       107      1936
 MINIMUM TEMPERATURE (F)   69        53      1962


SUNRISE AND SUNSET
JULY 25 2015..........SUNRISE   617 AM CDT   SUNSET   841 PM CDT
JULY 26 2015..........SUNRISE   618 AM CDT   SUNSET   840 PM CDT


-  INDICATES NEGATIVE NUMBERS.
R  INDICATES RECORD WAS SET OR TIED.
MM INDICATES DATA IS MISSING.
T  INDICATES TRACE AMOUNT.




$$
