000
CDUS43 KTOP 010641
CLITOP


CLIMATE REPORT
NATIONAL WEATHER SERVICE TOPEKA KS
140 AM CDT WED JUL 1 2015


...................................

...THE TOPEKA KS CLIMATE SUMMARY FOR JUNE 30 2015...

CLIMATE NORMAL PERIOD 1981 TO 2010
CLIMATE RECORD PERIOD 1887 TO 2015


WEATHER ITEM   OBSERVED TIME   RECORD YEAR NORMAL DEPARTURE LAST
                VALUE   (LST)  VALUE       VALUE  FROM      YEAR
                                                  NORMAL
..................................................................
TEMPERATURE (F)
 YESTERDAY
  MAXIMUM         92    236 PM 105    1933  88      4       94
  MINIMUM         65    541 AM  52    1924  67     -2       70
  AVERAGE         79                        78      1       82

PRECIPITATION (IN)
  YESTERDAY        0.01          2.03 1893   0.16  -0.15     0.00
  MONTH TO DATE    6.22                      5.40   0.82     6.23
  SINCE JUN 1      6.22                      5.40   0.82     6.23
  SINCE JAN 1     20.81                     18.51   2.30    13.70

SNOWFALL (IN)
  YESTERDAY        0.0           T    1989   0.0    0.0      0.0
  MONTH TO DATE    0.0                       0.0    0.0      0.0
  SINCE JAN 1      7.9                      11.3   -3.4     23.1
  SINCE JUL 1     10.3                      17.8   -7.5     27.4
  SNOW DEPTH       0

DEGREE DAYS
 HEATING
  YESTERDAY        0                         0      0        0
  MONTH TO DATE    0                         6     -6        0
  SINCE JUN 1      0                         8     -8        0
  SINCE JUL 1   4874                      5021   -147     5440

 COOLING
  YESTERDAY       14                        13      1       17
  MONTH TO DATE  368                       284     84      336
  SINCE JUN 1    368                       284     84      336
  SINCE JAN 1    450                       410     40      553
..................................................................


WIND (MPH)
  HIGHEST WIND SPEED    14   HIGHEST WIND DIRECTION     E (110)
  HIGHEST GUST SPEED    17   HIGHEST GUST DIRECTION     E (110)
  AVERAGE WIND SPEED     4.6


SKY COVER
  AVERAGE SKY COVER 0.0


WEATHER CONDITIONS
 THE FOLLOWING WEATHER WAS RECORDED YESTERDAY.
  FOG
  HAZE


RELATIVE HUMIDITY (PERCENT)
 HIGHEST    93           200 AM
 LOWEST     38           100 PM
 AVERAGE    66

..........................................................


THE TOPEKA KS CLIMATE NORMALS FOR TODAY
                         NORMAL    RECORD    YEAR
 MAXIMUM TEMPERATURE (F)   88       106      1933
 MINIMUM TEMPERATURE (F)   68        52      1968
                                             1924


SUNRISE AND SUNSET
JULY  1 2015..........SUNRISE   600 AM CDT   SUNSET   852 PM CDT
JULY  2 2015..........SUNRISE   601 AM CDT   SUNSET   852 PM CDT


-  INDICATES NEGATIVE NUMBERS.
R  INDICATES RECORD WAS SET OR TIED.
MM INDICATES DATA IS MISSING.
T  INDICATES TRACE AMOUNT.




$$
