000
CDUS43 KTOP 162235
CLITOP


CLIMATE REPORT
NATIONAL WEATHER SERVICE TOPEKA KS
435 PM CST TUE JAN 16 2018


...................................

...THE TOPEKA KS CLIMATE SUMMARY FOR JANUARY 16 2018...
VALID TODAY AS OF 0400 PM LOCAL TIME.

CLIMATE NORMAL PERIOD 1981 TO 2010
CLIMATE RECORD PERIOD 1887 TO 2018


WEATHER ITEM   OBSERVED TIME   RECORD YEAR NORMAL DEPARTURE LAST
                VALUE   (LST)  VALUE       VALUE  FROM      YEAR
                                                  NORMAL
..................................................................
TEMPERATURE (F)
 TODAY
  MAXIMUM         14    359 PM  70    1894  40    -26       49
  MINIMUM         -3    806 AM -11    1888  19    -22       33
  AVERAGE          6                        30    -24       41

PRECIPITATION (IN)
  TODAY            0.00          0.81 1941   0.02  -0.02     0.56
  MONTH TO DATE    0.80                      0.38   0.42     1.20
  SINCE DEC 1      1.11                      1.73  -0.62     2.25
  SINCE JAN 1      0.80                      0.38   0.42     1.20

SNOWFALL (IN)
  TODAY            0.0           5.2  1915   0.2   -0.2      0.0
  MONTH TO DATE    2.4                       2.5   -0.1      2.2
  SINCE JAN 1      2.4                       2.5   -0.1      2.2
  SINCE JUL 1      4.5                       9.0   -4.5      5.3
  SNOW DEPTH       1

DEGREE DAYS
 HEATING
  TODAY           59                        35     24       24
  MONTH TO DATE  673                       567    106      595
  SINCE DEC 1   1646                      1590     56     1654
  SINCE JUL 1   2469                      2584   -115     2227

 COOLING
  TODAY            0                         0      0        0
  MONTH TO DATE    0                         0      0        0
  SINCE DEC 1      0                         0      0        0
  SINCE JAN 1      0                         0      0        0
..................................................................


WIND (MPH)
  HIGHEST WIND SPEED    15   HIGHEST WIND DIRECTION    NW (310)
  HIGHEST GUST SPEED    19   HIGHEST GUST DIRECTION    NW (310)
  AVERAGE WIND SPEED     9.1



WEATHER CONDITIONS
 THE FOLLOWING WEATHER WAS RECORDED TODAY.
  NO SIGNIFICANT WEATHER WAS OBSERVED.


RELATIVE HUMIDITY (PERCENT)
 HIGHEST    79           600 AM
 LOWEST     61           200 PM
 AVERAGE    70

..........................................................


THE TOPEKA KS CLIMATE NORMALS FOR TOMORROW
                         NORMAL    RECORD    YEAR
 MAXIMUM TEMPERATURE (F)   40        66      1923
 MINIMUM TEMPERATURE (F)   19       -12      1930


SUNRISE AND SUNSET
JANUARY 16 2018.......SUNRISE   740 AM CST   SUNSET   525 PM CST
JANUARY 17 2018.......SUNRISE   739 AM CST   SUNSET   527 PM CST


-  INDICATES NEGATIVE NUMBERS.
R  INDICATES RECORD WAS SET OR TIED.
MM INDICATES DATA IS MISSING.
T  INDICATES TRACE AMOUNT.




$$
