000
CDUS43 KTOP 250641
CLITOP


CLIMATE REPORT
NATIONAL WEATHER SERVICE TOPEKA KS
140 AM CDT SAT OCT 25 2014


...................................

...THE TOPEKA KS CLIMATE SUMMARY FOR OCTOBER 24 2014...

CLIMATE NORMAL PERIOD 1981 TO 2010
CLIMATE RECORD PERIOD 1887 TO 2014


WEATHER ITEM   OBSERVED TIME   RECORD YEAR NORMAL DEPARTURE LAST
                VALUE   (LST)  VALUE       VALUE  FROM      YEAR
                                                  NORMAL
..................................................................
TEMPERATURE (F)
 YESTERDAY
  MAXIMUM         80    351 PM  90    1939  66     14       52
  MINIMUM         56   1155 PM  25    1999  42     14       30
  AVERAGE         68                        54     14       41

PRECIPITATION (IN)
  YESTERDAY        0.00          1.65 1916   0.09  -0.09     0.00
  MONTH TO DATE    4.46                      2.44   2.02     2.01
  SINCE SEP 1      8.60                      6.10   2.50     5.28
  SINCE JAN 1     28.44                     32.67  -4.23    29.75

SNOWFALL (IN)
  YESTERDAY        0.0           4.7  1908   0.0    0.0      0.0
  MONTH TO DATE    0.0                       0.2   -0.2       T
  SINCE JAN 1     23.1                      11.5   11.6     24.2
  SINCE JUL 1      T                         0.2   -0.2       T
  SNOW DEPTH       0

DEGREE DAYS
 HEATING
  YESTERDAY        0                        11    -11       24
  MONTH TO DATE  143                       199    -56      213
  SINCE SEP 1    192                       264    -72      227
  SINCE JUL 1    192                       266    -74      227

 COOLING
  YESTERDAY        3                         0      3        0
  MONTH TO DATE   17                        25     -8       37
  SINCE SEP 1    190                       190      0      292
  SINCE JAN 1   1600                      1418    182     1586
..................................................................


WIND (MPH)
  HIGHEST WIND SPEED    14   HIGHEST WIND DIRECTION    SW (210)
  HIGHEST GUST SPEED    19   HIGHEST GUST DIRECTION    SW (210)
  AVERAGE WIND SPEED     5.1


SKY COVER
  AVERAGE SKY COVER 0.2


WEATHER CONDITIONS
 THE FOLLOWING WEATHER WAS RECORDED YESTERDAY.
  FOG
  FOG W/VISIBILITY <= 1/4 MILE


RELATIVE HUMIDITY (PERCENT)
 HIGHEST   100           500 AM
 LOWEST     58           400 PM
 AVERAGE    79

..........................................................


THE TOPEKA KS CLIMATE NORMALS FOR TODAY
                         NORMAL    RECORD    YEAR
 MAXIMUM TEMPERATURE (F)   65        88      1891
 MINIMUM TEMPERATURE (F)   42        22      1887


SUNRISE AND SUNSET
OCTOBER 25 2014.......SUNRISE   742 AM CDT   SUNSET   630 PM CDT
OCTOBER 26 2014.......SUNRISE   744 AM CDT   SUNSET   629 PM CDT


-  INDICATES NEGATIVE NUMBERS.
R  INDICATES RECORD WAS SET OR TIED.
MM INDICATES DATA IS MISSING.
T  INDICATES TRACE AMOUNT.




$$
