000
CDUS43 KTOP 050633
CLITOP


CLIMATE REPORT
NATIONAL WEATHER SERVICE TOPEKA KS
1232 AM CST TUE DEC 5 2017


...................................

...THE TOPEKA KS CLIMATE SUMMARY FOR DECEMBER 4 2017...

CLIMATE NORMAL PERIOD 1981 TO 2010
CLIMATE RECORD PERIOD 1887 TO 2017


WEATHER ITEM   OBSERVED TIME   RECORD YEAR NORMAL DEPARTURE LAST
                VALUE   (LST)  VALUE       VALUE  FROM      YEAR
                                                  NORMAL
..................................................................
TEMPERATURE (F)
 YESTERDAY
  MAXIMUM         70   1206 PM  72    2001  45     25       41
  MINIMUM         31   1159 PM   8    1902  25      6       28
  AVERAGE         51                        35     16       35

PRECIPITATION (IN)
  YESTERDAY        0.00          3.22 1944   0.05  -0.05     0.43
  MONTH TO DATE    0.00                      0.21  -0.21     0.54
  SINCE DEC 1      0.00                      0.21  -0.21     0.54
  SINCE JAN 1     38.29                     35.32   2.97    42.72

SNOWFALL (IN)
  YESTERDAY        0.0           3.0  1973   0.1   -0.1      0.0
  MONTH TO DATE    0.0                       0.5   -0.5      0.0
  SINCE JAN 1      3.9                      13.1   -9.2      3.7
  SINCE JUL 1      0.4                       1.8   -1.4       T
  SNOW DEPTH       0

DEGREE DAYS
 HEATING
  YESTERDAY       14                        30    -16       30
  MONTH TO DATE   68                       118    -50      117
  SINCE DEC 1     68                       118    -50      117
  SINCE JUL 1    891                      1112   -221      690

 COOLING
  YESTERDAY        0                         0      0        0
  MONTH TO DATE    0                         0      0        0
  SINCE DEC 1      0                         0      0        0
  SINCE JAN 1   1473                      1422     51     1711
..................................................................


WIND (MPH)
  HIGHEST WIND SPEED    33   HIGHEST WIND DIRECTION    NW (300)
  HIGHEST GUST SPEED    47   HIGHEST GUST DIRECTION    NW (310)
  AVERAGE WIND SPEED    20.7


SKY COVER
  AVERAGE SKY COVER 0.3


WEATHER CONDITIONS
 THE FOLLOWING WEATHER WAS RECORDED YESTERDAY.
  NO SIGNIFICANT WEATHER WAS OBSERVED.


RELATIVE HUMIDITY (PERCENT)
 HIGHEST    87           800 AM
 LOWEST     36           400 PM
 AVERAGE    62

..........................................................


THE TOPEKA KS CLIMATE NORMALS FOR TODAY
                         NORMAL    RECORD    YEAR
 MAXIMUM TEMPERATURE (F)   45        73      2001
 MINIMUM TEMPERATURE (F)   25         2      1964
                                             1950


SUNRISE AND SUNSET
DECEMBER  5 2017......SUNRISE   727 AM CST   SUNSET   500 PM CST
DECEMBER  6 2017......SUNRISE   727 AM CST   SUNSET   500 PM CST


-  INDICATES NEGATIVE NUMBERS.
R  INDICATES RECORD WAS SET OR TIED.
MM INDICATES DATA IS MISSING.
T  INDICATES TRACE AMOUNT.




$$
