000
CDUS43 KTOP 180633
CLITOP


CLIMATE REPORT
NATIONAL WEATHER SERVICE TOPEKA KS
133 AM CDT WED MAY 18 2016


...................................

...THE TOPEKA KS CLIMATE SUMMARY FOR MAY 17 2016...

CLIMATE NORMAL PERIOD 1981 TO 2010
CLIMATE RECORD PERIOD 1887 TO 2016


WEATHER ITEM   OBSERVED TIME   RECORD YEAR NORMAL DEPARTURE LAST
                VALUE   (LST)  VALUE       VALUE  FROM      YEAR
                                                  NORMAL
..................................................................
TEMPERATURE (F)
 YESTERDAY
  MAXIMUM         63    512 PM  92    1907  76    -13       82
  MINIMUM         48   1159 PM  36    2014  55     -7       62
  AVERAGE         56                        65     -9       72

PRECIPITATION (IN)
  YESTERDAY        0.16          2.25 1940   0.17  -0.01     0.02
  MONTH TO DATE    3.74                      2.66   1.08     5.03
  SINCE MAR 1     12.96                      8.68   4.28     8.20
  SINCE JAN 1     14.23                     10.86   3.37    10.19

SNOWFALL (IN)
  YESTERDAY        0.0           T    1995   0.0    0.0      0.0
  MONTH TO DATE    T                         0.0    0.0      0.0
  SINCE JAN 1      3.7                      11.3   -7.6      7.9
  SINCE JUL 1      4.9                      17.8  -12.9     10.3
  SNOW DEPTH       0

DEGREE DAYS
 HEATING
  YESTERDAY        9                         3      6        0
  MONTH TO DATE   93                        73     20       35
  SINCE MAR 1    730                      1023   -293      816
  SINCE JUL 1   3982                      4990  -1008     4817

 COOLING
  YESTERDAY        0                         3     -3        7
  MONTH TO DATE   18                        37    -19       52
  SINCE MAR 1     36                        65    -29       57
  SINCE JAN 1     36                        65    -29       57
..................................................................


WIND (MPH)
  HIGHEST WIND SPEED    18   HIGHEST WIND DIRECTION    NE (30)
  HIGHEST GUST SPEED    24   HIGHEST GUST DIRECTION    NE (30)
  AVERAGE WIND SPEED     9.4


SKY COVER
  AVERAGE SKY COVER 0.7


WEATHER CONDITIONS
 THE FOLLOWING WEATHER WAS RECORDED YESTERDAY.
  RAIN
  LIGHT RAIN
  FOG


RELATIVE HUMIDITY (PERCENT)
 HIGHEST    93          1100 PM
 LOWEST     56           300 PM
 AVERAGE    75

..........................................................


THE TOPEKA KS CLIMATE NORMALS FOR TODAY
                         NORMAL    RECORD    YEAR
 MAXIMUM TEMPERATURE (F)   77        94      1975
 MINIMUM TEMPERATURE (F)   55        38      1976


SUNRISE AND SUNSET
MAY 18 2016...........SUNRISE   607 AM CDT   SUNSET   832 PM CDT
MAY 19 2016...........SUNRISE   606 AM CDT   SUNSET   833 PM CDT


-  INDICATES NEGATIVE NUMBERS.
R  INDICATES RECORD WAS SET OR TIED.
MM INDICATES DATA IS MISSING.
T  INDICATES TRACE AMOUNT.




$$
