000
CDUS43 KTOP 110634
CLITOP


CLIMATE REPORT
NATIONAL WEATHER SERVICE TOPEKA KS
1233 AM CST WED JAN 11 2017


...................................

...THE TOPEKA KS CLIMATE SUMMARY FOR JANUARY 10 2017...

CLIMATE NORMAL PERIOD 1981 TO 2010
CLIMATE RECORD PERIOD 1887 TO 2017


WEATHER ITEM   OBSERVED TIME   RECORD YEAR NORMAL DEPARTURE LAST
                VALUE   (LST)  VALUE       VALUE  FROM      YEAR
                                                  NORMAL
..................................................................
TEMPERATURE (F)
 YESTERDAY
  MAXIMUM         54    742 AM  71    1990  40     14       24
  MINIMUM         28   1159 PM -15    1982  20      8        3
  AVERAGE         41                        30     11       14

PRECIPITATION (IN)
  YESTERDAY        T             0.56 2011   0.02  -0.02     0.00
  MONTH TO DATE    0.33                      0.25   0.08     0.73
  SINCE DEC 1      1.38                      1.60  -0.22     3.44
  SINCE JAN 1      0.33                      0.25   0.08     0.73

SNOWFALL (IN)
  YESTERDAY        0.0           7.9  2011   0.2   -0.2      0.0
  MONTH TO DATE    2.2                       1.6    0.6       T
  SINCE JAN 1      2.2                       1.6    0.6       T
  SINCE JUL 1      5.3                       8.1   -2.8      1.2
  SNOW DEPTH       0

DEGREE DAYS
 HEATING
  YESTERDAY       24                        36    -12       51
  MONTH TO DATE  399                       353     46      350
  SINCE DEC 1   1458                      1376     82     1121
  SINCE JUL 1   2031                      2370   -339     1857

 COOLING
  YESTERDAY        0                         0      0        0
  MONTH TO DATE    0                         0      0        0
  SINCE DEC 1      0                         0      0        0
  SINCE JAN 1      0                         0      0        0
..................................................................


WIND (MPH)
  HIGHEST WIND SPEED    28   HIGHEST WIND DIRECTION    NW (300)
  HIGHEST GUST SPEED    38   HIGHEST GUST DIRECTION    NW (310)
  AVERAGE WIND SPEED    10.7


SKY COVER
  AVERAGE SKY COVER 0.1


WEATHER CONDITIONS
 THE FOLLOWING WEATHER WAS RECORDED YESTERDAY.
  LIGHT RAIN


RELATIVE HUMIDITY (PERCENT)
 HIGHEST    82          1200 AM
 LOWEST     49           200 PM
 AVERAGE    66

..........................................................


THE TOPEKA KS CLIMATE NORMALS FOR TODAY
                         NORMAL    RECORD    YEAR
 MAXIMUM TEMPERATURE (F)   40        66      2007
                                             1911
 MINIMUM TEMPERATURE (F)   19       -15      1977
                                             1918


SUNRISE AND SUNSET
JANUARY 11 2017.......SUNRISE   741 AM CST   SUNSET   520 PM CST
JANUARY 12 2017.......SUNRISE   741 AM CST   SUNSET   521 PM CST


-  INDICATES NEGATIVE NUMBERS.
R  INDICATES RECORD WAS SET OR TIED.
MM INDICATES DATA IS MISSING.
T  INDICATES TRACE AMOUNT.




$$
