000
CDUS43 KTOP 260635
CLITOP


CLIMATE REPORT
NATIONAL WEATHER SERVICE TOPEKA KS
1233 AM CST THU FEB 26 2015


...................................

...THE TOPEKA KS CLIMATE SUMMARY FOR FEBRUARY 25 2015...

CLIMATE NORMAL PERIOD 1981 TO 2010
CLIMATE RECORD PERIOD 1887 TO 2015


WEATHER ITEM   OBSERVED TIME   RECORD YEAR NORMAL DEPARTURE LAST
                VALUE   (LST)  VALUE       VALUE  FROM      YEAR
                                                  NORMAL
..................................................................
TEMPERATURE (F)
 YESTERDAY
  MAXIMUM         58    231 PM  78    1995  49      9       28
  MINIMUM         19   1159 PM  -1    1965  27     -8       16
  AVERAGE         39                        38      1       22

PRECIPITATION (IN)
  YESTERDAY        T             1.30 1912   0.05  -0.05     0.01
  MONTH TO DATE    0.73                      1.16  -0.43     1.29
  SINCE DEC 1      4.12                      3.37   0.75     2.22
  SINCE JAN 1      1.85                      2.02  -0.17     1.66

SNOWFALL (IN)
  YESTERDAY        T             8.8  1912   0.1   -0.1      0.2
  MONTH TO DATE    4.7                       4.2    0.5     15.0
  SINCE JAN 1      6.1                       9.1   -3.0     18.9
  SINCE JUL 1      8.5                      15.6   -7.1     23.2
  SNOW DEPTH       0

DEGREE DAYS
 HEATING
  YESTERDAY       26                        27     -1       43
  MONTH TO DATE  908                       777    131      950
  SINCE DEC 1   2820                      2893    -73     3215
  SINCE JUL 1   3851                      3887    -36     4211

 COOLING
  YESTERDAY        0                         0      0        0
  MONTH TO DATE    0                         0      0        0
  SINCE DEC 1      0                         0      0        0
  SINCE JAN 1      0                         0      0        0
..................................................................


WIND (MPH)
  HIGHEST WIND SPEED    32   HIGHEST WIND DIRECTION     N (340)
  HIGHEST GUST SPEED    41   HIGHEST GUST DIRECTION     N (360)
  AVERAGE WIND SPEED    11.1


SKY COVER
  AVERAGE SKY COVER 0.3


WEATHER CONDITIONS
 THE FOLLOWING WEATHER WAS RECORDED YESTERDAY.
  LIGHT SNOW


RELATIVE HUMIDITY (PERCENT)
 HIGHEST    96           600 AM
 LOWEST     30           300 PM
 AVERAGE    63

..........................................................


THE TOPEKA KS CLIMATE NORMALS FOR TODAY
                         NORMAL    RECORD    YEAR
 MAXIMUM TEMPERATURE (F)   49        78      1896
 MINIMUM TEMPERATURE (F)   27        -4      1934


SUNRISE AND SUNSET
FEBRUARY 26 2015......SUNRISE   700 AM CST   SUNSET   612 PM CST
FEBRUARY 27 2015......SUNRISE   658 AM CST   SUNSET   613 PM CST


-  INDICATES NEGATIVE NUMBERS.
R  INDICATES RECORD WAS SET OR TIED.
MM INDICATES DATA IS MISSING.
T  INDICATES TRACE AMOUNT.




$$
