000
CDUS43 KTOP 262138
CLITOP


CLIMATE REPORT
NATIONAL WEATHER SERVICE TOPEKA KS
435 PM CDT MON SEP 26 2016


...................................

...THE TOPEKA KS CLIMATE SUMMARY FOR SEPTEMBER 26 2016...
VALID TODAY AS OF 430 PM LOCAL TIME.

CLIMATE NORMAL PERIOD 1981 TO 2010
CLIMATE RECORD PERIOD 1887 TO 2016


WEATHER ITEM   OBSERVED TIME   RECORD YEAR NORMAL DEPARTURE LAST
                VALUE   (LST)  VALUE       VALUE  FROM      YEAR
                                                  NORMAL
..................................................................
TEMPERATURE (F)
 TODAY
  MAXIMUM         75    333 PM  96    1990  76     -1       83
                                      1938
  MINIMUM         48    629 AM  32    1975  52     -4       54
  AVERAGE         62                        64     -2       69

PRECIPITATION (IN)
  TODAY            0.00          3.86 1917   0.12  -0.12     0.00
  MONTH TO DATE    7.78                      3.19   4.59     7.43
  SINCE SEP 1      7.78                      3.19   4.59     7.43
  SINCE JAN 1     40.67                     29.76  10.91    40.67

SNOWFALL (IN)
  TODAY            0.0           T    1986   0.0    0.0      0.0
  MONTH TO DATE    0.0                       0.0    0.0      0.0
  SINCE JAN 1      3.7                      11.3   -7.6      7.9
  SINCE JUL 1      T                         0.0    0.0      0.0
  SNOW DEPTH       0

DEGREE DAYS
 HEATING
  TODAY            3                         4     -1        0
  MONTH TO DATE    6                        45    -39       11
  SINCE SEP 1      6                        45    -39       11
  SINCE JUL 1      6                        47    -41       11

 COOLING
  TODAY            0                         3     -3        4
  MONTH TO DATE  243                       154     89      263
  SINCE SEP 1    243                       154     89      263
  SINCE JAN 1   1644                      1382    262     1481
..................................................................


WIND (MPH)
  HIGHEST WIND SPEED    14   HIGHEST WIND DIRECTION     N (350)
  HIGHEST GUST SPEED    19   HIGHEST GUST DIRECTION     N (350)
  AVERAGE WIND SPEED     6.2



WEATHER CONDITIONS
 THE FOLLOWING WEATHER WAS RECORDED TODAY.
  FOG
  HAZE


RELATIVE HUMIDITY (PERCENT)
 HIGHEST    93           700 AM
 LOWEST     31           100 PM
 AVERAGE    62

..........................................................


THE TOPEKA KS CLIMATE NORMALS FOR TOMORROW
                         NORMAL    RECORD    YEAR
 MAXIMUM TEMPERATURE (F)   76        95      1911
 MINIMUM TEMPERATURE (F)   51        33      1942
                                             1889


SUNRISE AND SUNSET
SEPTEMBER 26 2016.....SUNRISE   714 AM CDT   SUNSET   712 PM CDT
SEPTEMBER 27 2016.....SUNRISE   715 AM CDT   SUNSET   711 PM CDT


-  INDICATES NEGATIVE NUMBERS.
R  INDICATES RECORD WAS SET OR TIED.
MM INDICATES DATA IS MISSING.
T  INDICATES TRACE AMOUNT.




$$
