000
CDUS43 KTOP 280633
CLITOP


CLIMATE REPORT
NATIONAL WEATHER SERVICE TOPEKA KS
1232 AM CST SAT FEB 28 2015


...................................

...THE TOPEKA KS CLIMATE SUMMARY FOR FEBRUARY 27 2015...

CLIMATE NORMAL PERIOD 1981 TO 2010
CLIMATE RECORD PERIOD 1887 TO 2015


WEATHER ITEM   OBSERVED TIME   RECORD YEAR NORMAL DEPARTURE LAST
                VALUE   (LST)  VALUE       VALUE  FROM      YEAR
                                                  NORMAL
..................................................................
TEMPERATURE (F)
 YESTERDAY
  MAXIMUM         20    422 PM  76    1932  50    -30       34
  MINIMUM          3    347 AM  -8    1934  28    -25       17
  AVERAGE         12                        39    -27       26

PRECIPITATION (IN)
  YESTERDAY        0.00          1.79 1900   0.06  -0.06     0.00
  MONTH TO DATE    0.73                      1.27  -0.54     1.29
  SINCE DEC 1      4.12                      3.48   0.64     2.22
  SINCE JAN 1      1.85                      2.13  -0.28     1.66

SNOWFALL (IN)
  YESTERDAY        0.0          17.3  1900   0.1   -0.1      0.0
  MONTH TO DATE    4.7                       4.4    0.3     15.0
  SINCE JAN 1      6.1                       9.3   -3.2     18.9
  SINCE JUL 1      8.5                      15.8   -7.3     23.2
  SNOW DEPTH       0

DEGREE DAYS
 HEATING
  YESTERDAY       53                        26     27       39
  MONTH TO DATE 1012                       830    182     1034
  SINCE DEC 1   2924                      2946    -22     3299
  SINCE JUL 1   3955                      3940     15     4295

 COOLING
  YESTERDAY        0                         0      0        0
  MONTH TO DATE    0                         0      0        0
  SINCE DEC 1      0                         0      0        0
  SINCE JAN 1      0                         0      0        0
..................................................................


WIND (MPH)
  HIGHEST WIND SPEED     9   HIGHEST WIND DIRECTION     E (90)
  HIGHEST GUST SPEED    11   HIGHEST GUST DIRECTION     E (90)
  AVERAGE WIND SPEED     3.3


SKY COVER
  AVERAGE SKY COVER 0.5


WEATHER CONDITIONS
 THE FOLLOWING WEATHER WAS RECORDED YESTERDAY.
  NO SIGNIFICANT WEATHER WAS OBSERVED.


RELATIVE HUMIDITY (PERCENT)
 HIGHEST    79           400 AM
 LOWEST     43           400 PM
 AVERAGE    61

..........................................................


THE TOPEKA KS CLIMATE NORMALS FOR TODAY
                         NORMAL    RECORD    YEAR
 MAXIMUM TEMPERATURE (F)   50        81      2006
 MINIMUM TEMPERATURE (F)   28        -5      1890


SUNRISE AND SUNSET
FEBRUARY 28 2015......SUNRISE   657 AM CST   SUNSET   614 PM CST
MARCH  1 2015.........SUNRISE   655 AM CST   SUNSET   615 PM CST


-  INDICATES NEGATIVE NUMBERS.
R  INDICATES RECORD WAS SET OR TIED.
MM INDICATES DATA IS MISSING.
T  INDICATES TRACE AMOUNT.




$$
