385
CDUS43 KTOP 130635
CLITOP


CLIMATE REPORT
NATIONAL WEATHER SERVICE TOPEKA KS
1234 AM CST WED DEC 13 2017


...................................

...THE TOPEKA KS CLIMATE SUMMARY FOR DECEMBER 12 2017...

CLIMATE NORMAL PERIOD 1981 TO 2010
CLIMATE RECORD PERIOD 1887 TO 2017


WEATHER ITEM   OBSERVED TIME   RECORD YEAR NORMAL DEPARTURE LAST
                VALUE   (LST)  VALUE       VALUE  FROM      YEAR
                                                  NORMAL
..................................................................
TEMPERATURE (F)
 YESTERDAY
  MAXIMUM         46    247 PM  74    1889  42      4       34
  MINIMUM         21    741 AM  -7    1932  23     -2       16
  AVERAGE         34                        32      2       25

PRECIPITATION (IN)
  YESTERDAY        0.00          1.55 1946   0.04  -0.04     0.00
  MONTH TO DATE    T                         0.61  -0.61     0.59
  SINCE DEC 1      T                         0.61  -0.61     0.59
  SINCE JAN 1     38.29                     35.72   2.57    42.77

SNOWFALL (IN)
  YESTERDAY        0.0           3.7  1914   0.2   -0.2      0.0
  MONTH TO DATE    T                         1.8   -1.8      0.5
  SINCE JAN 1      3.9                      14.4  -10.5      4.2
  SINCE JUL 1      0.4                       3.1   -2.7      0.5
  SNOW DEPTH       0

DEGREE DAYS
 HEATING
  YESTERDAY       31                        33     -2       40
  MONTH TO DATE  308                       370    -62      409
  SINCE DEC 1    308                       370    -62      409
  SINCE JUL 1   1131                      1364   -233      982

 COOLING
  YESTERDAY        0                         0      0        0
  MONTH TO DATE    0                         0      0        0
  SINCE DEC 1      0                         0      0        0
  SINCE JAN 1   1473                      1422     51     1711
..................................................................


WIND (MPH)
  HIGHEST WIND SPEED    18   HIGHEST WIND DIRECTION    NW (320)
  HIGHEST GUST SPEED    24   HIGHEST GUST DIRECTION    NW (320)
  AVERAGE WIND SPEED     6.6


SKY COVER
  AVERAGE SKY COVER 0.1


WEATHER CONDITIONS
 THE FOLLOWING WEATHER WAS RECORDED YESTERDAY.
  NO SIGNIFICANT WEATHER WAS OBSERVED.


RELATIVE HUMIDITY (PERCENT)
 HIGHEST    78          1000 PM
 LOWEST     48          1200 PM
 AVERAGE    63

..........................................................


THE TOPEKA KS CLIMATE NORMALS FOR TODAY
                         NORMAL    RECORD    YEAR
 MAXIMUM TEMPERATURE (F)   42        70      1921
 MINIMUM TEMPERATURE (F)   23       -12      1961


SUNRISE AND SUNSET
DECEMBER 13 2017......SUNRISE   733 AM CST   SUNSET   501 PM CST
DECEMBER 14 2017......SUNRISE   734 AM CST   SUNSET   501 PM CST


-  INDICATES NEGATIVE NUMBERS.
R  INDICATES RECORD WAS SET OR TIED.
MM INDICATES DATA IS MISSING.
T  INDICATES TRACE AMOUNT.




$$
