000
CDUS43 KTOP 210635
CLITOP


CLIMATE REPORT
NATIONAL WEATHER SERVICE TOPEKA KS
1235 AM CST TUE FEB 21 2017


...................................

...THE TOPEKA KS CLIMATE SUMMARY FOR FEBRUARY 20 2017...

CLIMATE NORMAL PERIOD 1981 TO 2010
CLIMATE RECORD PERIOD 1887 TO 2017


WEATHER ITEM   OBSERVED TIME   RECORD YEAR NORMAL DEPARTURE LAST
                VALUE   (LST)  VALUE       VALUE  FROM      YEAR
                                                  NORMAL
..................................................................
TEMPERATURE (F)
 YESTERDAY
  MAXIMUM         65    134 AM  76    2016  47     18       76
  MINIMUM         51    913 PM -13    1889  25     26       31
  AVERAGE         58                        36     22       54

PRECIPITATION (IN)
  YESTERDAY        0.11          1.18 1997   0.05   0.06     0.00
  MONTH TO DATE    0.11                      0.90  -0.79     0.35
  SINCE DEC 1      2.44                      3.11  -0.67     3.96
  SINCE JAN 1      1.39                      1.76  -0.37     1.25

SNOWFALL (IN)
  YESTERDAY        0.0           5.0  1960   0.1   -0.1      0.0
  MONTH TO DATE    T                         3.6   -3.6       T
  SINCE JAN 1      2.2                       8.5   -6.3      2.1
  SINCE JUL 1      5.3                      15.0   -9.7      3.3
  SNOW DEPTH       0

DEGREE DAYS
 HEATING
  YESTERDAY        7                        29    -22       11
  MONTH TO DATE  433                       637   -204      508
  SINCE DEC 1   2467                      2753   -286     2328
  SINCE JUL 1   3040                      3747   -707     3064

 COOLING
  YESTERDAY        0                         0      0        0
  MONTH TO DATE    0                         0      0        0
  SINCE DEC 1      0                         0      0        0
  SINCE JAN 1      0                         0      0        0
..................................................................


WIND (MPH)
  HIGHEST WIND SPEED    21   HIGHEST WIND DIRECTION    SE (150)
  HIGHEST GUST SPEED    27   HIGHEST GUST DIRECTION    SW (230)
  AVERAGE WIND SPEED     8.4


SKY COVER
  AVERAGE SKY COVER 0.6


WEATHER CONDITIONS
 THE FOLLOWING WEATHER WAS RECORDED YESTERDAY.
  THUNDERSTORM
  LIGHT RAIN
  FOG


RELATIVE HUMIDITY (PERCENT)
 HIGHEST    90           600 AM
 LOWEST     67           300 PM
 AVERAGE    79

..........................................................


THE TOPEKA KS CLIMATE NORMALS FOR TODAY
                         NORMAL    RECORD    YEAR
 MAXIMUM TEMPERATURE (F)   47        76      1977
 MINIMUM TEMPERATURE (F)   26        -2      1939


SUNRISE AND SUNSET
FEBRUARY 21 2017......SUNRISE   706 AM CST   SUNSET   607 PM CST
FEBRUARY 22 2017......SUNRISE   704 AM CST   SUNSET   608 PM CST


-  INDICATES NEGATIVE NUMBERS.
R  INDICATES RECORD WAS SET OR TIED.
MM INDICATES DATA IS MISSING.
T  INDICATES TRACE AMOUNT.




$$
