000
CDUS43 KTOP 190652
CLITOP


CLIMATE REPORT
NATIONAL WEATHER SERVICE TOPEKA KS
150 AM CDT MON SEP 19 2016


...................................

...THE TOPEKA KS CLIMATE SUMMARY FOR SEPTEMBER 18 2016...

CLIMATE NORMAL PERIOD 1981 TO 2010
CLIMATE RECORD PERIOD 1887 TO 2016


WEATHER ITEM   OBSERVED TIME   RECORD YEAR NORMAL DEPARTURE LAST
                VALUE   (LST)  VALUE       VALUE  FROM      YEAR
                                                  NORMAL
..................................................................
TEMPERATURE (F)
 YESTERDAY
  MAXIMUM         84    448 PM 101    1925  80      4       81
  MINIMUM         58    546 AM  35    1973  55      3       56
  AVERAGE         71                        67      4       69

PRECIPITATION (IN)
  YESTERDAY        0.00          1.40 1922   0.13  -0.13     0.53
  MONTH TO DATE    5.40                      2.20   3.20     7.29
  SINCE SEP 1      5.40                      2.20   3.20     7.29
  SINCE JAN 1     38.29                     28.77   9.52    40.53

SNOWFALL (IN)
  YESTERDAY        0.0           T    2002   0.0    0.0      0.0
  MONTH TO DATE    0.0                       0.0    0.0      0.0
  SINCE JAN 1      3.7                      11.3   -7.6      7.9
  SINCE JUL 1      T                         0.0    0.0      0.0
  SNOW DEPTH       0

DEGREE DAYS
 HEATING
  YESTERDAY        0                         2     -2        0
  MONTH TO DATE    0                        18    -18        7
  SINCE SEP 1      0                        18    -18        7
  SINCE JUL 1      0                        20    -20        7

 COOLING
  YESTERDAY        6                         5      1        4
  MONTH TO DATE  156                       125     31      217
  SINCE SEP 1    156                       125     31      217
  SINCE JAN 1   1557                      1353    204     1435
..................................................................


WIND (MPH)
  HIGHEST WIND SPEED    14   HIGHEST WIND DIRECTION     S (160)
  HIGHEST GUST SPEED    17   HIGHEST GUST DIRECTION    SE (150)
  AVERAGE WIND SPEED     4.1


SKY COVER
  AVERAGE SKY COVER 0.0


WEATHER CONDITIONS
 THE FOLLOWING WEATHER WAS RECORDED YESTERDAY.
  NO SIGNIFICANT WEATHER WAS OBSERVED.


RELATIVE HUMIDITY (PERCENT)
 HIGHEST    97          1200 AM
 LOWEST     51           400 PM
 AVERAGE    74

..........................................................


THE TOPEKA KS CLIMATE NORMALS FOR TODAY
                         NORMAL    RECORD    YEAR
 MAXIMUM TEMPERATURE (F)   79        97      1954
 MINIMUM TEMPERATURE (F)   55        35      1991


SUNRISE AND SUNSET
SEPTEMBER 19 2016.....SUNRISE   708 AM CDT   SUNSET   724 PM CDT
SEPTEMBER 20 2016.....SUNRISE   709 AM CDT   SUNSET   722 PM CDT


-  INDICATES NEGATIVE NUMBERS.
R  INDICATES RECORD WAS SET OR TIED.
MM INDICATES DATA IS MISSING.
T  INDICATES TRACE AMOUNT.




$$
