000
CDUS43 KTOP 152137
CLITOP


CLIMATE REPORT
NATIONAL WEATHER SERVICE TOPEKA KS
436 PM CDT THU JUN 15 2017


...................................

...THE TOPEKA KS CLIMATE SUMMARY FOR JUNE 15 2017...
VALID TODAY AS OF 0400 PM LOCAL TIME.

CLIMATE NORMAL PERIOD 1981 TO 2010
CLIMATE RECORD PERIOD 1887 TO 2017


WEATHER ITEM   OBSERVED TIME   RECORD YEAR NORMAL DEPARTURE LAST
                VALUE   (LST)  VALUE       VALUE  FROM      YEAR
                                                  NORMAL
..................................................................
TEMPERATURE (F)
 TODAY
  MAXIMUM         93    259 PM 104    1946  85      8       98
  MINIMUM         66    524 AM  48    1917  64      2       68
  AVERAGE         80                        74      6       83

PRECIPITATION (IN)
  TODAY            0.00          3.10 1943   0.19  -0.19     0.42
  MONTH TO DATE    0.85                      2.72  -1.87     1.58
  SINCE JUN 1      0.85                      2.72  -1.87     1.58
  SINCE JAN 1     16.00                     15.83   0.17    20.89

SNOWFALL (IN)
  TODAY            0.0           T    1951   0.0    0.0      0.0
  MONTH TO DATE    0.0                       0.0    0.0      0.0
  SINCE JAN 1      3.5                      11.3   -7.8      3.7
  SINCE JUL 1      6.6                      17.8  -11.2      4.9
  SNOW DEPTH       0

DEGREE DAYS
 HEATING
  TODAY            0                         0      0        0
  MONTH TO DATE    0                         6     -6        0
  SINCE JUN 1      0                         6     -6        0
  SINCE JUL 1   4007                      5019  -1012     4002

 COOLING
  TODAY           15                         9      6       18
  MONTH TO DATE  173                       114     59      177
  SINCE JUN 1    173                       114     59      177
  SINCE JAN 1    302                       240     62      269
..................................................................


WIND (MPH)
  HIGHEST WIND SPEED    16   HIGHEST WIND DIRECTION    SE (150)
  HIGHEST GUST SPEED    24   HIGHEST GUST DIRECTION     S (180)
  AVERAGE WIND SPEED     6.7



WEATHER CONDITIONS
 THE FOLLOWING WEATHER WAS RECORDED TODAY.
  NO SIGNIFICANT WEATHER WAS OBSERVED.


RELATIVE HUMIDITY (PERCENT)
 HIGHEST   100           300 AM
 LOWEST     56           200 PM
 AVERAGE    78

..........................................................


THE TOPEKA KS CLIMATE NORMALS FOR TOMORROW
                         NORMAL    RECORD    YEAR
 MAXIMUM TEMPERATURE (F)   85       103      1946
 MINIMUM TEMPERATURE (F)   64        49      1942


SUNRISE AND SUNSET
JUNE 15 2017..........SUNRISE   556 AM CDT   SUNSET   850 PM CDT
JUNE 16 2017..........SUNRISE   556 AM CDT   SUNSET   851 PM CDT


-  INDICATES NEGATIVE NUMBERS.
R  INDICATES RECORD WAS SET OR TIED.
MM INDICATES DATA IS MISSING.
T  INDICATES TRACE AMOUNT.




$$
