000
CDUS43 KTOP 230637
CLITOP


CLIMATE REPORT
NATIONAL WEATHER SERVICE TOPEKA KS
1235 AM CST TUE DEC 23 2014


...................................

...THE TOPEKA KS CLIMATE SUMMARY FOR DECEMBER 22 2014...

CLIMATE NORMAL PERIOD 1981 TO 2010
CLIMATE RECORD PERIOD 1887 TO 2014


WEATHER ITEM   OBSERVED TIME   RECORD YEAR NORMAL DEPARTURE LAST
                VALUE   (LST)  VALUE       VALUE  FROM      YEAR
                                                  NORMAL
..................................................................
TEMPERATURE (F)
 YESTERDAY
  MAXIMUM         50    156 PM  70    1933  40     10       26
  MINIMUM         42   1159 PM -22    1989  21     21        4
  AVERAGE         46                        30     16       15

PRECIPITATION (IN)
  YESTERDAY        0.13          0.76 1941   0.04   0.09     0.07
  MONTH TO DATE    2.23                      1.05   1.18     0.56
  SINCE DEC 1      2.23                      1.05   1.18     0.56
  SINCE JAN 1     31.11                     36.16  -5.05    34.01

SNOWFALL (IN)
  YESTERDAY        0.0           9.0  2007   0.1   -0.1      0.9
  MONTH TO DATE    2.0                       3.5   -1.5      4.1
  SINCE JAN 1     25.5                      16.1    9.4     28.3
  SINCE JUL 1      2.4                       4.8   -2.4      4.1
  SNOW DEPTH       0

DEGREE DAYS
 HEATING
  YESTERDAY       19                        35    -16       50
  MONTH TO DATE  577                       708   -131      779
  SINCE DEC 1    577                       708   -131      779
  SINCE JUL 1   1608                      1702    -94     1775

 COOLING
  YESTERDAY        0                         0      0        0
  MONTH TO DATE    0                         0      0        0
  SINCE DEC 1      0                         0      0        0
  SINCE JAN 1   1611                      1422    189     1586
..................................................................


WIND (MPH)
  HIGHEST WIND SPEED    16   HIGHEST WIND DIRECTION     W (270)
  HIGHEST GUST SPEED    21   HIGHEST GUST DIRECTION     W (260)
  AVERAGE WIND SPEED     8.4


SKY COVER
  AVERAGE SKY COVER 0.9


WEATHER CONDITIONS
 THE FOLLOWING WEATHER WAS RECORDED YESTERDAY.
  LIGHT RAIN
  FOG


RELATIVE HUMIDITY (PERCENT)
 HIGHEST    93           900 AM
 LOWEST     70          1100 PM
 AVERAGE    82

..........................................................


THE TOPEKA KS CLIMATE NORMALS FOR TODAY
                         NORMAL    RECORD    YEAR
 MAXIMUM TEMPERATURE (F)   40        70      1933
 MINIMUM TEMPERATURE (F)   21       -26      1989


SUNRISE AND SUNSET
DECEMBER 23 2014......SUNRISE   739 AM CST   SUNSET   504 PM CST
DECEMBER 24 2014......SUNRISE   739 AM CST   SUNSET   505 PM CST


-  INDICATES NEGATIVE NUMBERS.
R  INDICATES RECORD WAS SET OR TIED.
MM INDICATES DATA IS MISSING.
T  INDICATES TRACE AMOUNT.




$$
