000
CDUS43 KTOP 252135
CLITOP


CLIMATE REPORT
NATIONAL WEATHER SERVICE TOPEKA KS
434 PM CDT THU SEP 25 2014


...................................

...THE TOPEKA KS CLIMATE SUMMARY FOR SEPTEMBER 25 2014...
VALID TODAY AS OF 0400 PM LOCAL TIME.

CLIMATE NORMAL PERIOD 1981 TO 2010
CLIMATE RECORD PERIOD 1887 TO 2014


WEATHER ITEM   OBSERVED TIME   RECORD YEAR NORMAL DEPARTURE LAST
                VALUE   (LST)  VALUE       VALUE  FROM      YEAR
                                                  NORMAL
..................................................................
TEMPERATURE (F)
 TODAY
  MAXIMUM         87    256 PM  93    1898  77     10       81
  MINIMUM         60    650 AM  33    1989  52      8       53
  AVERAGE         74                        64     10       67

PRECIPITATION (IN)
  TODAY            0.00          1.64 1887   0.13  -0.13     0.00
  MONTH TO DATE    4.14                      3.07   1.07     3.09
  SINCE SEP 1      4.14                      3.07   1.07     3.09
  SINCE JAN 1     23.98                     29.64  -5.66    27.56

SNOWFALL (IN)
  TODAY            0.0           0.0    MM   0.0    0.0      0.0
  MONTH TO DATE    0.0                       0.0    0.0      0.0
  SINCE JAN 1     23.1                      11.3   11.8     24.2
  SINCE JUL 1      T                         0.0    0.0      0.0
  SNOW DEPTH       0

DEGREE DAYS
 HEATING
  TODAY            0                         4     -4        0
  MONTH TO DATE   49                        41      8        5
  SINCE SEP 1     49                        41      8        5
  SINCE JUL 1     49                        43      6        5

 COOLING
  TODAY            9                         3      6        2
  MONTH TO DATE  142                       151     -9      231
  SINCE SEP 1    142                       151     -9      231
  SINCE JAN 1   1552                      1379    173     1525
..................................................................


WIND (MPH)
  HIGHEST WIND SPEED    13   HIGHEST WIND DIRECTION     S (170)
  HIGHEST GUST SPEED    16   HIGHEST GUST DIRECTION     S (170)
  AVERAGE WIND SPEED     3.1



WEATHER CONDITIONS
 THE FOLLOWING WEATHER WAS RECORDED TODAY.
  NO SIGNIFICANT WEATHER WAS OBSERVED.


RELATIVE HUMIDITY (PERCENT)
 HIGHEST    90           500 AM
 LOWEST     37           100 PM
 AVERAGE    64

..........................................................


THE TOPEKA KS CLIMATE NORMALS FOR TOMORROW
                         NORMAL    RECORD    YEAR
 MAXIMUM TEMPERATURE (F)   76        96      1990
                                             1938
 MINIMUM TEMPERATURE (F)   52        32      1975


SUNRISE AND SUNSET
SEPTEMBER 25 2014.....SUNRISE   713 AM CDT   SUNSET   715 PM CDT
SEPTEMBER 26 2014.....SUNRISE   714 AM CDT   SUNSET   713 PM CDT


-  INDICATES NEGATIVE NUMBERS.
R  INDICATES RECORD WAS SET OR TIED.
MM INDICATES DATA IS MISSING.
T  INDICATES TRACE AMOUNT.




$$
