000
CDUS43 KTOP 260637
CLITOP


CLIMATE REPORT
NATIONAL WEATHER SERVICE TOPEKA KS
137 AM CDT FRI JUN 26 2015


...................................

...THE TOPEKA KS CLIMATE SUMMARY FOR JUNE 25 2015...

CLIMATE NORMAL PERIOD 1981 TO 2010
CLIMATE RECORD PERIOD 1887 TO 2015


WEATHER ITEM   OBSERVED TIME   RECORD YEAR NORMAL DEPARTURE LAST
                VALUE   (LST)  VALUE       VALUE  FROM      YEAR
                                                  NORMAL
..................................................................
TEMPERATURE (F)
 YESTERDAY
  MAXIMUM         97    148 PM 106    1911  87     10       89
  MINIMUM         76   1159 PM  50    1974  66     10       65
                                      1958
  AVERAGE         87                        77     10       77

PRECIPITATION (IN)
  YESTERDAY        0.00          2.52 1903   0.18  -0.18     0.00
  MONTH TO DATE    5.16                      4.56   0.60     5.99
  SINCE JUN 1      5.16                      4.56   0.60     5.99
  SINCE JAN 1     19.75                     17.67   2.08    13.46

SNOWFALL (IN)
  YESTERDAY        0.0           T    1949   0.0    0.0      0.0
  MONTH TO DATE    0.0                       0.0    0.0      0.0
  SINCE JAN 1      7.9                      11.3   -3.4     23.1
  SINCE JUL 1     10.3                      17.8   -7.5     27.4
  SNOW DEPTH       0

DEGREE DAYS
 HEATING
  YESTERDAY        0                         0      0        0
  MONTH TO DATE    0                         6     -6        0
  SINCE JUN 1      0                         6     -6        0
  SINCE JUL 1   4874                      5019   -145     5440

 COOLING
  YESTERDAY       22                        12     10       12
  MONTH TO DATE  308                       222     86      265
  SINCE JUN 1    308                       222     86      265
  SINCE JAN 1    390                       348     42      482
..................................................................


WIND (MPH)
  HIGHEST WIND SPEED    24   HIGHEST WIND DIRECTION     N (10)
  HIGHEST GUST SPEED    33   HIGHEST GUST DIRECTION     N (20)
  AVERAGE WIND SPEED     9.6


SKY COVER
  AVERAGE SKY COVER 0.1


WEATHER CONDITIONS
 THE FOLLOWING WEATHER WAS RECORDED YESTERDAY.
  NO SIGNIFICANT WEATHER WAS OBSERVED.


RELATIVE HUMIDITY (PERCENT)
 HIGHEST    88          1100 PM
 LOWEST     43           200 PM
 AVERAGE    66

..........................................................


THE TOPEKA KS CLIMATE NORMALS FOR TODAY
                         NORMAL    RECORD    YEAR
 MAXIMUM TEMPERATURE (F)   87       107      1936
 MINIMUM TEMPERATURE (F)   67        49      1974


SUNRISE AND SUNSET
JUNE 26 2015..........SUNRISE   558 AM CDT   SUNSET   852 PM CDT
JUNE 27 2015..........SUNRISE   559 AM CDT   SUNSET   852 PM CDT


-  INDICATES NEGATIVE NUMBERS.
R  INDICATES RECORD WAS SET OR TIED.
MM INDICATES DATA IS MISSING.
T  INDICATES TRACE AMOUNT.




$$
