000
CDUS43 KTOP 232134
CLITOP


CLIMATE REPORT
NATIONAL WEATHER SERVICE TOPEKA KS
434 PM CDT SUN AUG 23 2015


...................................

...THE TOPEKA KS CLIMATE SUMMARY FOR AUGUST 23 2015...
VALID TODAY AS OF 0400 PM LOCAL TIME.

CLIMATE NORMAL PERIOD 1981 TO 2010
CLIMATE RECORD PERIOD 1887 TO 2015


WEATHER ITEM   OBSERVED TIME   RECORD YEAR NORMAL DEPARTURE LAST
                VALUE   (LST)  VALUE       VALUE  FROM      YEAR
                                                  NORMAL
..................................................................
TEMPERATURE (F)
 TODAY
  MAXIMUM         78    248 PM 105    1936  88    -10      100
  MINIMUM         61    624 AM  43    1891  65     -4       76
  AVERAGE         70                        77     -7       88

PRECIPITATION (IN)
  TODAY            0.04          1.76 1962   0.14  -0.10     0.00
                                      1926
  MONTH TO DATE    2.87                      3.14  -0.27     3.32
  SINCE JUN 1     18.42                     12.36   6.06    10.50
  SINCE JAN 1     33.01                     25.47   7.54    17.97

SNOWFALL (IN)
  TODAY            0.0           0.0    MM   0.0    0.0      0.0
  MONTH TO DATE    0.0                       0.0    0.0       T
  SINCE JAN 1      7.9                      11.3   -3.4     23.1
  SINCE JUL 1      0.0                       0.0    0.0       T
  SNOW DEPTH       0

DEGREE DAYS
 HEATING
  TODAY            0                         0      0        0
  MONTH TO DATE    0                         0      0        0
  SINCE JUN 1      0                         8     -8        0
  SINCE JUL 1      0                         0      0        0

 COOLING
  TODAY            5                        12     -7       23
  MONTH TO DATE  269                       302    -33      338
  SINCE JUN 1   1083                      1018     65     1044
  SINCE JAN 1   1165                      1144     21     1261
..................................................................


WIND (MPH)
  HIGHEST WIND SPEED    18   HIGHEST WIND DIRECTION     N (350)
  HIGHEST GUST SPEED    28   HIGHEST GUST DIRECTION     N (350)
  AVERAGE WIND SPEED     8.5



WEATHER CONDITIONS
 THE FOLLOWING WEATHER WAS RECORDED TODAY.
  THUNDERSTORM
  HEAVY RAIN
  LIGHT RAIN
  FOG


RELATIVE HUMIDITY (PERCENT)
 HIGHEST    78           300 AM
 LOWEST     43           300 PM
 AVERAGE    61

..........................................................


THE TOPEKA KS CLIMATE NORMALS FOR TOMORROW
                         NORMAL    RECORD    YEAR
 MAXIMUM TEMPERATURE (F)   88       110      1936
 MINIMUM TEMPERATURE (F)   65        40      1891


SUNRISE AND SUNSET
AUGUST 23 2015........SUNRISE   643 AM CDT   SUNSET   807 PM CDT
AUGUST 24 2015........SUNRISE   644 AM CDT   SUNSET   805 PM CDT


-  INDICATES NEGATIVE NUMBERS.
R  INDICATES RECORD WAS SET OR TIED.
MM INDICATES DATA IS MISSING.
T  INDICATES TRACE AMOUNT.




$$
