000
CDUS43 KTOP 120633
CLITOP


CLIMATE REPORT
NATIONAL WEATHER SERVICE TOPEKA KS
132 AM CDT WED APR 12 2017


...................................

...THE TOPEKA KS CLIMATE SUMMARY FOR APRIL 11 2017...

CLIMATE NORMAL PERIOD 1981 TO 2010
CLIMATE RECORD PERIOD 1887 TO 2017


WEATHER ITEM   OBSERVED TIME   RECORD YEAR NORMAL DEPARTURE LAST
                VALUE   (LST)  VALUE       VALUE  FROM      YEAR
                                                  NORMAL
..................................................................
TEMPERATURE (F)
 YESTERDAY
  MAXIMUM         68    501 PM  90    1996  65      3       61
  MINIMUM         38    640 AM  25    1940  42     -4       37
  AVERAGE         53                        54     -1       49

PRECIPITATION (IN)
  YESTERDAY        0.00          1.09 1920   0.11  -0.11     0.00
  MONTH TO DATE    2.21                      1.15   1.06     0.16
  SINCE MAR 1      6.24                      3.64   2.60     2.46
  SINCE JAN 1      7.63                      5.82   1.81     3.73

SNOWFALL (IN)
  YESTERDAY        0.0           1.1  1957   0.0    0.0      0.0
  MONTH TO DATE    0.0                       0.2   -0.2      0.0
  SINCE JAN 1      3.5                      11.2   -7.7      3.7
  SINCE JUL 1      6.6                      17.7  -11.1      4.9
  SNOW DEPTH       0

DEGREE DAYS
 HEATING
  YESTERDAY       12                        12      0       16
  MONTH TO DATE  116                       149    -33      115
  SINCE MAR 1    616                       777   -161      543
  SINCE JUL 1   3797                      4744   -947     3795

 COOLING
  YESTERDAY        0                         1     -1        0
  MONTH TO DATE    8                         4      4        0
  SINCE MAR 1     17                         7     10        3
  SINCE JAN 1     17                         7     10        3
..................................................................


WIND (MPH)
  HIGHEST WIND SPEED    13   HIGHEST WIND DIRECTION    SE (140)
  HIGHEST GUST SPEED    15   HIGHEST GUST DIRECTION    SE (120)
  AVERAGE WIND SPEED     4.8


SKY COVER
  AVERAGE SKY COVER 0.3


WEATHER CONDITIONS
 THE FOLLOWING WEATHER WAS RECORDED YESTERDAY.
  HAZE


RELATIVE HUMIDITY (PERCENT)
 HIGHEST    92           600 AM
 LOWEST     35           500 PM
 AVERAGE    64

..........................................................


THE TOPEKA KS CLIMATE NORMALS FOR TODAY
                         NORMAL    RECORD    YEAR
 MAXIMUM TEMPERATURE (F)   66        87      1972
 MINIMUM TEMPERATURE (F)   42        20      1957


SUNRISE AND SUNSET
APRIL 12 2017.........SUNRISE   650 AM CDT   SUNSET   757 PM CDT
APRIL 13 2017.........SUNRISE   648 AM CDT   SUNSET   758 PM CDT


-  INDICATES NEGATIVE NUMBERS.
R  INDICATES RECORD WAS SET OR TIED.
MM INDICATES DATA IS MISSING.
T  INDICATES TRACE AMOUNT.




$$
