000
CDUS43 KTOP 270631
CLITOP


CLIMATE REPORT
NATIONAL WEATHER SERVICE TOPEKA KS
131 AM CDT WED AUG 27 2014


...................................

...THE TOPEKA KS CLIMATE SUMMARY FOR AUGUST 26 2014...

CLIMATE NORMAL PERIOD 1981 TO 2010
CLIMATE RECORD PERIOD 1887 TO 2014


WEATHER ITEM   OBSERVED TIME   RECORD YEAR NORMAL DEPARTURE LAST
                VALUE   (LST)  VALUE       VALUE  FROM      YEAR
                                                  NORMAL
..................................................................
TEMPERATURE (F)
 YESTERDAY
  MAXIMUM         93    352 PM 107    1936  87      6       96
  MINIMUM         71    546 AM  49    1988  64      7       74
  AVERAGE         82                        76      6       85

PRECIPITATION (IN)
  YESTERDAY        T             2.29 1942   0.15  -0.15     0.00
  MONTH TO DATE    4.12                      3.57   0.55     5.19
  SINCE JUN 1     11.30                     12.79  -1.49    10.12
  SINCE JAN 1     18.77                     25.90  -7.13    24.45

SNOWFALL (IN)
  YESTERDAY        0.0           0.0    MM   0.0    0.0      0.0
  MONTH TO DATE    T                         0.0    0.0      0.0
  SINCE JAN 1     23.1                      11.3   11.8     24.2
  SINCE JUL 1      T                         0.0    0.0      0.0
  SNOW DEPTH       0

DEGREE DAYS
 HEATING
  YESTERDAY        0                         0      0        0
  MONTH TO DATE    0                         0      0        0
  SINCE JUN 1      0                         8     -8        5
  SINCE JUL 1      0                         0      0        0

 COOLING
  YESTERDAY       17                        11      6       20
  MONTH TO DATE  400                       335     65      291
  SINCE JUN 1   1106                      1051     55     1052
  SINCE JAN 1   1323                      1177    146     1197
..................................................................


WIND (MPH)
  HIGHEST WIND SPEED    18   HIGHEST WIND DIRECTION     W (280)
  HIGHEST GUST SPEED    24   HIGHEST GUST DIRECTION     W (290)
  AVERAGE WIND SPEED     7.6


SKY COVER
  AVERAGE SKY COVER 0.0


WEATHER CONDITIONS
 THE FOLLOWING WEATHER WAS RECORDED YESTERDAY.
  THUNDERSTORM
  LIGHT RAIN


RELATIVE HUMIDITY (PERCENT)
 HIGHEST    87           400 AM
 LOWEST     49           200 PM
 AVERAGE    68

..........................................................


THE TOPEKA KS CLIMATE NORMALS FOR TODAY
                         NORMAL    RECORD    YEAR
 MAXIMUM TEMPERATURE (F)   87       108      2000
 MINIMUM TEMPERATURE (F)   64        50      1967
                                             1910
                                             1906


SUNRISE AND SUNSET
AUGUST 27 2014........SUNRISE   647 AM CDT   SUNSET   801 PM CDT
AUGUST 28 2014........SUNRISE   648 AM CDT   SUNSET   759 PM CDT


-  INDICATES NEGATIVE NUMBERS.
R  INDICATES RECORD WAS SET OR TIED.
MM INDICATES DATA IS MISSING.
T  INDICATES TRACE AMOUNT.




$$
