000
CDUS43 KTOP 200631
CLITOP


CLIMATE REPORT
NATIONAL WEATHER SERVICE TOPEKA KS
131 AM CDT WED MAY 20 2015


...................................

...THE TOPEKA KS CLIMATE SUMMARY FOR MAY 19 2015...

CLIMATE NORMAL PERIOD 1981 TO 2010
CLIMATE RECORD PERIOD 1887 TO 2015


WEATHER ITEM   OBSERVED TIME   RECORD YEAR NORMAL DEPARTURE LAST
                VALUE   (LST)  VALUE       VALUE  FROM      YEAR
                                                  NORMAL
..................................................................
TEMPERATURE (F)
 YESTERDAY
  MAXIMUM         59    251 PM  96    2006  77    -18       86
                                      1975
                                      1944
  MINIMUM         45    515 AM  30    1888  55    -10       61
  AVERAGE         52                        66    -14       74

PRECIPITATION (IN)
  YESTERDAY        0.04          2.04 1977   0.16  -0.12     0.00
  MONTH TO DATE    5.07                      2.98   2.09     0.84
  SINCE MAR 1      8.24                      9.00  -0.76     5.02
  SINCE JAN 1     10.23                     11.18  -0.95     6.68

SNOWFALL (IN)
  YESTERDAY        0.0           0.0    MM   0.0    0.0      0.0
  MONTH TO DATE    0.0                       0.0    0.0       T
  SINCE JAN 1      7.9                      11.3   -3.4     23.1
  SINCE JUL 1     10.3                      17.8   -7.5     27.4
  SNOW DEPTH       0

DEGREE DAYS
 HEATING
  YESTERDAY       13                         2     11        0
  MONTH TO DATE   53                        78    -25       96
  SINCE MAR 1    834                      1028   -194     1118
  SINCE JUL 1   4835                      4995   -160     5440

 COOLING
  YESTERDAY        0                         3     -3        9
  MONTH TO DATE   52                        43      9       70
  SINCE MAR 1     57                        71    -14       93
  SINCE JAN 1     57                        71    -14       93
..................................................................


WIND (MPH)
  HIGHEST WIND SPEED    18   HIGHEST WIND DIRECTION    NE (40)
  HIGHEST GUST SPEED    22   HIGHEST GUST DIRECTION     N (20)
  AVERAGE WIND SPEED     9.5


SKY COVER
  AVERAGE SKY COVER 0.3


WEATHER CONDITIONS
 THE FOLLOWING WEATHER WAS RECORDED YESTERDAY.
  RAIN
  LIGHT RAIN


RELATIVE HUMIDITY (PERCENT)
 HIGHEST    86           200 AM
 LOWEST     57          1100 AM
 AVERAGE    72

..........................................................


THE TOPEKA KS CLIMATE NORMALS FOR TODAY
                         NORMAL    RECORD    YEAR
 MAXIMUM TEMPERATURE (F)   77        91      1964
                                             1937
                                             1933
 MINIMUM TEMPERATURE (F)   56        36      1981


SUNRISE AND SUNSET
MAY 20 2015...........SUNRISE   606 AM CDT   SUNSET   833 PM CDT
MAY 21 2015...........SUNRISE   605 AM CDT   SUNSET   834 PM CDT


-  INDICATES NEGATIVE NUMBERS.
R  INDICATES RECORD WAS SET OR TIED.
MM INDICATES DATA IS MISSING.
T  INDICATES TRACE AMOUNT.




$$
