000
CDUS43 KTOP 070632
CLITOP


CLIMATE REPORT
NATIONAL WEATHER SERVICE TOPEKA KS
131 AM CDT MON AUG 7 2017


...................................

...THE TOPEKA KS CLIMATE SUMMARY FOR AUGUST 6 2017...

CLIMATE NORMAL PERIOD 1981 TO 2010
CLIMATE RECORD PERIOD 1887 TO 2017


WEATHER ITEM   OBSERVED TIME   RECORD YEAR NORMAL DEPARTURE LAST
                VALUE   (LST)  VALUE       VALUE  FROM      YEAR
                                                  NORMAL
..................................................................
TEMPERATURE (F)
 YESTERDAY
  MAXIMUM         75    326 PM 109    1934  90    -15       85
  MINIMUM         65    239 AM  53    1948  68     -3       69
  AVERAGE         70                        79     -9       77

PRECIPITATION (IN)
  YESTERDAY        T             3.35 1903   0.14  -0.14     0.00
  MONTH TO DATE    0.85                      0.80   0.05      T
  SINCE JUN 1     12.24                     10.02   2.22     7.75
  SINCE JAN 1     27.39                     23.13   4.26    27.06

SNOWFALL (IN)
  YESTERDAY        0.0           T    2014   0.0    0.0      0.0
                                      1986
  MONTH TO DATE    0.0                       0.0    0.0      0.0
  SINCE JAN 1      3.5                      11.3   -7.8      3.7
  SINCE JUL 1      T                         0.0    0.0       T
  SNOW DEPTH       0

DEGREE DAYS
 HEATING
  YESTERDAY        0                         0      0        0
  MONTH TO DATE    0                         0      0        0
  SINCE JUN 1      0                         8     -8        0
  SINCE JUL 1      0                         0      0        0

 COOLING
  YESTERDAY        5                        14     -9       12
  MONTH TO DATE   36                        84    -48       99
  SINCE JUN 1    844                       800     44     1012
  SINCE JAN 1    973                       926     47     1104
..................................................................


WIND (MPH)
  HIGHEST WIND SPEED    12   HIGHEST WIND DIRECTION     N (350)
  HIGHEST GUST SPEED    14   HIGHEST GUST DIRECTION     N (360)
  AVERAGE WIND SPEED     4.0


SKY COVER
  AVERAGE SKY COVER 0.9


WEATHER CONDITIONS
 THE FOLLOWING WEATHER WAS RECORDED YESTERDAY.
  LIGHT RAIN


RELATIVE HUMIDITY (PERCENT)
 HIGHEST   100           200 AM
 LOWEST     79          1000 AM
 AVERAGE    90

..........................................................


THE TOPEKA KS CLIMATE NORMALS FOR TODAY
                         NORMAL    RECORD    YEAR
 MAXIMUM TEMPERATURE (F)   90       110      1934
 MINIMUM TEMPERATURE (F)   68        49      1989


SUNRISE AND SUNSET
AUGUST  7 2017........SUNRISE   629 AM CDT   SUNSET   827 PM CDT
AUGUST  8 2017........SUNRISE   630 AM CDT   SUNSET   826 PM CDT


-  INDICATES NEGATIVE NUMBERS.
R  INDICATES RECORD WAS SET OR TIED.
MM INDICATES DATA IS MISSING.
T  INDICATES TRACE AMOUNT.




$$
