000
CDUS43 KTOP 300634
CLITOP


CLIMATE REPORT
NATIONAL WEATHER SERVICE TOPEKA KS
1232 AM CST SAT JAN 30 2016


...................................

...THE TOPEKA KS CLIMATE SUMMARY FOR JANUARY 29 2016...

CLIMATE NORMAL PERIOD 1981 TO 2010
CLIMATE RECORD PERIOD 1887 TO 2016


WEATHER ITEM   OBSERVED TIME   RECORD YEAR NORMAL DEPARTURE LAST
                VALUE   (LST)  VALUE       VALUE  FROM      YEAR
                                                  NORMAL
..................................................................
TEMPERATURE (F)
 YESTERDAY
  MAXIMUM         68    423 PM  70    2013  41     27       53
  MINIMUM         26    545 AM  -9    1966  20      6       20
  AVERAGE         47                        30     17       37

PRECIPITATION (IN)
  YESTERDAY        0.00          1.19 1982   0.04  -0.04     0.00
  MONTH TO DATE    0.90                      0.79   0.11     0.08
  SINCE DEC 1      3.61                      2.14   1.47     2.35
  SINCE JAN 1      0.90                      0.79   0.11     0.08

SNOWFALL (IN)
  YESTERDAY        0.0           3.4  1979   0.2   -0.2      0.0
  MONTH TO DATE    2.1                       4.6   -2.5      1.2
  SINCE JAN 1      2.1                       4.6   -2.5      1.2
  SINCE JUL 1      3.3                      11.1   -7.8      3.6
  SNOW DEPTH       0

DEGREE DAYS
 HEATING
  YESTERDAY       18                        35    -17       28
  MONTH TO DATE 1008                      1022    -14      964
  SINCE DEC 1   1779                      2045   -266     1847
  SINCE JUL 1   2515                      3039   -524     2878

 COOLING
  YESTERDAY        0                         0      0        0
  MONTH TO DATE    0                         0      0        0
  SINCE DEC 1      0                         0      0        0
  SINCE JAN 1      0                         0      0        0
..................................................................


WIND (MPH)
  HIGHEST WIND SPEED    15   HIGHEST WIND DIRECTION     S (170)
  HIGHEST GUST SPEED    20   HIGHEST GUST DIRECTION     S (180)
  AVERAGE WIND SPEED     5.9


SKY COVER
  AVERAGE SKY COVER 0.0


WEATHER CONDITIONS
 THE FOLLOWING WEATHER WAS RECORDED YESTERDAY.
  NO SIGNIFICANT WEATHER WAS OBSERVED.


RELATIVE HUMIDITY (PERCENT)
 HIGHEST    92           500 AM
 LOWEST     28           300 PM
 AVERAGE    60

..........................................................


THE TOPEKA KS CLIMATE NORMALS FOR TODAY
                         NORMAL    RECORD    YEAR
 MAXIMUM TEMPERATURE (F)   41        70      2012
 MINIMUM TEMPERATURE (F)   20        -6      1991
                                             1966
                                             1918


SUNRISE AND SUNSET
JANUARY 30 2016.......SUNRISE   731 AM CST   SUNSET   541 PM CST
JANUARY 31 2016.......SUNRISE   730 AM CST   SUNSET   542 PM CST


-  INDICATES NEGATIVE NUMBERS.
R  INDICATES RECORD WAS SET OR TIED.
MM INDICATES DATA IS MISSING.
T  INDICATES TRACE AMOUNT.




$$
