000
CDUS43 KTOP 120917
CLITOP


CLIMATE REPORT
NATIONAL WEATHER SERVICE TOPEKA KS
317 AM CST MON FEB 12 2018


...................................

...THE TOPEKA KS CLIMATE SUMMARY FOR FEBRUARY 11 2018...

CLIMATE NORMAL PERIOD 1981 TO 2010
CLIMATE RECORD PERIOD 1887 TO 2018


WEATHER ITEM   OBSERVED TIME   RECORD YEAR NORMAL DEPARTURE LAST
                VALUE   (LST)  VALUE       VALUE  FROM      YEAR
                                                  NORMAL
..................................................................
TEMPERATURE (F)
 YESTERDAY
  MAXIMUM         36    445 PM  75    1951  44     -8       70
  MINIMUM         13    745 AM -19    1899  23    -10       43
  AVERAGE         25                        33     -8       57

PRECIPITATION (IN)
  YESTERDAY        T             0.58 1894   0.04  -0.04     0.00
  MONTH TO DATE    0.11                      0.47  -0.36      T
  SINCE DEC 1      1.36                      2.68  -1.32     2.33
  SINCE JAN 1      1.05                      1.33  -0.28     1.28

SNOWFALL (IN)
  YESTERDAY        T             4.5  1894   0.2   -0.2      0.0
  MONTH TO DATE    2.0                       2.0    0.0       T
  SINCE JAN 1      5.1                       6.9   -1.8      2.2
  SINCE JUL 1      7.2                      13.4   -6.2      5.3
  SNOW DEPTH       0

DEGREE DAYS
 HEATING
  YESTERDAY       40                        32      8        8
  MONTH TO DATE  443                       364     79      299
  SINCE DEC 1   2513                      2480     33     2333
  SINCE JUL 1   3336                      3474   -138     2906

 COOLING
  YESTERDAY        0                         0      0        0
  MONTH TO DATE    0                         0      0        0
  SINCE DEC 1      0                         0      0        0
  SINCE JAN 1      0                         0      0        0
..................................................................


WIND (MPH)
  HIGHEST WIND SPEED    15   HIGHEST WIND DIRECTION     W (270)
  HIGHEST GUST SPEED    19   HIGHEST GUST DIRECTION     W (260)
  AVERAGE WIND SPEED     6.4


SKY COVER
  AVERAGE SKY COVER 0.3


WEATHER CONDITIONS
 THE FOLLOWING WEATHER WAS RECORDED YESTERDAY.
  FOG


RELATIVE HUMIDITY (PERCENT)
 HIGHEST    84           700 AM
 LOWEST     35           300 PM
 AVERAGE    60

..........................................................


THE TOPEKA KS CLIMATE NORMALS FOR TODAY
                         NORMAL    RECORD    YEAR
 MAXIMUM TEMPERATURE (F)   44        73      1990
                                             1962
 MINIMUM TEMPERATURE (F)   23       -25      1899


SUNRISE AND SUNSET
FEBRUARY 12 2018......SUNRISE   718 AM CST   SUNSET   556 PM CST
FEBRUARY 13 2018......SUNRISE   716 AM CST   SUNSET   558 PM CST


-  INDICATES NEGATIVE NUMBERS.
R  INDICATES RECORD WAS SET OR TIED.
MM INDICATES DATA IS MISSING.
T  INDICATES TRACE AMOUNT.




$$
