000
CDUS43 KTOP 160636
CLITOP


CLIMATE REPORT
NATIONAL WEATHER SERVICE TOPEKA KS
135 AM CDT THU OCT 16 2014


...................................

...THE TOPEKA KS CLIMATE SUMMARY FOR OCTOBER 15 2014...

CLIMATE NORMAL PERIOD 1981 TO 2010
CLIMATE RECORD PERIOD 1887 TO 2014


WEATHER ITEM   OBSERVED TIME   RECORD YEAR NORMAL DEPARTURE LAST
                VALUE   (LST)  VALUE       VALUE  FROM      YEAR
                                                  NORMAL
..................................................................
TEMPERATURE (F)
 YESTERDAY
  MAXIMUM         72    331 PM  90    1938  69      3       62
  MINIMUM         39    628 AM  27    1891  45     -6       46
  AVERAGE         56                        57     -1       54

PRECIPITATION (IN)
  YESTERDAY        0.00          3.48 1980   0.09  -0.09     0.01
  MONTH TO DATE    3.21                      1.57   1.64     1.66
  SINCE SEP 1      7.35                      5.23   2.12     4.93
  SINCE JAN 1     27.19                     31.80  -4.61    29.40

SNOWFALL (IN)
  YESTERDAY        0.0           0.0    MM   0.0    0.0      0.0
  MONTH TO DATE    0.0                       0.1   -0.1      0.0
  SINCE JAN 1     23.1                      11.4   11.7     24.2
  SINCE JUL 1      T                         0.1   -0.1      0.0
  SNOW DEPTH       0

DEGREE DAYS
 HEATING
  YESTERDAY        9                         9      0       11
  MONTH TO DATE   97                       107    -10       64
  SINCE SEP 1    146                       172    -26       78
  SINCE JUL 1    146                       174    -28       78

 COOLING
  YESTERDAY        0                         1     -1        0
  MONTH TO DATE   12                        21     -9       37
  SINCE SEP 1    185                       186     -1      292
  SINCE JAN 1   1595                      1414    181     1586
..................................................................


WIND (MPH)
  HIGHEST WIND SPEED    13   HIGHEST WIND DIRECTION     W (290)
  HIGHEST GUST SPEED    17   HIGHEST GUST DIRECTION    NW (320)
  AVERAGE WIND SPEED     3.7


SKY COVER
  AVERAGE SKY COVER 0.0


WEATHER CONDITIONS
 THE FOLLOWING WEATHER WAS RECORDED YESTERDAY.
  FOG
  HAZE


RELATIVE HUMIDITY (PERCENT)
 HIGHEST    93          1000 PM
 LOWEST     30           100 PM
 AVERAGE    62

..........................................................


THE TOPEKA KS CLIMATE NORMALS FOR TODAY
                         NORMAL    RECORD    YEAR
 MAXIMUM TEMPERATURE (F)   68        88      1938
 MINIMUM TEMPERATURE (F)   45        24      1966


SUNRISE AND SUNSET
OCTOBER 16 2014.......SUNRISE   733 AM CDT   SUNSET   642 PM CDT
OCTOBER 17 2014.......SUNRISE   734 AM CDT   SUNSET   641 PM CDT


-  INDICATES NEGATIVE NUMBERS.
R  INDICATES RECORD WAS SET OR TIED.
MM INDICATES DATA IS MISSING.
T  INDICATES TRACE AMOUNT.




$$
