000
CDUS43 KTOP 140631
CLITOP


CLIMATE REPORT
NATIONAL WEATHER SERVICE TOPEKA KS
1231 AM CST TUE NOV 14 2017


...................................

...THE TOPEKA KS CLIMATE SUMMARY FOR NOVEMBER 13 2017...

CLIMATE NORMAL PERIOD 1981 TO 2010
CLIMATE RECORD PERIOD 1887 TO 2017


WEATHER ITEM   OBSERVED TIME   RECORD YEAR NORMAL DEPARTURE LAST
                VALUE   (LST)  VALUE       VALUE  FROM      YEAR
                                                  NORMAL
..................................................................
TEMPERATURE (F)
 YESTERDAY
  MAXIMUM         51    606 PM  84    1999  56     -5       65
  MINIMUM         33   1213 AM   4    1986  34     -1       29
  AVERAGE         42                        45     -3       47

PRECIPITATION (IN)
  YESTERDAY        T             3.48 1909   0.07  -0.07     0.00
  MONTH TO DATE    0.09                      0.93  -0.84     0.06
  SINCE SEP 1      4.81                      7.62  -2.81     9.16
  SINCE JAN 1     38.28                     34.19   4.09    42.05

SNOWFALL (IN)
  YESTERDAY        0.0           1.5  1972   0.0    0.0      0.0
  MONTH TO DATE    T                         0.2   -0.2      0.0
  SINCE JAN 1      3.9                      11.8   -7.9      3.7
  SINCE JUL 1      0.4                       0.5   -0.1       T
  SNOW DEPTH       0

DEGREE DAYS
 HEATING
  YESTERDAY       23                        20      3       18
  MONTH TO DATE  304                       221     83      136
  SINCE SEP 1    559                       575    -16      292
  SINCE JUL 1    559                       577    -18      292

 COOLING
  YESTERDAY        0                         0      0        0
  MONTH TO DATE    0                         0      0        7
  SINCE SEP 1    283                       192     91      304
  SINCE JAN 1   1473                      1420     53     1705
..................................................................


WIND (MPH)
  HIGHEST WIND SPEED    14   HIGHEST WIND DIRECTION    SE (150)
  HIGHEST GUST SPEED    17   HIGHEST GUST DIRECTION    SE (150)
  AVERAGE WIND SPEED     5.6


SKY COVER
  AVERAGE SKY COVER 1.0


WEATHER CONDITIONS
 THE FOLLOWING WEATHER WAS RECORDED YESTERDAY.
  FOG
  FOG W/VISIBILITY <= 1/4 MILE


RELATIVE HUMIDITY (PERCENT)
 HIGHEST   100          1200 AM
 LOWEST     77           400 PM
 AVERAGE    89

..........................................................


THE TOPEKA KS CLIMATE NORMALS FOR TODAY
                         NORMAL    RECORD    YEAR
 MAXIMUM TEMPERATURE (F)   56        77      1897
 MINIMUM TEMPERATURE (F)   34         6      1940


SUNRISE AND SUNSET
NOVEMBER 14 2017......SUNRISE   705 AM CST   SUNSET   509 PM CST
NOVEMBER 15 2017......SUNRISE   706 AM CST   SUNSET   508 PM CST


-  INDICATES NEGATIVE NUMBERS.
R  INDICATES RECORD WAS SET OR TIED.
MM INDICATES DATA IS MISSING.
T  INDICATES TRACE AMOUNT.




$$
