000
CDUS43 KTOP 140634
CLITOP


CLIMATE REPORT
NATIONAL WEATHER SERVICE TOPEKA KS
133 AM CDT THU MAY 14 2015


...................................

...THE TOPEKA KS CLIMATE SUMMARY FOR MAY 13 2015...

CLIMATE NORMAL PERIOD 1981 TO 2010
CLIMATE RECORD PERIOD 1887 TO 2015


WEATHER ITEM   OBSERVED TIME   RECORD YEAR NORMAL DEPARTURE LAST
                VALUE   (LST)  VALUE       VALUE  FROM      YEAR
                                                  NORMAL
..................................................................
TEMPERATURE (F)
 YESTERDAY
  MAXIMUM         68    156 PM  92    1940  75     -7       65
  MINIMUM         45    348 AM  35    1997  53     -8       49
  AVERAGE         57                        64     -7       57

PRECIPITATION (IN)
  YESTERDAY        0.39          1.22 1985   0.16   0.23     0.00
  MONTH TO DATE    2.45                      2.02   0.43     0.80
  SINCE MAR 1      5.62                      8.04  -2.42     4.98
  SINCE JAN 1      7.61                     10.22  -2.61     6.64

SNOWFALL (IN)
  YESTERDAY       MM             T    1991   0.0   MM        0.0
  MONTH TO DATE    0.0                       0.0    0.0       T
  SINCE JAN 1      7.9                      11.3   -3.4     23.1
  SINCE JUL 1     10.3                      17.8   -7.5     27.4
  SNOW DEPTH       0

DEGREE DAYS
 HEATING
  YESTERDAY        8                         3      5        8
  MONTH TO DATE   35                        61    -26       37
  SINCE MAR 1    816                      1011   -195     1059
  SINCE JUL 1   4817                      4978   -161     5381

 COOLING
  YESTERDAY        0                         3     -3        0
  MONTH TO DATE   34                        25      9       61
  SINCE MAR 1     39                        53    -14       84
  SINCE JAN 1     39                        53    -14       84
..................................................................


WIND (MPH)
  HIGHEST WIND SPEED    22   HIGHEST WIND DIRECTION    SE (130)
  HIGHEST GUST SPEED    29   HIGHEST GUST DIRECTION    SE (140)
  AVERAGE WIND SPEED     9.7


SKY COVER
  AVERAGE SKY COVER 0.4


WEATHER CONDITIONS
 THE FOLLOWING WEATHER WAS RECORDED YESTERDAY.
  HEAVY RAIN
  RAIN
  LIGHT RAIN
  FOG


RELATIVE HUMIDITY (PERCENT)
 HIGHEST    93           400 AM
 LOWEST     45          1000 AM
 AVERAGE    69

..........................................................


THE TOPEKA KS CLIMATE NORMALS FOR TODAY
                         NORMAL    RECORD    YEAR
 MAXIMUM TEMPERATURE (F)   75        95      2013
                                             1941
 MINIMUM TEMPERATURE (F)   54        33      1888


SUNRISE AND SUNSET
MAY 14 2015...........SUNRISE   611 AM CDT   SUNSET   828 PM CDT
MAY 15 2015...........SUNRISE   610 AM CDT   SUNSET   828 PM CDT


-  INDICATES NEGATIVE NUMBERS.
R  INDICATES RECORD WAS SET OR TIED.
MM INDICATES DATA IS MISSING.
T  INDICATES TRACE AMOUNT.




$$
