000
CDUS43 KTOP 040632
CLITOP


CLIMATE REPORT
NATIONAL WEATHER SERVICE TOPEKA KS
1231 AM CST THU FEB 4 2016


...................................

...THE TOPEKA KS CLIMATE SUMMARY FOR FEBRUARY 3 2016...

CLIMATE NORMAL PERIOD 1981 TO 2010
CLIMATE RECORD PERIOD 1887 TO 2016


WEATHER ITEM   OBSERVED TIME   RECORD YEAR NORMAL DEPARTURE LAST
                VALUE   (LST)  VALUE       VALUE  FROM      YEAR
                                                  NORMAL
..................................................................
TEMPERATURE (F)
 YESTERDAY
  MAXIMUM         37    234 PM  75    1934  42     -5       55
  MINIMUM         20   1159 PM  -9    1996  21     -1       19
  AVERAGE         29                        31     -2       37

PRECIPITATION (IN)
  YESTERDAY        0.00          1.21 2012   0.04  -0.04     0.00
  MONTH TO DATE    0.35                      0.12   0.23     0.24
  SINCE DEC 1      3.96                      2.33   1.63     3.63
  SINCE JAN 1      1.25                      0.98   0.27     1.36

SNOWFALL (IN)
  YESTERDAY        0.0           8.0  1901   0.2   -0.2      0.0
  MONTH TO DATE    T                         0.6   -0.6      0.4
  SINCE JAN 1      2.1                       5.5   -3.4      1.8
  SINCE JUL 1      3.3                      12.0   -8.7      4.2
  SNOW DEPTH       0

DEGREE DAYS
 HEATING
  YESTERDAY       36                        34      2       28
  MONTH TO DATE   78                       102    -24      119
  SINCE DEC 1   1898                      2218   -320     2031
  SINCE JUL 1   2634                      3212   -578     3062

 COOLING
  YESTERDAY        0                         0      0        0
  MONTH TO DATE    0                         0      0        0
  SINCE DEC 1      0                         0      0        0
  SINCE JAN 1      0                         0      0        0
..................................................................


WIND (MPH)
  HIGHEST WIND SPEED    26   HIGHEST WIND DIRECTION    NW (310)
  HIGHEST GUST SPEED    37   HIGHEST GUST DIRECTION    NW (310)
  AVERAGE WIND SPEED    12.7


SKY COVER
  AVERAGE SKY COVER 0.6


WEATHER CONDITIONS
 THE FOLLOWING WEATHER WAS RECORDED YESTERDAY.
  NO SIGNIFICANT WEATHER WAS OBSERVED.


RELATIVE HUMIDITY (PERCENT)
 HIGHEST    75          1200 AM
 LOWEST     43           400 PM
 AVERAGE    59

..........................................................


THE TOPEKA KS CLIMATE NORMALS FOR TODAY
                         NORMAL    RECORD    YEAR
 MAXIMUM TEMPERATURE (F)   42        74      1946
 MINIMUM TEMPERATURE (F)   21       -13      1905


SUNRISE AND SUNSET
FEBRUARY  4 2016......SUNRISE   727 AM CST   SUNSET   547 PM CST
FEBRUARY  5 2016......SUNRISE   726 AM CST   SUNSET   548 PM CST


-  INDICATES NEGATIVE NUMBERS.
R  INDICATES RECORD WAS SET OR TIED.
MM INDICATES DATA IS MISSING.
T  INDICATES TRACE AMOUNT.




$$
