000
CDUS43 KTOP 170634
CLITOP


CLIMATE REPORT
NATIONAL WEATHER SERVICE TOPEKA KS
133 AM CDT SUN MAY 17 2015


...................................

...THE TOPEKA KS CLIMATE SUMMARY FOR MAY 16 2015...

CLIMATE NORMAL PERIOD 1981 TO 2010
CLIMATE RECORD PERIOD 1887 TO 2015


WEATHER ITEM   OBSERVED TIME   RECORD YEAR NORMAL DEPARTURE LAST
                VALUE   (LST)  VALUE       VALUE  FROM      YEAR
                                                  NORMAL
..................................................................
TEMPERATURE (F)
 YESTERDAY
  MAXIMUM         80    311 PM  95    1931  76      4       61
  MINIMUM         61    930 PM  34    1890  54      7       35
  AVERAGE         71                        65      6       48

PRECIPITATION (IN)
  YESTERDAY        2.01R         1.99 1995   0.16   1.85     0.04
  MONTH TO DATE    5.01                      2.49   2.52     0.84
  SINCE MAR 1      8.18                      8.51  -0.33     5.02
  SINCE JAN 1     10.17                     10.69  -0.52     6.68

SNOWFALL (IN)
  YESTERDAY        0.0           0.0    MM   0.0    0.0      0.0
  MONTH TO DATE    0.0                       0.0    0.0       T
  SINCE JAN 1      7.9                      11.3   -3.4     23.1
  SINCE JUL 1     10.3                      17.8   -7.5     27.4
  SNOW DEPTH       0

DEGREE DAYS
 HEATING
  YESTERDAY        0                         3     -3       17
  MONTH TO DATE   35                        70    -35       75
  SINCE MAR 1    816                      1020   -204     1097
  SINCE JUL 1   4817                      4987   -170     5419

 COOLING
  YESTERDAY        6                         3      3        0
  MONTH TO DATE   45                        34     11       61
  SINCE MAR 1     50                        62    -12       84
  SINCE JAN 1     50                        62    -12       84
..................................................................


WIND (MPH)
  HIGHEST WIND SPEED    24   HIGHEST WIND DIRECTION     E (90)
  HIGHEST GUST SPEED    30   HIGHEST GUST DIRECTION     E (90)
  AVERAGE WIND SPEED     9.6


SKY COVER
  AVERAGE SKY COVER 0.6


WEATHER CONDITIONS
 THE FOLLOWING WEATHER WAS RECORDED YESTERDAY.
  THUNDERSTORM
  HEAVY RAIN
  RAIN
  LIGHT RAIN
  FOG
  HAZE


RELATIVE HUMIDITY (PERCENT)
 HIGHEST    90          1200 AM
 LOWEST     58           100 PM
 AVERAGE    74

..........................................................


THE TOPEKA KS CLIMATE NORMALS FOR TODAY
                         NORMAL    RECORD    YEAR
 MAXIMUM TEMPERATURE (F)   76        92      1907
 MINIMUM TEMPERATURE (F)   55        36      2014


SUNRISE AND SUNSET
MAY 17 2015...........SUNRISE   608 AM CDT   SUNSET   830 PM CDT
MAY 18 2015...........SUNRISE   607 AM CDT   SUNSET   831 PM CDT


-  INDICATES NEGATIVE NUMBERS.
R  INDICATES RECORD WAS SET OR TIED.
MM INDICATES DATA IS MISSING.
T  INDICATES TRACE AMOUNT.




$$
