000
CDUS43 KTOP 010633
CLITOP


CLIMATE REPORT
NATIONAL WEATHER SERVICE TOPEKA KS
1233 AM CST MON JAN 1 2018


...................................

...THE TOPEKA KS CLIMATE SUMMARY FOR DECEMBER 31 2017...

CLIMATE NORMAL PERIOD 1981 TO 2010
CLIMATE RECORD PERIOD 1887 TO 2017


WEATHER ITEM   OBSERVED TIME   RECORD YEAR NORMAL DEPARTURE LAST
                VALUE   (LST)  VALUE       VALUE  FROM      YEAR
                                                  NORMAL
..................................................................
TEMPERATURE (F)
 YESTERDAY
  MAXIMUM         11    224 PM  66    2011  39    -28       46
  MINIMUM         -4   1159 PM -10    1976  20    -24       21
  AVERAGE          4                        30    -26       34

PRECIPITATION (IN)
  YESTERDAY        0.00          0.82 1947   0.03  -0.03     0.00
  MONTH TO DATE    0.31                      1.35  -1.04     1.05
  SINCE DEC 1      0.31                      1.35  -1.04     1.05
  SINCE JAN 1     38.60                     36.46   2.14    43.23

SNOWFALL (IN)
  YESTERDAY        0.0           8.0  1984   0.2   -0.2      0.0
  MONTH TO DATE    1.7                       5.2   -3.5      3.1
  SINCE JAN 1      5.6                      17.8  -12.2      6.8
  SINCE JUL 1      2.1                       6.5   -4.4      3.1
  SNOW DEPTH       T

DEGREE DAYS
 HEATING
  YESTERDAY       61                        35     26       31
  MONTH TO DATE  973                      1023    -50     1059
  SINCE DEC 1    973                      1023    -50     1059
  SINCE JUL 1   1796                      2017   -221     1632

 COOLING
  YESTERDAY        0                         0      0        0
  MONTH TO DATE    0                         0      0        0
  SINCE DEC 1      0                         0      0        0
  SINCE JAN 1   1473                      1422     51     1711
..................................................................


WIND (MPH)
  HIGHEST WIND SPEED    18   HIGHEST WIND DIRECTION     N (350)
  HIGHEST GUST SPEED    24   HIGHEST GUST DIRECTION     N (360)
  AVERAGE WIND SPEED    10.7


SKY COVER
  AVERAGE SKY COVER 0.3


WEATHER CONDITIONS
 THE FOLLOWING WEATHER WAS RECORDED YESTERDAY.
  NO SIGNIFICANT WEATHER WAS OBSERVED.


RELATIVE HUMIDITY (PERCENT)
 HIGHEST    79           600 AM
 LOWEST     52           200 PM
 AVERAGE    66

..........................................................


THE TOPEKA KS CLIMATE NORMALS FOR TODAY
                         NORMAL    RECORD    YEAR
 MAXIMUM TEMPERATURE (F)   39        67      2005
 MINIMUM TEMPERATURE (F)   20       -20      1974


SUNRISE AND SUNSET
JANUARY  1 2018.......SUNRISE   742 AM CST   SUNSET   511 PM CST
JANUARY  2 2018.......SUNRISE   742 AM CST   SUNSET   512 PM CST


-  INDICATES NEGATIVE NUMBERS.
R  INDICATES RECORD WAS SET OR TIED.
MM INDICATES DATA IS MISSING.
T  INDICATES TRACE AMOUNT.




$$
