877
CDUS43 KTOP 090639
CLITOP


CLIMATE REPORT
NATIONAL WEATHER SERVICE TOPEKA KS
138 AM CDT MON OCT 9 2017


...................................

...THE TOPEKA KS CLIMATE SUMMARY FOR OCTOBER 8 2017...

CLIMATE NORMAL PERIOD 1981 TO 2010
CLIMATE RECORD PERIOD 1887 TO 2017


WEATHER ITEM   OBSERVED TIME   RECORD YEAR NORMAL DEPARTURE LAST
                VALUE   (LST)  VALUE       VALUE  FROM      YEAR
                                                  NORMAL
..................................................................
TEMPERATURE (F)
 YESTERDAY
  MAXIMUM         82    240 PM  93    1928  71     11       72
  MINIMUM         49    528 AM  26    1976  47      2       39
  AVERAGE         66                        59      7       56

PRECIPITATION (IN)
  YESTERDAY        0.00          2.92 1887   0.10  -0.10     0.00
  MONTH TO DATE    0.98                      0.91   0.07     0.76
  SINCE SEP 1      2.76                      4.57  -1.81     8.54
  SINCE JAN 1     36.23                     31.14   5.09    41.43

SNOWFALL (IN)
  YESTERDAY        0.0           0.0    MM   0.0    0.0      0.0
  MONTH TO DATE    0.0                       0.0    0.0      0.0
  SINCE JAN 1      3.5                      11.3   -7.8      3.7
  SINCE JUL 1      T                         0.0    0.0       T
  SNOW DEPTH       0

DEGREE DAYS
 HEATING
  YESTERDAY        0                         7     -7        9
  MONTH TO DATE    3                        50    -47       26
  SINCE SEP 1     16                       115    -99       46
  SINCE JUL 1     16                       117   -101       46

 COOLING
  YESTERDAY        1                         1      0        0
  MONTH TO DATE   46                        14     32        9
  SINCE SEP 1    274                       179     95      253
  SINCE JAN 1   1464                      1407     57     1654
..................................................................


WIND (MPH)
  HIGHEST WIND SPEED    15   HIGHEST WIND DIRECTION     S (160)
  HIGHEST GUST SPEED    20   HIGHEST GUST DIRECTION    SE (150)
  AVERAGE WIND SPEED     4.1


SKY COVER
  AVERAGE SKY COVER 0.0


WEATHER CONDITIONS
 THE FOLLOWING WEATHER WAS RECORDED YESTERDAY.
  NO SIGNIFICANT WEATHER WAS OBSERVED.


RELATIVE HUMIDITY (PERCENT)
 HIGHEST   100           400 AM
 LOWEST     33           200 PM
 AVERAGE    67

..........................................................


THE TOPEKA KS CLIMATE NORMALS FOR TODAY
                         NORMAL    RECORD    YEAR
 MAXIMUM TEMPERATURE (F)   71        92      1954
 MINIMUM TEMPERATURE (F)   47        25      2000


SUNRISE AND SUNSET
OCTOBER  9 2017.......SUNRISE   726 AM CDT   SUNSET   652 PM CDT
OCTOBER 10 2017.......SUNRISE   727 AM CDT   SUNSET   651 PM CDT


-  INDICATES NEGATIVE NUMBERS.
R  INDICATES RECORD WAS SET OR TIED.
MM INDICATES DATA IS MISSING.
T  INDICATES TRACE AMOUNT.




$$
