000
CDUS43 KTOP 210633
CLITOP


CLIMATE REPORT
NATIONAL WEATHER SERVICE TOPEKA KS
1233 AM CST FRI NOV 21 2014


...................................

...THE TOPEKA KS CLIMATE SUMMARY FOR NOVEMBER 20 2014...

CLIMATE NORMAL PERIOD 1981 TO 2010
CLIMATE RECORD PERIOD 1887 TO 2014


WEATHER ITEM   OBSERVED TIME   RECORD YEAR NORMAL DEPARTURE LAST
                VALUE   (LST)  VALUE       VALUE  FROM      YEAR
                                                  NORMAL
..................................................................
TEMPERATURE (F)
 YESTERDAY
  MAXIMUM         42    349 PM  82    1897  52    -10       56
  MINIMUM         14    714 AM  11    1937  31    -17       43
  AVERAGE         28                        42    -14       50

PRECIPITATION (IN)
  YESTERDAY        0.00          1.65 1973   0.05  -0.05     0.28
  MONTH TO DATE    0.07                      1.31  -1.24     0.80
  SINCE SEP 1      8.67                      8.00   0.67     8.90
  SINCE JAN 1     28.51                     34.57  -6.06    33.37

SNOWFALL (IN)
  YESTERDAY        0.0           0.7  1906   0.0    0.0       T
  MONTH TO DATE    0.4                       0.4    0.0       T
  SINCE JAN 1     23.5                      12.0   11.5     24.2
  SINCE JUL 1      0.4                       0.7   -0.3       T
  SNOW DEPTH       0

DEGREE DAYS
 HEATING
  YESTERDAY       37                        23     14       15
  MONTH TO DATE  543                       373    170      345
  SINCE SEP 1    797                       727     70      662
  SINCE JUL 1    797                       729     68      662

 COOLING
  YESTERDAY        0                         0      0        0
  MONTH TO DATE    0                         0      0        0
  SINCE SEP 1    201                       192      9      292
  SINCE JAN 1   1611                      1420    191     1586
..................................................................


WIND (MPH)
  HIGHEST WIND SPEED     9   HIGHEST WIND DIRECTION     E (80)
  HIGHEST GUST SPEED    12   HIGHEST GUST DIRECTION    SE (120)
  AVERAGE WIND SPEED     4.1


SKY COVER
  AVERAGE SKY COVER 0.0


WEATHER CONDITIONS
 THE FOLLOWING WEATHER WAS RECORDED YESTERDAY.
  NO SIGNIFICANT WEATHER WAS OBSERVED.


RELATIVE HUMIDITY (PERCENT)
 HIGHEST    81           900 AM
 LOWEST     39           200 PM
 AVERAGE    60

..........................................................


THE TOPEKA KS CLIMATE NORMALS FOR TODAY
                         NORMAL    RECORD    YEAR
 MAXIMUM TEMPERATURE (F)   52        75      2012
 MINIMUM TEMPERATURE (F)   30         7      1937


SUNRISE AND SUNSET
NOVEMBER 21 2014......SUNRISE   712 AM CST   SUNSET   504 PM CST
NOVEMBER 22 2014......SUNRISE   713 AM CST   SUNSET   504 PM CST


-  INDICATES NEGATIVE NUMBERS.
R  INDICATES RECORD WAS SET OR TIED.
MM INDICATES DATA IS MISSING.
T  INDICATES TRACE AMOUNT.




$$
