000
CDUS43 KTOP 130635
CLITOP


CLIMATE REPORT
NATIONAL WEATHER SERVICE TOPEKA KS
135 AM CDT SAT MAY 13 2017


...................................

...THE TOPEKA KS CLIMATE SUMMARY FOR MAY 12 2017...

CLIMATE NORMAL PERIOD 1981 TO 2010
CLIMATE RECORD PERIOD 1887 TO 2017


WEATHER ITEM   OBSERVED TIME   RECORD YEAR NORMAL DEPARTURE LAST
                VALUE   (LST)  VALUE       VALUE  FROM      YEAR
                                                  NORMAL
..................................................................
TEMPERATURE (F)
 YESTERDAY
  MAXIMUM         75    421 PM  93    1956  75      0       73
  MINIMUM         52   1159 PM  34    1960  53     -1       51
  AVERAGE         64                        64      0       62

PRECIPITATION (IN)
  YESTERDAY        0.00          3.24 1934   0.16  -0.16     0.00
  MONTH TO DATE    0.37                      1.86  -1.49     1.65
  SINCE MAR 1     10.44                      7.88   2.56    10.87
  SINCE JAN 1     11.83                     10.06   1.77    12.14

SNOWFALL (IN)
  YESTERDAY        0.0           T    1990   0.0    0.0      0.0
  MONTH TO DATE    0.0                       0.0    0.0       T
  SINCE JAN 1      3.5                      11.3   -7.8      3.7
  SINCE JUL 1      6.6                      17.8  -11.2      4.9
  SNOW DEPTH       0

DEGREE DAYS
 HEATING
  YESTERDAY        1                         4     -3        3
  MONTH TO DATE   51                        58     -7       45
  SINCE MAR 1    796                      1008   -212      682
  SINCE JUL 1   3977                      4975   -998     3934

 COOLING
  YESTERDAY        0                         2     -2        0
  MONTH TO DATE   25                        22      3       18
  SINCE MAR 1     62                        50     12       36
  SINCE JAN 1     62                        50     12       36
..................................................................


WIND (MPH)
  HIGHEST WIND SPEED    20   HIGHEST WIND DIRECTION    NE (50)
  HIGHEST GUST SPEED    28   HIGHEST GUST DIRECTION     N (360)
  AVERAGE WIND SPEED     8.8


SKY COVER
  AVERAGE SKY COVER 0.0


WEATHER CONDITIONS
 THE FOLLOWING WEATHER WAS RECORDED YESTERDAY.
  NO SIGNIFICANT WEATHER WAS OBSERVED.


RELATIVE HUMIDITY (PERCENT)
 HIGHEST    83          1100 PM
 LOWEST     29           400 PM
 AVERAGE    56

..........................................................


THE TOPEKA KS CLIMATE NORMALS FOR TODAY
                         NORMAL    RECORD    YEAR
 MAXIMUM TEMPERATURE (F)   75        92      1940
 MINIMUM TEMPERATURE (F)   53        35      1997


SUNRISE AND SUNSET
MAY 13 2017...........SUNRISE   611 AM CDT   SUNSET   827 PM CDT
MAY 14 2017...........SUNRISE   610 AM CDT   SUNSET   828 PM CDT


-  INDICATES NEGATIVE NUMBERS.
R  INDICATES RECORD WAS SET OR TIED.
MM INDICATES DATA IS MISSING.
T  INDICATES TRACE AMOUNT.




$$
