000
CDUS43 KTOP 160634
CLITOP


CLIMATE REPORT
NATIONAL WEATHER SERVICE TOPEKA KS
134 AM CDT SAT APR 16 2016


...................................

...THE TOPEKA KS CLIMATE SUMMARY FOR APRIL 15 2016...

CLIMATE NORMAL PERIOD 1981 TO 2010
CLIMATE RECORD PERIOD 1887 TO 2016


WEATHER ITEM   OBSERVED TIME   RECORD YEAR NORMAL DEPARTURE LAST
                VALUE   (LST)  VALUE       VALUE  FROM      YEAR
                                                  NORMAL
..................................................................
TEMPERATURE (F)
 YESTERDAY
  MAXIMUM         77    233 PM  90    1924  67     10       60
                                      1896
  MINIMUM         50    547 AM  25    1928  43      7       51
  AVERAGE         64                        55      9       56

PRECIPITATION (IN)
  YESTERDAY        0.00          4.12 1945   0.11  -0.11      T
  MONTH TO DATE    0.16                      1.60  -1.44     1.03
  SINCE MAR 1      2.46                      4.09  -1.63     1.80
  SINCE JAN 1      3.73                      6.27  -2.54     3.79

SNOWFALL (IN)
  YESTERDAY        0.0           T    2006   0.0    0.0      0.0
                                      1947
  MONTH TO DATE    0.0                       0.2   -0.2      0.0
  SINCE JAN 1      3.7                      11.2   -7.5      7.9
  SINCE JUL 1      4.9                      17.7  -12.8     10.3
  SNOW DEPTH       0

DEGREE DAYS
 HEATING
  YESTERDAY        1                        11    -10        9
  MONTH TO DATE  151                       194    -43      110
  SINCE MAR 1    579                       822   -243      663
  SINCE JUL 1   3831                      4789   -958     4664

 COOLING
  YESTERDAY        0                         1     -1        0
  MONTH TO DATE    0                         8     -8        5
  SINCE MAR 1      3                        11     -8        5
  SINCE JAN 1      3                        11     -8        5
..................................................................


WIND (MPH)
  HIGHEST WIND SPEED    26   HIGHEST WIND DIRECTION    SE (120)
  HIGHEST GUST SPEED    31   HIGHEST GUST DIRECTION     E (110)
  AVERAGE WIND SPEED    12.9


SKY COVER
  AVERAGE SKY COVER 0.1


WEATHER CONDITIONS
 THE FOLLOWING WEATHER WAS RECORDED YESTERDAY.
  NO SIGNIFICANT WEATHER WAS OBSERVED.


RELATIVE HUMIDITY (PERCENT)
 HIGHEST    68           600 AM
 LOWEST     41          1200 PM
 AVERAGE    55

..........................................................


THE TOPEKA KS CLIMATE NORMALS FOR TODAY
                         NORMAL    RECORD    YEAR
 MAXIMUM TEMPERATURE (F)   67        87      1964
 MINIMUM TEMPERATURE (F)   44        26      1953
                                             1921


SUNRISE AND SUNSET
APRIL 16 2016.........SUNRISE   644 AM CDT   SUNSET   801 PM CDT
APRIL 17 2016.........SUNRISE   642 AM CDT   SUNSET   802 PM CDT


-  INDICATES NEGATIVE NUMBERS.
R  INDICATES RECORD WAS SET OR TIED.
MM INDICATES DATA IS MISSING.
T  INDICATES TRACE AMOUNT.




$$
