000
CDUS43 KTOP 140635
CLITOP


CLIMATE REPORT
NATIONAL WEATHER SERVICE TOPEKA KS
133 AM CDT TUE OCT 14 2014


...................................

...THE TOPEKA KS CLIMATE SUMMARY FOR OCTOBER 13 2014...

CLIMATE NORMAL PERIOD 1981 TO 2010
CLIMATE RECORD PERIOD 1887 TO 2014


WEATHER ITEM   OBSERVED TIME   RECORD YEAR NORMAL DEPARTURE LAST
                VALUE   (LST)  VALUE       VALUE  FROM      YEAR
                                                  NORMAL
..................................................................
TEMPERATURE (F)
 YESTERDAY
  MAXIMUM         58   1153 PM  91    1975  70    -12       72
  MINIMUM         54    755 PM  26    2006  46      8       38
  AVERAGE         56                        58     -2       55

PRECIPITATION (IN)
  YESTERDAY        0.71          2.05 1930   0.10   0.61     0.00
  MONTH TO DATE    3.21                      1.38   1.83     1.04
  SINCE SEP 1      7.35                      5.04   2.31     4.31
  SINCE JAN 1     27.19                     31.61  -4.42    28.78

SNOWFALL (IN)
  YESTERDAY        0.0           T    1986   0.1   -0.1      0.0
  MONTH TO DATE    0.0                       0.1   -0.1      0.0
  SINCE JAN 1     23.1                      11.4   11.7     24.2
  SINCE JUL 1      T                         0.1   -0.1      0.0
  SNOW DEPTH       0

DEGREE DAYS
 HEATING
  YESTERDAY        9                         8      1       10
  MONTH TO DATE   82                        89     -7       47
  SINCE SEP 1    131                       154    -23       61
  SINCE JUL 1    131                       156    -25       61

 COOLING
  YESTERDAY        0                         1     -1        0
  MONTH TO DATE   12                        19     -7       37
  SINCE SEP 1    185                       184      1      292
  SINCE JAN 1   1595                      1412    183     1586
..................................................................


WIND (MPH)
  HIGHEST WIND SPEED    24   HIGHEST WIND DIRECTION    NW (330)
  HIGHEST GUST SPEED    34   HIGHEST GUST DIRECTION    NW (320)
  AVERAGE WIND SPEED    12.9


SKY COVER
  AVERAGE SKY COVER 1.0


WEATHER CONDITIONS
 THE FOLLOWING WEATHER WAS RECORDED YESTERDAY.
  HEAVY RAIN
  RAIN
  LIGHT RAIN
  FOG


RELATIVE HUMIDITY (PERCENT)
 HIGHEST   100           300 AM
 LOWEST     67          1100 PM
 AVERAGE    84

..........................................................


THE TOPEKA KS CLIMATE NORMALS FOR TODAY
                         NORMAL    RECORD    YEAR
 MAXIMUM TEMPERATURE (F)   69        92      1938
 MINIMUM TEMPERATURE (F)   45        26      2006


SUNRISE AND SUNSET
OCTOBER 14 2014.......SUNRISE   731 AM CDT   SUNSET   645 PM CDT
OCTOBER 15 2014.......SUNRISE   732 AM CDT   SUNSET   644 PM CDT


-  INDICATES NEGATIVE NUMBERS.
R  INDICATES RECORD WAS SET OR TIED.
MM INDICATES DATA IS MISSING.
T  INDICATES TRACE AMOUNT.




$$
