000
CDUS43 KTOP 010634
CLITOP


CLIMATE REPORT
NATIONAL WEATHER SERVICE TOPEKA KS
132 AM CDT TUE APR 1 2014


...................................

...THE TOPEKA KS CLIMATE SUMMARY FOR MARCH 31 2014...

CLIMATE NORMAL PERIOD 1981 TO 2010
CLIMATE RECORD PERIOD 1887 TO 2014


WEATHER ITEM   OBSERVED TIME   RECORD YEAR NORMAL DEPARTURE LAST
                VALUE   (LST)  VALUE       VALUE  FROM      YEAR
                                                  NORMAL
..................................................................
TEMPERATURE (F)
 YESTERDAY
  MAXIMUM         80    131 PM  93    1946  62     18       66
  MINIMUM         36   1159 PM  17    1899  38     -2       44
  AVERAGE         58                        50      8       55

PRECIPITATION (IN)
  YESTERDAY        0.00          2.69 1927   0.11  -0.11     0.01
  MONTH TO DATE    0.73                      2.49  -1.76     2.01
  SINCE MAR 1      0.73                      2.49  -1.76     2.01
  SINCE JAN 1      2.39                      4.67  -2.28     4.45

SNOWFALL (IN)
  YESTERDAY        0.0           3.0  1972   0.0    0.0      0.0
  MONTH TO DATE    4.1                       1.6    2.5      7.9
  SINCE JAN 1     23.0                      11.0   12.0     23.9
  SINCE JUL 1     27.3                      17.5    9.8     29.3
  SNOW DEPTH       0

DEGREE DAYS
 HEATING
  YESTERDAY        7                        15     -8       10
  MONTH TO DATE  710                       628     82      764
  SINCE MAR 1    710                       628     82      764
  SINCE JUL 1   5032                      4595    437     4321

 COOLING
  YESTERDAY        0                         0      0        0
  MONTH TO DATE    0                         3     -3        0
  SINCE MAR 1      0                         3     -3        0
  SINCE JAN 1      0                         3     -3        0
..................................................................


WIND (MPH)
  HIGHEST WIND SPEED    31   HIGHEST WIND DIRECTION     S (180)
  HIGHEST GUST SPEED    44   HIGHEST GUST DIRECTION     S (180)
  AVERAGE WIND SPEED    20.1


SKY COVER
  AVERAGE SKY COVER 0.1


WEATHER CONDITIONS
 THE FOLLOWING WEATHER WAS RECORDED YESTERDAY.
  NO SIGNIFICANT WEATHER WAS OBSERVED.


RELATIVE HUMIDITY (PERCENT)
 HIGHEST    48           600 AM
 LOWEST     13           100 PM
 AVERAGE    31

..........................................................


THE TOPEKA KS CLIMATE NORMALS FOR TODAY
                         NORMAL    RECORD    YEAR
 MAXIMUM TEMPERATURE (F)   62        91      1940
 MINIMUM TEMPERATURE (F)   38        20      1936


SUNRISE AND SUNSET
APRIL  1 2014.........SUNRISE   707 AM CDT   SUNSET   746 PM CDT
APRIL  2 2014.........SUNRISE   706 AM CDT   SUNSET   747 PM CDT


-  INDICATES NEGATIVE NUMBERS.
R  INDICATES RECORD WAS SET OR TIED.
MM INDICATES DATA IS MISSING.
T  INDICATES TRACE AMOUNT.

$$
