000
CDUS43 KTOP 112232
CLITOP


CLIMATE REPORT
NATIONAL WEATHER SERVICE TOPEKA KS
432 PM CST SAT MAR 11 2017


...................................

...THE TOPEKA KS CLIMATE SUMMARY FOR MARCH 11 2017...
VALID TODAY AS OF 0400 PM LOCAL TIME.

CLIMATE NORMAL PERIOD 1981 TO 2010
CLIMATE RECORD PERIOD 1887 TO 2017


WEATHER ITEM   OBSERVED TIME   RECORD YEAR NORMAL DEPARTURE LAST
                VALUE   (LST)  VALUE       VALUE  FROM      YEAR
                                                  NORMAL
..................................................................
TEMPERATURE (F)
 TODAY
  MAXIMUM         37   1210 AM  85    1972  55    -18       71
  MINIMUM         29    131 PM  -6    1948  32     -3       37
  AVERAGE         33                        43    -10       54

PRECIPITATION (IN)
  TODAY            0.11          1.63 1899   0.07   0.04     0.00
  MONTH TO DATE    0.26                      0.73  -0.47     0.49
  SINCE MAR 1      0.26                      0.73  -0.47     0.49
  SINCE JAN 1      1.65                      2.91  -1.26     1.76

SNOWFALL (IN)
  TODAY            0.6           4.0  1899   0.1    0.5      0.0
  MONTH TO DATE    0.6                       0.8   -0.2       T
  SINCE JAN 1      2.8                      10.2   -7.4      2.3
  SINCE JUL 1      5.9                      16.7  -10.8      3.5
  SNOW DEPTH       1

DEGREE DAYS
 HEATING
  TODAY           32                        22     10       11
  MONTH TO DATE  194                       262    -68      144
  SINCE MAR 1    194                       262    -68      144
  SINCE JUL 1   3375                      4229   -854     3396

 COOLING
  TODAY            0                         0      0        0
  MONTH TO DATE    0                         0      0        3
  SINCE MAR 1      0                         0      0        3
  SINCE JAN 1      0                         0      0        3
..................................................................


WIND (MPH)
  HIGHEST WIND SPEED    17   HIGHEST WIND DIRECTION     E (70)
  HIGHEST GUST SPEED    21   HIGHEST GUST DIRECTION    NE (30)
  AVERAGE WIND SPEED    10.7



WEATHER CONDITIONS
 THE FOLLOWING WEATHER WAS RECORDED TODAY.
  SNOW
  LIGHT SNOW
  FOG


RELATIVE HUMIDITY (PERCENT)
 HIGHEST   100          1200 PM
 LOWEST     35          1200 AM
 AVERAGE    68

..........................................................


THE TOPEKA KS CLIMATE NORMALS FOR TOMORROW
                         NORMAL    RECORD    YEAR
 MAXIMUM TEMPERATURE (F)   55        87      1916
 MINIMUM TEMPERATURE (F)   32        -6      1998
                                             1948


SUNRISE AND SUNSET
MARCH 11 2017.........SUNRISE   640 AM CST   SUNSET   626 PM CST
MARCH 12 2017.........SUNRISE   738 AM CDT   SUNSET   727 PM CDT


-  INDICATES NEGATIVE NUMBERS.
R  INDICATES RECORD WAS SET OR TIED.
MM INDICATES DATA IS MISSING.
T  INDICATES TRACE AMOUNT.




$$
