000
CDUS43 KTOP 120632
CLITOP


CLIMATE REPORT
NATIONAL WEATHER SERVICE TOPEKA KS
131 AM CDT MON SEP 12 2016


...................................

...THE TOPEKA KS CLIMATE SUMMARY FOR SEPTEMBER 11 2016...

CLIMATE NORMAL PERIOD 1981 TO 2010
CLIMATE RECORD PERIOD 1887 TO 2016


WEATHER ITEM   OBSERVED TIME   RECORD YEAR NORMAL DEPARTURE LAST
                VALUE   (LST)  VALUE       VALUE  FROM      YEAR
                                                  NORMAL
..................................................................
TEMPERATURE (F)
 YESTERDAY
  MAXIMUM         78    423 PM 104    2000  82     -4       73
  MINIMUM         54    647 AM  39    1959  58     -4       52
  AVERAGE         66                        70     -4       63

PRECIPITATION (IN)
  YESTERDAY        0.00          2.17 1913   0.12  -0.12     0.00
  MONTH TO DATE    1.63                      1.35   0.28     6.74
  SINCE SEP 1      1.63                      1.35   0.28     6.74
  SINCE JAN 1     34.52                     27.92   6.60    39.98

SNOWFALL (IN)
  YESTERDAY        0.0           0.0    MM   0.0    0.0      0.0
  MONTH TO DATE    0.0                       0.0    0.0      0.0
  SINCE JAN 1      3.7                      11.3   -7.6      7.9
  SINCE JUL 1      T                         0.0    0.0      0.0
  SNOW DEPTH       0

DEGREE DAYS
 HEATING
  YESTERDAY        0                         1     -1        2
  MONTH TO DATE    0                         6     -6        2
  SINCE SEP 1      0                         6     -6        2
  SINCE JUL 1      0                         8     -8        2

 COOLING
  YESTERDAY        1                         6     -5        0
  MONTH TO DATE  104                        87     17      153
  SINCE SEP 1    104                        87     17      153
  SINCE JAN 1   1505                      1315    190     1371
..................................................................


WIND (MPH)
  HIGHEST WIND SPEED    17   HIGHEST WIND DIRECTION     S (160)
  HIGHEST GUST SPEED    23   HIGHEST GUST DIRECTION     S (160)
  AVERAGE WIND SPEED     6.6


SKY COVER
  AVERAGE SKY COVER 0.0


WEATHER CONDITIONS
 THE FOLLOWING WEATHER WAS RECORDED YESTERDAY.
  NO SIGNIFICANT WEATHER WAS OBSERVED.


RELATIVE HUMIDITY (PERCENT)
 HIGHEST    93           400 AM
 LOWEST     42           300 PM
 AVERAGE    68

..........................................................


THE TOPEKA KS CLIMATE NORMALS FOR TODAY
                         NORMAL    RECORD    YEAR
 MAXIMUM TEMPERATURE (F)   82       103      1956
 MINIMUM TEMPERATURE (F)   58        41      1959


SUNRISE AND SUNSET
SEPTEMBER 12 2016.....SUNRISE   702 AM CDT   SUNSET   735 PM CDT
SEPTEMBER 13 2016.....SUNRISE   703 AM CDT   SUNSET   733 PM CDT


-  INDICATES NEGATIVE NUMBERS.
R  INDICATES RECORD WAS SET OR TIED.
MM INDICATES DATA IS MISSING.
T  INDICATES TRACE AMOUNT.




$$
