668
CDUS43 KTOP 080633
CLITOP


CLIMATE REPORT
NATIONAL WEATHER SERVICE TOPEKA KS
1231 AM CST WED NOV 8 2017


...................................

...THE TOPEKA KS CLIMATE SUMMARY FOR NOVEMBER 7 2017...

CLIMATE NORMAL PERIOD 1981 TO 2010
CLIMATE RECORD PERIOD 1887 TO 2017


WEATHER ITEM   OBSERVED TIME   RECORD YEAR NORMAL DEPARTURE LAST
                VALUE   (LST)  VALUE       VALUE  FROM      YEAR
                                                  NORMAL
..................................................................
TEMPERATURE (F)
 YESTERDAY
  MAXIMUM         49   1247 PM  79    2001  59    -10       66
  MINIMUM         28   1126 PM   8    1991  37     -9       46
  AVERAGE         39                        48     -9       56

PRECIPITATION (IN)
  YESTERDAY        0.00          2.05 2011   0.07  -0.07     0.02
  MONTH TO DATE    T                         0.52  -0.52     0.06
  SINCE SEP 1      4.72                      7.21  -2.49     9.16
  SINCE JAN 1     38.19                     33.78   4.41    42.05

SNOWFALL (IN)
  YESTERDAY        0.0           4.5  1925   0.0    0.0      0.0
  MONTH TO DATE    T                         0.1   -0.1      0.0
  SINCE JAN 1      3.9                      11.7   -7.8      3.7
  SINCE JUL 1      0.4                       0.4    0.0       T
  SNOW DEPTH       0

DEGREE DAYS
 HEATING
  YESTERDAY       26                        17      9        9
  MONTH TO DATE  149                       110     39       36
  SINCE SEP 1    404                       464    -60      192
  SINCE JUL 1    404                       466    -62      192

 COOLING
  YESTERDAY        0                         0      0        0
  MONTH TO DATE    0                         0      0        7
  SINCE SEP 1    283                       192     91      304
  SINCE JAN 1   1473                      1420     53     1705
..................................................................


WIND (MPH)
  HIGHEST WIND SPEED    18   HIGHEST WIND DIRECTION    NE (30)
  HIGHEST GUST SPEED    25   HIGHEST GUST DIRECTION     N (10)
  AVERAGE WIND SPEED     8.3


SKY COVER
  AVERAGE SKY COVER 0.4


WEATHER CONDITIONS
 THE FOLLOWING WEATHER WAS RECORDED YESTERDAY.
  NO SIGNIFICANT WEATHER WAS OBSERVED.


RELATIVE HUMIDITY (PERCENT)
 HIGHEST    82           700 AM
 LOWEST     41           200 PM
 AVERAGE    62

..........................................................


THE TOPEKA KS CLIMATE NORMALS FOR TODAY
                         NORMAL    RECORD    YEAR
 MAXIMUM TEMPERATURE (F)   59        85      2006
                                             1980
 MINIMUM TEMPERATURE (F)   37         4      1991


SUNRISE AND SUNSET
NOVEMBER  8 2017......SUNRISE   658 AM CST   SUNSET   514 PM CST
NOVEMBER  9 2017......SUNRISE   659 AM CST   SUNSET   513 PM CST


-  INDICATES NEGATIVE NUMBERS.
R  INDICATES RECORD WAS SET OR TIED.
MM INDICATES DATA IS MISSING.
T  INDICATES TRACE AMOUNT.




$$
