000
CDUS43 KTOP 270633
CLITOP


CLIMATE REPORT
NATIONAL WEATHER SERVICE TOPEKA KS
1232 AM CST MON NOV 27 2017


...................................

...THE TOPEKA KS CLIMATE SUMMARY FOR NOVEMBER 26 2017...

CLIMATE NORMAL PERIOD 1981 TO 2010
CLIMATE RECORD PERIOD 1887 TO 2017


WEATHER ITEM   OBSERVED TIME   RECORD YEAR NORMAL DEPARTURE LAST
                VALUE   (LST)  VALUE       VALUE  FROM      YEAR
                                                  NORMAL
..................................................................
TEMPERATURE (F)
 YESTERDAY
  MAXIMUM         68    347 PM  77    1990  49     19       62
  MINIMUM         34    751 AM   7    1887  28      6       28
  AVERAGE         51                        38     13       45

PRECIPITATION (IN)
  YESTERDAY        0.00          1.35 2015   0.05  -0.05     0.00
  MONTH TO DATE    0.10                      1.63  -1.53     0.15
  SINCE SEP 1      4.82                      8.32  -3.50     9.25
  SINCE JAN 1     38.29                     34.89   3.40    42.14

SNOWFALL (IN)
  YESTERDAY        0.0           2.0  1975   0.1   -0.1      0.0
  MONTH TO DATE    T                         0.7   -0.7      0.0
  SINCE JAN 1      3.9                      12.3   -8.4      3.7
  SINCE JUL 1      0.4                       1.0   -0.6       T
  SNOW DEPTH       0

DEGREE DAYS
 HEATING
  YESTERDAY       14                        27    -13       20
  MONTH TO DATE  511                       526    -15      337
  SINCE SEP 1    766                       880   -114      493
  SINCE JUL 1    766                       882   -116      493

 COOLING
  YESTERDAY        0                         0      0        0
  MONTH TO DATE    0                         0      0       13
  SINCE SEP 1    283                       192     91      310
  SINCE JAN 1   1473                      1420     53     1711
..................................................................


WIND (MPH)
  HIGHEST WIND SPEED    20   HIGHEST WIND DIRECTION    SW (210)
  HIGHEST GUST SPEED    25   HIGHEST GUST DIRECTION     S (190)
  AVERAGE WIND SPEED     4.3


SKY COVER
  AVERAGE SKY COVER 0.2


WEATHER CONDITIONS
 THE FOLLOWING WEATHER WAS RECORDED YESTERDAY.
  NO SIGNIFICANT WEATHER WAS OBSERVED.


RELATIVE HUMIDITY (PERCENT)
 HIGHEST   100           500 AM
 LOWEST     22           200 PM
 AVERAGE    61

..........................................................


THE TOPEKA KS CLIMATE NORMALS FOR TODAY
                         NORMAL    RECORD    YEAR
 MAXIMUM TEMPERATURE (F)   48        71      1998
                                             1960
 MINIMUM TEMPERATURE (F)   28        -5      1887


SUNRISE AND SUNSET
NOVEMBER 27 2017......SUNRISE   719 AM CST   SUNSET   501 PM CST
NOVEMBER 28 2017......SUNRISE   720 AM CST   SUNSET   501 PM CST


-  INDICATES NEGATIVE NUMBERS.
R  INDICATES RECORD WAS SET OR TIED.
MM INDICATES DATA IS MISSING.
T  INDICATES TRACE AMOUNT.




$$
