000
CDUS43 KTOP 100632
CLITOP


CLIMATE REPORT
NATIONAL WEATHER SERVICE TOPEKA KS
132 AM CDT MON APR 10 2017


...................................

...THE TOPEKA KS CLIMATE SUMMARY FOR APRIL 9 2017...

CLIMATE NORMAL PERIOD 1981 TO 2010
CLIMATE RECORD PERIOD 1887 TO 2017


WEATHER ITEM   OBSERVED TIME   RECORD YEAR NORMAL DEPARTURE LAST
                VALUE   (LST)  VALUE       VALUE  FROM      YEAR
                                                  NORMAL
..................................................................
TEMPERATURE (F)
 YESTERDAY
  MAXIMUM         81    442 PM  93    1930  65     16       65
  MINIMUM         64    649 AM  23    2003  41     23       33
                                      1892
  AVERAGE         73                        53     20       49

PRECIPITATION (IN)
  YESTERDAY        0.00          2.07 1949   0.11  -0.11     0.00
  MONTH TO DATE    2.21                      0.93   1.28     0.15
  SINCE MAR 1      6.24                      3.42   2.82     2.45
  SINCE JAN 1      7.63                      5.60   2.03     3.72

SNOWFALL (IN)
  YESTERDAY        0.0           1.0  1956   0.0    0.0      0.0
  MONTH TO DATE    0.0                       0.2   -0.2      0.0
  SINCE JAN 1      3.5                      11.2   -7.7      3.7
  SINCE JUL 1      6.6                      17.7  -11.1      4.9
  SNOW DEPTH       0

DEGREE DAYS
 HEATING
  YESTERDAY        0                        13    -13       16
  MONTH TO DATE   95                       125    -30       98
  SINCE MAR 1    595                       753   -158      526
  SINCE JUL 1   3776                      4720   -944     3778

 COOLING
  YESTERDAY        8                         1      7        0
  MONTH TO DATE    8                         2      6        0
  SINCE MAR 1     17                         5     12        3
  SINCE JAN 1     17                         5     12        3
..................................................................


WIND (MPH)
  HIGHEST WIND SPEED    25   HIGHEST WIND DIRECTION     S (180)
  HIGHEST GUST SPEED    35   HIGHEST GUST DIRECTION     S (180)
  AVERAGE WIND SPEED    13.8


SKY COVER
  AVERAGE SKY COVER 0.0


WEATHER CONDITIONS
 THE FOLLOWING WEATHER WAS RECORDED YESTERDAY.
  NO SIGNIFICANT WEATHER WAS OBSERVED.


RELATIVE HUMIDITY (PERCENT)
 HIGHEST    87           600 AM
 LOWEST     54           200 PM
 AVERAGE    71

..........................................................


THE TOPEKA KS CLIMATE NORMALS FOR TODAY
                         NORMAL    RECORD    YEAR
 MAXIMUM TEMPERATURE (F)   65        92      1930
 MINIMUM TEMPERATURE (F)   41        25      1989


SUNRISE AND SUNSET
APRIL 10 2017.........SUNRISE   653 AM CDT   SUNSET   755 PM CDT
APRIL 11 2017.........SUNRISE   651 AM CDT   SUNSET   756 PM CDT


-  INDICATES NEGATIVE NUMBERS.
R  INDICATES RECORD WAS SET OR TIED.
MM INDICATES DATA IS MISSING.
T  INDICATES TRACE AMOUNT.




$$
