000
CDUS43 KTOP 200633
CLITOP


CLIMATE REPORT
NATIONAL WEATHER SERVICE TOPEKA KS
1233 AM CST MON NOV 20 2017


...................................

...THE TOPEKA KS CLIMATE SUMMARY FOR NOVEMBER 19 2017...

CLIMATE NORMAL PERIOD 1981 TO 2010
CLIMATE RECORD PERIOD 1887 TO 2017


WEATHER ITEM   OBSERVED TIME   RECORD YEAR NORMAL DEPARTURE LAST
                VALUE   (LST)  VALUE       VALUE  FROM      YEAR
                                                  NORMAL
..................................................................
TEMPERATURE (F)
 YESTERDAY
  MAXIMUM         58    346 PM  79    2007  53      5       47
                                      1942
  MINIMUM         25    750 AM   9    1914  31     -6       27
  AVERAGE         42                        42      0       37

PRECIPITATION (IN)
  YESTERDAY        0.00          1.96 1992   0.05  -0.05     0.00
  MONTH TO DATE    0.10                      1.26  -1.16     0.06
  SINCE SEP 1      4.82                      7.95  -3.13     9.16
  SINCE JAN 1     38.29                     34.52   3.77    42.05

SNOWFALL (IN)
  YESTERDAY        0.0           5.4  1906   0.1   -0.1      0.0
  MONTH TO DATE    T                         0.4   -0.4      0.0
  SINCE JAN 1      3.9                      12.0   -8.1      3.7
  SINCE JUL 1      0.4                       0.7   -0.3       T
  SNOW DEPTH       0

DEGREE DAYS
 HEATING
  YESTERDAY       23                        23      0       28
  MONTH TO DATE  396                       350     46      206
  SINCE SEP 1    651                       704    -53      362
  SINCE JUL 1    651                       706    -55      362

 COOLING
  YESTERDAY        0                         0      0        0
  MONTH TO DATE    0                         0      0       13
  SINCE SEP 1    283                       192     91      310
  SINCE JAN 1   1473                      1420     53     1711
..................................................................


WIND (MPH)
  HIGHEST WIND SPEED    17   HIGHEST WIND DIRECTION     S (200)
  HIGHEST GUST SPEED    24   HIGHEST GUST DIRECTION     S (200)
  AVERAGE WIND SPEED     6.5


SKY COVER
  AVERAGE SKY COVER 0.0


WEATHER CONDITIONS
 THE FOLLOWING WEATHER WAS RECORDED YESTERDAY.
  NO SIGNIFICANT WEATHER WAS OBSERVED.


RELATIVE HUMIDITY (PERCENT)
 HIGHEST    92           400 AM
 LOWEST     25           400 PM
 AVERAGE    59

..........................................................


THE TOPEKA KS CLIMATE NORMALS FOR TODAY
                         NORMAL    RECORD    YEAR
 MAXIMUM TEMPERATURE (F)   52        82      1897
 MINIMUM TEMPERATURE (F)   31        11      1937


SUNRISE AND SUNSET
NOVEMBER 20 2017......SUNRISE   711 AM CST   SUNSET   505 PM CST
NOVEMBER 21 2017......SUNRISE   712 AM CST   SUNSET   504 PM CST


-  INDICATES NEGATIVE NUMBERS.
R  INDICATES RECORD WAS SET OR TIED.
MM INDICATES DATA IS MISSING.
T  INDICATES TRACE AMOUNT.




$$
