000
CDUS43 KTOP 272135
CLITOP


CLIMATE REPORT
NATIONAL WEATHER SERVICE TOPEKA KS
434 PM CDT FRI MAY 27 2016


...................................

...THE TOPEKA KS CLIMATE SUMMARY FOR MAY 27 2016...
VALID TODAY AS OF 430 PM LOCAL TIME.

CLIMATE NORMAL PERIOD 1981 TO 2010
CLIMATE RECORD PERIOD 1887 TO 2016


WEATHER ITEM   OBSERVED TIME   RECORD YEAR NORMAL DEPARTURE LAST
                VALUE   (LST)  VALUE       VALUE  FROM      YEAR
                                                  NORMAL
..................................................................
TEMPERATURE (F)
 TODAY
  MAXIMUM         74    259 PM  92    2006  79     -5       81
  MINIMUM         59    443 AM  37    1907  58      1       56
  AVERAGE         67                        68     -1       69

PRECIPITATION (IN)
  TODAY            0.79          3.62 1935   0.16   0.63     0.00
  MONTH TO DATE    8.75                      4.28   4.47     9.01
  SINCE MAR 1     17.97                     10.30   7.67    12.18
  SINCE JAN 1     19.24                     12.48   6.76    14.17

SNOWFALL (IN)
  TODAY            0.0           0.0    MM   0.0    0.0      0.0
  MONTH TO DATE    T                         0.0    0.0      0.0
  SINCE JAN 1      3.7                      11.3   -7.6      7.9
  SINCE JUL 1      4.9                      17.8  -12.9     10.3
  SNOW DEPTH       0

DEGREE DAYS
 HEATING
  TODAY            0                         1     -1        0
  MONTH TO DATE  113                        93     20       87
  SINCE MAR 1    750                      1043   -293      868
  SINCE JUL 1   4002                      5010  -1008     4869

 COOLING
  TODAY            2                         5     -3        4
  MONTH TO DATE   49                        78    -29       68
  SINCE MAR 1     67                       106    -39       73
  SINCE JAN 1     67                       106    -39       73
..................................................................


WIND (MPH)
  HIGHEST WIND SPEED    21   HIGHEST WIND DIRECTION     W (270)
  HIGHEST GUST SPEED    29   HIGHEST GUST DIRECTION     W (270)
  AVERAGE WIND SPEED     8.2



WEATHER CONDITIONS
 THE FOLLOWING WEATHER WAS RECORDED TODAY.
  THUNDERSTORM
  HEAVY RAIN
  RAIN
  LIGHT RAIN
  FOG


RELATIVE HUMIDITY (PERCENT)
 HIGHEST   100           200 AM
 LOWEST     68          1200 PM
 AVERAGE    84

..........................................................


THE TOPEKA KS CLIMATE NORMALS FOR TOMORROW
                         NORMAL    RECORD    YEAR
 MAXIMUM TEMPERATURE (F)   80        93      2012
                                             1998
 MINIMUM TEMPERATURE (F)   58        36      1992


SUNRISE AND SUNSET
MAY 27 2016...........SUNRISE   601 AM CDT   SUNSET   839 PM CDT
MAY 28 2016...........SUNRISE   600 AM CDT   SUNSET   840 PM CDT


-  INDICATES NEGATIVE NUMBERS.
R  INDICATES RECORD WAS SET OR TIED.
MM INDICATES DATA IS MISSING.
T  INDICATES TRACE AMOUNT.




$$
